000
CDUS41 KLWX 230525
CLIBWI


CLIMATE REPORT
NATIONAL WEATHER SERVICE BALTIMORE MD/WASHINGTON DC
1223 AM EST FRI FEB 23 2018


...................................

...THE BALTIMORE MD CLIMATE SUMMARY FOR FEBRUARY 22 2018...

CLIMATE NORMAL PERIOD 1981 TO 2010
CLIMATE RECORD PERIOD 1871 TO 2018


WEATHER ITEM   OBSERVED TIME   RECORD YEAR NORMAL DEPARTURE LAST
                VALUE   (LST)  VALUE       VALUE  FROM      YEAR
                                                  NORMAL
..................................................................
TEMPERATURE (F)
 YESTERDAY
  MAXIMUM         67   1208 AM  74    1874  47     20       62
  MINIMUM         41   1159 PM   7    1963  28     13       43
  AVERAGE         54                        37     17       53

PRECIPITATION (IN)
  YESTERDAY        0.07          2.30 2003   0.11  -0.04     0.00
  MONTH TO DATE    4.69                      2.27   2.42     0.46
  SINCE DEC 1      6.64                      8.69  -2.05     5.92
  SINCE JAN 1      5.69                      5.32   0.37     3.15

SNOWFALL (IN)
  YESTERDAY        0.0           4.0  1987   0.2   -0.2
  MONTH TO DATE    2.2                       6.7   -4.5
  SINCE JUL 1      8.7                      16.9   -8.2
  SNOW DEPTH       0

DEGREE DAYS
 HEATING
  YESTERDAY       11                        28    -17       12
  MONTH TO DATE  528                       657   -129      496
  SINCE DEC 1   2450                      2529    -79     2112
  SINCE JUL 1   3197                      3433   -236     2811

 COOLING
  YESTERDAY        0                         0      0        0
  MONTH TO DATE    1                         0      1        0
  SINCE DEC 1      1                         0      1        0
  SINCE JAN 1      1                         0      1        0
..................................................................


WIND (MPH)
  HIGHEST WIND SPEED    21   HIGHEST WIND DIRECTION     E (70)
  HIGHEST GUST SPEED    26   HIGHEST GUST DIRECTION     E (70)
  AVERAGE WIND SPEED    11.7


SKY COVER
  POSSIBLE SUNSHINE  MM
  AVERAGE SKY COVER 1.0


WEATHER CONDITIONS
 THE FOLLOWING WEATHER WAS RECORDED YESTERDAY.
  LIGHT RAIN
  FOG


RELATIVE HUMIDITY (PERCENT)
 HIGHEST   100           300 PM
 LOWEST     46           600 AM
 AVERAGE    73

..........................................................


THE BALTIMORE MD CLIMATE NORMALS FOR TODAY
                         NORMAL    RECORD    YEAR
 MAXIMUM TEMPERATURE (F)   47        78      1874
 MINIMUM TEMPERATURE (F)   28         5      1963


SUNRISE AND SUNSET
FEBRUARY 23 2018......SUNRISE   648 AM EST   SUNSET   553 PM EST
FEBRUARY 24 2018......SUNRISE   646 AM EST   SUNSET   554 PM EST


-  INDICATES NEGATIVE NUMBERS.
R  INDICATES RECORD WAS SET OR TIED.
MM INDICATES DATA IS MISSING.
T  INDICATES TRACE AMOUNT.




$$
