000
CDUS41 KLWX 300528
CLIBWI


CLIMATE REPORT
NATIONAL WEATHER SERVICE BALTIMORE MD/WASHINGTON DC
1227 AM EST FRI JAN 30 2015


...................................

...THE BALTIMORE MD CLIMATE SUMMARY FOR JANUARY 29 2015...

CLIMATE NORMAL PERIOD 1981 TO 2010
CLIMATE RECORD PERIOD 1870 TO 2015


WEATHER ITEM   OBSERVED TIME   RECORD YEAR NORMAL DEPARTURE LAST
                VALUE   (LST)  VALUE       VALUE  FROM      YEAR
                                                  NORMAL
..................................................................
TEMPERATURE (F)
 YESTERDAY
  MAXIMUM         35   1134 PM  75    1975  42     -7       22
  MINIMUM         17    723 AM  -7    1963  25     -8        9
  AVERAGE         26                        33     -7       16

PRECIPITATION (IN)
  YESTERDAY        0.07          1.31 1939   0.10  -0.03     0.03
  MONTH TO DATE    3.89                      2.84   1.05     2.71
  SINCE DEC 1      7.47                      6.21   1.26     7.98
  SINCE JAN 1      3.89                      2.84   1.05     2.71

SNOWFALL (IN)
  YESTERDAY        T             9.1  1966   0.3   -0.3
  MONTH TO DATE    5.9                       6.2   -0.3
  SINCE JUL 1      6.4                       9.6   -3.2
  SNOW DEPTH       0

DEGREE DAYS
 HEATING
  YESTERDAY       39                        32      7       49
  MONTH TO DATE  977                       928     49     1077
  SINCE DEC 1   1746                      1805    -59     1860
  SINCE JUL 1   2638                      2709    -71     2785

 COOLING
  YESTERDAY        0                         0      0        0
  MONTH TO DATE    0                         0      0        0
  SINCE DEC 1      0                         0      0        2
  SINCE JAN 1      0                         0      0        0
..................................................................


WIND (MPH)
  HIGHEST WIND SPEED    10   HIGHEST WIND DIRECTION    SE (140)
  HIGHEST GUST SPEED    16   HIGHEST GUST DIRECTION     S (160)
  AVERAGE WIND SPEED     3.5


SKY COVER
  POSSIBLE SUNSHINE  MM
  AVERAGE SKY COVER 0.7


WEATHER CONDITIONS
 THE FOLLOWING WEATHER WAS RECORDED YESTERDAY.
  MIXED PRECIP
  RAIN
  LT FREEZING RAIN
  SNOW
  LIGHT SNOW
  SLEET
  FOG


RELATIVE HUMIDITY (PERCENT)
 HIGHEST    85           800 PM
 LOWEST     39           100 PM
 AVERAGE    62

..........................................................


THE BALTIMORE MD CLIMATE NORMALS FOR TODAY
                         NORMAL    RECORD    YEAR
 MAXIMUM TEMPERATURE (F)   42        72      1914
 MINIMUM TEMPERATURE (F)   25        -4      1873


SUNRISE AND SUNSET
JANUARY 30 2015.......SUNRISE   715 AM EST   SUNSET   525 PM EST
JANUARY 31 2015.......SUNRISE   715 AM EST   SUNSET   526 PM EST


-  INDICATES NEGATIVE NUMBERS.
R  INDICATES RECORD WAS SET OR TIED.
MM INDICATES DATA IS MISSING.
T  INDICATES TRACE AMOUNT.




$$
