000
CDUS41 KLWX 060522
CLIBWI


CLIMATE REPORT
NATIONAL WEATHER SERVICE BALTIMORE MD/WASHINGTON DC
122 AM EDT FRI MAY 6 2016


...................................

...THE BALTIMORE MD CLIMATE SUMMARY FOR MAY 5 2016...

CLIMATE NORMAL PERIOD 1981 TO 2010
CLIMATE RECORD PERIOD 1870 TO 2016


WEATHER ITEM   OBSERVED TIME   RECORD YEAR NORMAL DEPARTURE LAST
                VALUE   (LST)  VALUE       VALUE  FROM      YEAR
                                                  NORMAL
..................................................................
TEMPERATURE (F)
 YESTERDAY
  MAXIMUM         56    502 PM  92    1930  71    -15       85
  MINIMUM         49    332 AM  34    1966  49      0       61
  AVERAGE         53                        60     -7       73

PRECIPITATION (IN)
  YESTERDAY        0.03          1.67 1989   0.12  -0.09     0.01
  MONTH TO DATE    1.21                      0.58   0.63     0.01
  SINCE MAR 1      4.62                      7.67  -3.05     8.98
  SINCE JAN 1     13.82                     13.62   0.20    15.11

SNOWFALL (IN)
  YESTERDAY        0.0          MM      MM   0.0    0.0
  MONTH TO DATE    0.0                       0.0    0.0
  SINCE JUL 1     35.1                      20.1   15.0
  SNOW DEPTH       0

DEGREE DAYS
 HEATING
  YESTERDAY       12                         6      6        0
  MONTH TO DATE   42                        34      8       19
  SINCE MAR 1    846                      1054   -208     1106
  SINCE JUL 1   3867                      4649   -782     4921

 COOLING
  YESTERDAY        0                         1     -1        8
  MONTH TO DATE    0                         5     -5       10
  SINCE MAR 1     27                        19      8       15
  SINCE JAN 1     27                        19      8       15
..................................................................


WIND (MPH)
  HIGHEST WIND SPEED    15   HIGHEST WIND DIRECTION    NE (30)
  HIGHEST GUST SPEED    19   HIGHEST GUST DIRECTION    NE (40)
  AVERAGE WIND SPEED     7.2


SKY COVER
  POSSIBLE SUNSHINE  MM
  AVERAGE SKY COVER 0.9


WEATHER CONDITIONS
 THE FOLLOWING WEATHER WAS RECORDED YESTERDAY.
  LIGHT RAIN
  FOG


RELATIVE HUMIDITY (PERCENT)
 HIGHEST    93           200 AM
 LOWEST     72           500 PM
 AVERAGE    83

..........................................................


THE BALTIMORE MD CLIMATE NORMALS FOR TODAY
                         NORMAL    RECORD    YEAR
 MAXIMUM TEMPERATURE (F)   71        92      1949
 MINIMUM TEMPERATURE (F)   49        40      2011
                                             1925
                                             1891


SUNRISE AND SUNSET
MAY  6 2016...........SUNRISE   602 AM EDT   SUNSET   805 PM EDT
MAY  7 2016...........SUNRISE   601 AM EDT   SUNSET   806 PM EDT


-  INDICATES NEGATIVE NUMBERS.
R  INDICATES RECORD WAS SET OR TIED.
MM INDICATES DATA IS MISSING.
T  INDICATES TRACE AMOUNT.




$$
