000
CDUS41 KLWX 250552
CLIBWI


CLIMATE REPORT
NATIONAL WEATHER SERVICE BALTIMORE MD/WASHINGTON DC
1251 AM EST THU DEC 25 2014


...................................

...THE BALTIMORE MD CLIMATE SUMMARY FOR DECEMBER 24 2014...

CLIMATE NORMAL PERIOD 1981 TO 2010
CLIMATE RECORD PERIOD 1870 TO 2014


WEATHER ITEM   OBSERVED TIME   RECORD YEAR NORMAL DEPARTURE LAST
                VALUE   (LST)  VALUE       VALUE  FROM      YEAR
                                                  NORMAL
..................................................................
TEMPERATURE (F)
 YESTERDAY
  MAXIMUM         61   1159 PM  65    1990  43     18       40
                                      1982
  MINIMUM         46    613 AM   4    1983  26     20       23
  AVERAGE         54                        35     19       32

PRECIPITATION (IN)
  YESTERDAY        0.85          2.49 1986   0.11   0.74      T
  MONTH TO DATE    3.43                      2.69   0.74     4.18
  SINCE DEC 1      3.43                      2.69   0.74     4.18
  SINCE JAN 1     52.43                     41.20  11.23    41.84

SNOWFALL (IN)
  YESTERDAY        0.0           8.4  1966   0.1   -0.1
  MONTH TO DATE    0.2                       2.1   -1.9
  SINCE JUL 1      0.5                       2.5   -2.0
  SNOW DEPTH       0

DEGREE DAYS
 HEATING
  YESTERDAY       11                        30    -19       33
  MONTH TO DATE  597                       660    -63      581
  SINCE DEC 1    597                       660    -63      581
  SINCE JUL 1   1489                      1564    -75     1506

 COOLING
  YESTERDAY        0                         0      0        0
  MONTH TO DATE    0                         0      0        2
  SINCE DEC 1      0                         0      0        2
  SINCE JAN 1   1084                      1164    -80     1341
..................................................................


WIND (MPH)
  HIGHEST WIND SPEED    13   HIGHEST WIND DIRECTION    SW (220)
  HIGHEST GUST SPEED    21   HIGHEST GUST DIRECTION     S (190)
  AVERAGE WIND SPEED     3.9


SKY COVER
  POSSIBLE SUNSHINE  MM
  AVERAGE SKY COVER 1.0


WEATHER CONDITIONS
 THE FOLLOWING WEATHER WAS RECORDED YESTERDAY.
  RAIN
  LIGHT RAIN
  FOG
  FOG W/VISIBILITY <= 1/4 MILE


RELATIVE HUMIDITY (PERCENT)
 HIGHEST   100          1200 AM
 LOWEST     93           200 AM
 AVERAGE    97

..........................................................


THE BALTIMORE MD CLIMATE NORMALS FOR TODAY
                         NORMAL    RECORD    YEAR
 MAXIMUM TEMPERATURE (F)   43        72      1964
 MINIMUM TEMPERATURE (F)   26         0      1983


SUNRISE AND SUNSET
DECEMBER 25 2014......SUNRISE   724 AM EST   SUNSET   449 PM EST
DECEMBER 26 2014......SUNRISE   725 AM EST   SUNSET   450 PM EST


-  INDICATES NEGATIVE NUMBERS.
R  INDICATES RECORD WAS SET OR TIED.
MM INDICATES DATA IS MISSING.
T  INDICATES TRACE AMOUNT.




$$
