000
CDUS41 KLWX 290525
CLIBWI


CLIMATE REPORT
NATIONAL WEATHER SERVICE BALTIMORE MD/WASHINGTON DC
125 AM EDT WED MAR 29 2017


...................................

...THE BALTIMORE MD CLIMATE SUMMARY FOR MARCH 28 2017...

CLIMATE NORMAL PERIOD 1981 TO 2010
CLIMATE RECORD PERIOD 1870 TO 2017


WEATHER ITEM   OBSERVED TIME   RECORD YEAR NORMAL DEPARTURE LAST
                VALUE   (LST)  VALUE       VALUE  FROM      YEAR
                                                  NORMAL
..................................................................
TEMPERATURE (F)
 YESTERDAY
  MAXIMUM         70    356 PM  87    1945  58     12       68
  MINIMUM         52    312 AM  21    1982  37     15       46
  AVERAGE         61                        47     14       57

PRECIPITATION (IN)
  YESTERDAY        0.30          1.83 2005   0.13   0.17     0.28
  MONTH TO DATE    2.37                      3.50  -1.13     2.10
  SINCE MAR 1      2.37                      3.50  -1.13     2.10
  SINCE JAN 1      6.52                      9.45  -2.93    11.30

SNOWFALL (IN)
  YESTERDAY        0.0           0.2  1956   0.0    0.0
  MONTH TO DATE    2.3                       1.9    0.4
  SINCE JUL 1      3.0                      20.1  -17.1
  SNOW DEPTH       0

DEGREE DAYS
 HEATING
  YESTERDAY        4                        18    -14        8
  MONTH TO DATE  601                       616    -15      420
  SINCE MAR 1    601                       616    -15      420
  SINCE JUL 1   3492                      4211   -719     3441

 COOLING
  YESTERDAY        0                         0      0        0
  MONTH TO DATE    0                         0      0        4
  SINCE MAR 1      0                         0      0        4
  SINCE JAN 1      0                         0      0        4
..................................................................


WIND (MPH)
  HIGHEST WIND SPEED    15   HIGHEST WIND DIRECTION    NW (310)
  HIGHEST GUST SPEED    23   HIGHEST GUST DIRECTION    NW (310)
  AVERAGE WIND SPEED     5.1


SKY COVER
  POSSIBLE SUNSHINE  MM
  AVERAGE SKY COVER 0.8


WEATHER CONDITIONS
 THE FOLLOWING WEATHER WAS RECORDED YESTERDAY.
  THUNDERSTORM
  HEAVY RAIN
  RAIN
  LIGHT RAIN
  FOG


RELATIVE HUMIDITY (PERCENT)
 HIGHEST   100          1200 AM
 LOWEST     63           300 PM
 AVERAGE    82

..........................................................


THE BALTIMORE MD CLIMATE NORMALS FOR TODAY
                         NORMAL    RECORD    YEAR
 MAXIMUM TEMPERATURE (F)   58        90      1945
 MINIMUM TEMPERATURE (F)   37        18      1923


SUNRISE AND SUNSET
MARCH 29 2017.........SUNRISE   655 AM EDT   SUNSET   728 PM EDT
MARCH 30 2017.........SUNRISE   654 AM EDT   SUNSET   729 PM EDT


-  INDICATES NEGATIVE NUMBERS.
R  INDICATES RECORD WAS SET OR TIED.
MM INDICATES DATA IS MISSING.
T  INDICATES TRACE AMOUNT.




$$
