370
CDUS45 KRIW 230735
CLIBYG


CLIMATE REPORT
NATIONAL WEATHER SERVICE RIVERTON WY
1235 AM MST TUE JAN 23 2018


...................................

...THE BUFFALO WY CLIMATE SUMMARY FOR JANUARY 22 2018...

CLIMATE NORMAL PERIOD 1981 TO 2010
CLIMATE RECORD PERIOD 1998 TO 2018


WEATHER ITEM   OBSERVED TIME   RECORD YEAR NORMAL DEPARTURE LAST
                VALUE   (LST)  VALUE       VALUE  FROM      YEAR
                                                  NORMAL
..................................................................
TEMPERATURE (F)
 YESTERDAY
  MAXIMUM         40    109 PM  55    2005  38      2       36
  MINIMUM         19    617 AM  -9    2008  17      2       21
  AVERAGE         30                        28      2       29

PRECIPITATION (IN)
  YESTERDAY        0.00          0.06 2002   0.02  -0.02     0.00
  MONTH TO DATE    0.08                      0.28  -0.20     0.05
  SINCE DEC 1      0.40                      0.68  -0.28     0.30
  SINCE JAN 1      0.08                      0.28  -0.20     0.05

DEGREE DAYS
 HEATING
  YESTERDAY       35                        37     -2       36
  MONTH TO DATE  778                       820    -42      980
  SINCE DEC 1   1952                      2033    -81     2401
  SINCE JUL 1   3614                      3867   -253     3583

 COOLING
  YESTERDAY        0                         0      0        0
  MONTH TO DATE    0                         0      0        0
  SINCE DEC 1      0                         0      0        0
  SINCE JAN 1      0                         0      0        0
..................................................................


WIND (MPH)
  HIGHEST WIND SPEED    14   HIGHEST WIND DIRECTION     N (10)
  HIGHEST GUST SPEED    17   HIGHEST GUST DIRECTION     N (10)
  AVERAGE WIND SPEED     5.7


SKY COVER
  POSSIBLE SUNSHINE  MM
  AVERAGE SKY COVER 0.2


WEATHER CONDITIONS
 THE FOLLOWING WEATHER WAS RECORDED YESTERDAY.
  NO SIGNIFICANT WEATHER WAS OBSERVED.


RELATIVE HUMIDITY (PERCENT)
 HIGHEST    68           700 PM
 LOWEST     27           100 PM
 AVERAGE    48

..........................................................


THE BUFFALO WY CLIMATE NORMALS FOR TODAY
                         NORMAL    RECORD    YEAR
 MAXIMUM TEMPERATURE (F)   38        63      2005
 MINIMUM TEMPERATURE (F)   17         1      2009


SUNRISE AND SUNSET
JANUARY 23 2018.......SUNRISE   734 AM MST   SUNSET   504 PM MST
JANUARY 24 2018.......SUNRISE   733 AM MST   SUNSET   505 PM MST


-  INDICATES NEGATIVE NUMBERS.
R  INDICATES RECORD WAS SET OR TIED.
MM INDICATES DATA IS MISSING.
T  INDICATES TRACE AMOUNT.




$$
