625
CDUS45 KRIW 190727
CLIBYG


CLIMATE REPORT
NATIONAL WEATHER SERVICE RIVERTON WY
127 AM MDT SAT AUG 19 2017


...................................

...THE BUFFALO WY CLIMATE SUMMARY FOR AUGUST 18 2017...

CLIMATE NORMAL PERIOD 1981 TO 2010
CLIMATE RECORD PERIOD 1998 TO 2017


WEATHER ITEM   OBSERVED TIME   RECORD YEAR NORMAL DEPARTURE LAST
                VALUE   (LST)  VALUE       VALUE  FROM      YEAR
                                                  NORMAL
..................................................................
TEMPERATURE (F)
 YESTERDAY
  MAXIMUM         89    421 PM  94    2010  84      5       74
                                      2001
  MINIMUM         57    351 AM  43    2015  56      1       54
  AVERAGE         73                        70      3       64

PRECIPITATION (IN)
  YESTERDAY        0.00          0.27 2016   0.03  -0.03     0.27
  MONTH TO DATE    0.43                      0.55  -0.12     0.39
  SINCE JUN 1      3.54                      4.49  -0.95     1.27
  SINCE JAN 1     11.82                     10.01   1.81     6.19

DEGREE DAYS
 HEATING
  YESTERDAY        0                         1     -1        1
  MONTH TO DATE   22                        18      4        1
  SINCE JUN 1    120                       206    -86       17
  SINCE JUL 1     22                        43    -21        2

 COOLING
  YESTERDAY        8                         6      2        0
  MONTH TO DATE   43                       125    -82      128
  SINCE JUN 1    408                       379     29      524
  SINCE JAN 1    419                       386     33      529
..................................................................


WIND (MPH)
  HIGHEST WIND SPEED    12   HIGHEST WIND DIRECTION     N (20)
  HIGHEST GUST SPEED    16   HIGHEST GUST DIRECTION    SE (120)
  AVERAGE WIND SPEED     6.7


SKY COVER
  POSSIBLE SUNSHINE  MM
  AVERAGE SKY COVER 0.0


WEATHER CONDITIONS
 THE FOLLOWING WEATHER WAS RECORDED YESTERDAY.
  NO SIGNIFICANT WEATHER WAS OBSERVED.


RELATIVE HUMIDITY (PERCENT)
 HIGHEST    40           500 AM
 LOWEST     12           300 PM
 AVERAGE    26

..........................................................


THE BUFFALO WY CLIMATE NORMALS FOR TODAY
                         NORMAL    RECORD    YEAR
 MAXIMUM TEMPERATURE (F)   84        95      2008
                                             1999
 MINIMUM TEMPERATURE (F)   55        41      2015


SUNRISE AND SUNSET
AUGUST 19 2017........SUNRISE   615 AM MDT   SUNSET   805 PM MDT
AUGUST 20 2017........SUNRISE   616 AM MDT   SUNSET   803 PM MDT


-  INDICATES NEGATIVE NUMBERS.
R  INDICATES RECORD WAS SET OR TIED.
MM INDICATES DATA IS MISSING.
T  INDICATES TRACE AMOUNT.




$$
