000
CDUS45 KRIW 290739
CLIBYG


CLIMATE REPORT
NATIONAL WEATHER SERVICE RIVERTON WY
137 AM MDT THU SEP 29 2016


...................................

...THE BUFFALO WY CLIMATE SUMMARY FOR SEPTEMBER 28 2016...

CLIMATE NORMAL PERIOD 1981 TO 2010
CLIMATE RECORD PERIOD 1998 TO 2016


WEATHER ITEM   OBSERVED TIME   RECORD YEAR NORMAL DEPARTURE LAST
                VALUE   (LST)  VALUE       VALUE  FROM      YEAR
                                                  NORMAL
..................................................................
TEMPERATURE (F)
 YESTERDAY
  MAXIMUM         74   1038 AM  91    2001  65      9       67
  MINIMUM         55    624 AM  28    1999  40     15       45
  AVERAGE         65                        52     13       56

PRECIPITATION (IN)
  YESTERDAY        0.00          0.08 2012   0.06  -0.06     0.00
                                      2012
                                      2014
  MONTH TO DATE    3.24                      1.19   2.05     0.11
  SINCE SEP 1      3.24                      1.19   2.05     0.11
  SINCE JAN 1      9.56                     11.46  -1.90    12.52

DEGREE DAYS
 HEATING
  YESTERDAY        0                        13    -13        9
  MONTH TO DATE  172                       221    -49       66
  SINCE SEP 1    172                       221    -49       66
  SINCE JUL 1    211                       286    -75      145

 COOLING
  YESTERDAY        0                         0      0        0
  MONTH TO DATE   32                        44    -12      107
  SINCE SEP 1     32                        44    -12      107
  SINCE JAN 1    626                       490    136      550
..................................................................


WIND (MPH)
  HIGHEST WIND SPEED    26   HIGHEST WIND DIRECTION     S (170)
  HIGHEST GUST SPEED    33   HIGHEST GUST DIRECTION     S (180)
  AVERAGE WIND SPEED     5.5


SKY COVER
  POSSIBLE SUNSHINE  MM
  AVERAGE SKY COVER 0.0


WEATHER CONDITIONS
 THE FOLLOWING WEATHER WAS RECORDED YESTERDAY.
  NO SIGNIFICANT WEATHER WAS OBSERVED.


RELATIVE HUMIDITY (PERCENT)
 HIGHEST    51           100 AM
 LOWEST     31          1000 AM
 AVERAGE    41

..........................................................


THE BUFFALO WY CLIMATE NORMALS FOR TODAY
                         NORMAL    RECORD    YEAR
 MAXIMUM TEMPERATURE (F)   64        88      2009
 MINIMUM TEMPERATURE (F)   39        29      1999


SUNRISE AND SUNSET
SEPTEMBER 29 2016.....SUNRISE   703 AM MDT   SUNSET   650 PM MDT
SEPTEMBER 30 2016.....SUNRISE   704 AM MDT   SUNSET   648 PM MDT


-  INDICATES NEGATIVE NUMBERS.
R  INDICATES RECORD WAS SET OR TIED.
MM INDICATES DATA IS MISSING.
T  INDICATES TRACE AMOUNT.




$$
