000
CDUS45 KRIW 310743
CLIBYG


CLIMATE REPORT
NATIONAL WEATHER SERVICE RIVERTON WY
128 AM MDT TUE MAY 31 2016


...................................

...THE BUFFALO WY CLIMATE SUMMARY FOR MAY 30 2016...

CLIMATE NORMAL PERIOD 1981 TO 2010
CLIMATE RECORD PERIOD 1998 TO 2016


WEATHER ITEM   OBSERVED TIME   RECORD YEAR NORMAL DEPARTURE LAST
                VALUE   (LST)  VALUE       VALUE  FROM      YEAR
                                                  NORMAL
..................................................................
TEMPERATURE (F)
 YESTERDAY
  MAXIMUM         66    310 AM  83    2002  67     -1       77
  MINIMUM         42   1155 PM  36    2010  44     -2       40
  AVERAGE         54                        55     -1       59

PRECIPITATION (IN)
  YESTERDAY        0.07          0.59 2005   0.09  -0.02      T
  MONTH TO DATE    1.51                      2.45  -0.94     5.75
  SINCE MAR 1      4.33                      4.67  -0.34     6.61
  SINCE JAN 1      4.92                      5.44  -0.52     7.25

DEGREE DAYS
 HEATING
  YESTERDAY       11                        10      1        6
  MONTH TO DATE  338                       400    -62      473
  SINCE MAR 1   1492                      2004   -512     1728
  SINCE JUL 1   5883                      7244  -1361     6424

 COOLING
  YESTERDAY        0                         0      0        0
  MONTH TO DATE    4                         0      4        0
  SINCE MAR 1      5                         0      5        0
  SINCE JAN 1      5                         0      5        0
..................................................................


WIND (MPH)
  HIGHEST WIND SPEED    37   HIGHEST WIND DIRECTION    NW (330)
  HIGHEST GUST SPEED    48   HIGHEST GUST DIRECTION    NW (330)
  AVERAGE WIND SPEED    13.8


SKY COVER
  POSSIBLE SUNSHINE  MM
  AVERAGE SKY COVER 0.7


WEATHER CONDITIONS
 THE FOLLOWING WEATHER WAS RECORDED YESTERDAY.
  LIGHT RAIN


RELATIVE HUMIDITY (PERCENT)
 HIGHEST    82          1000 PM
 LOWEST     31           200 AM
 AVERAGE    57

..........................................................


THE BUFFALO WY CLIMATE NORMALS FOR TODAY
                         NORMAL    RECORD    YEAR
 MAXIMUM TEMPERATURE (F)   68        80      2014
 MINIMUM TEMPERATURE (F)   44        35      2005


SUNRISE AND SUNSET
MAY 31 2016...........SUNRISE   526 AM MDT   SUNSET   844 PM MDT
JUNE  1 2016..........SUNRISE   525 AM MDT   SUNSET   845 PM MDT


-  INDICATES NEGATIVE NUMBERS.
R  INDICATES RECORD WAS SET OR TIED.
MM INDICATES DATA IS MISSING.
T  INDICATES TRACE AMOUNT.




$$
