000
CDUS45 KRIW 230732
CLIBYG


CLIMATE REPORT
NATIONAL WEATHER SERVICE RIVERTON WY
131 AM MDT MON OCT 23 2017


...................................

...THE BUFFALO WY CLIMATE SUMMARY FOR OCTOBER 22 2017...

CLIMATE NORMAL PERIOD 1981 TO 2010
CLIMATE RECORD PERIOD 1998 TO 2017


WEATHER ITEM   OBSERVED TIME   RECORD YEAR NORMAL DEPARTURE LAST
                VALUE   (LST)  VALUE       VALUE  FROM      YEAR
                                                  NORMAL
..................................................................
TEMPERATURE (F)
 YESTERDAY
  MAXIMUM         68    345 PM  78    2003  56     12       71
  MINIMUM         31    250 AM  16    2002  33     -2       38
  AVERAGE         50                        44      6       55

PRECIPITATION (IN)
  YESTERDAY        T             0.09 2002   0.03  -0.03     0.00
  MONTH TO DATE    0.24                      0.80  -0.56     1.56
  SINCE SEP 1      2.03                      2.11  -0.08     4.80
  SINCE JAN 1     13.93                     12.38   1.55    11.12

DEGREE DAYS
 HEATING
  YESTERDAY       15                        21     -6       10
  MONTH TO DATE  325                       390    -65      339
  SINCE SEP 1    602                       639    -37      511
  SINCE JUL 1    624                       704    -80      550

 COOLING
  YESTERDAY        0                         0      0        0
  MONTH TO DATE    0                         0      0        2
  SINCE SEP 1     90                        45     45       38
  SINCE JAN 1    622                       491    131      632
..................................................................


WIND (MPH)
  HIGHEST WIND SPEED    40   HIGHEST WIND DIRECTION     N (350)
  HIGHEST GUST SPEED    55   HIGHEST GUST DIRECTION     N (350)
  AVERAGE WIND SPEED    12.3


SKY COVER
  POSSIBLE SUNSHINE  MM
  AVERAGE SKY COVER 0.3


WEATHER CONDITIONS
 THE FOLLOWING WEATHER WAS RECORDED YESTERDAY.
  LIGHT RAIN


RELATIVE HUMIDITY (PERCENT)
 HIGHEST    58          1000 PM
 LOWEST     19          1100 AM
 AVERAGE    39

..........................................................


THE BUFFALO WY CLIMATE NORMALS FOR TODAY
                         NORMAL    RECORD    YEAR
 MAXIMUM TEMPERATURE (F)   56        76      2003
 MINIMUM TEMPERATURE (F)   32        17      2002


SUNRISE AND SUNSET
OCTOBER 23 2017.......SUNRISE   733 AM MDT   SUNSET   609 PM MDT
OCTOBER 24 2017.......SUNRISE   734 AM MDT   SUNSET   607 PM MDT


-  INDICATES NEGATIVE NUMBERS.
R  INDICATES RECORD WAS SET OR TIED.
MM INDICATES DATA IS MISSING.
T  INDICATES TRACE AMOUNT.




$$
