000
CDUS45 KRIW 210730
CLIBYG


CLIMATE REPORT
NATIONAL WEATHER SERVICE RIVERTON WY
1229 AM MST TUE FEB 21 2017


...................................

...THE BUFFALO WY CLIMATE SUMMARY FOR FEBRUARY 20 2017...

CLIMATE NORMAL PERIOD 1981 TO 2010
CLIMATE RECORD PERIOD 1998 TO 2017


WEATHER ITEM   OBSERVED TIME   RECORD YEAR NORMAL DEPARTURE LAST
                VALUE   (LST)  VALUE       VALUE  FROM      YEAR
                                                  NORMAL
..................................................................
TEMPERATURE (F)
 YESTERDAY
  MAXIMUM         62R   246 PM  52    2000  39     23       46
  MINIMUM         32    513 AM  -3    2011  18     14       30
  AVERAGE         47                        28     19       38

PRECIPITATION (IN)
  YESTERDAY        0.00          0.15 2015   0.01  -0.01     0.00
  MONTH TO DATE    0.16                      0.25  -0.09     0.45
  SINCE DEC 1      0.51                      1.07  -0.56     0.68
  SINCE JAN 1      0.26                      0.67  -0.41     0.58

DEGREE DAYS
 HEATING
  YESTERDAY       18                        36    -18       27
  MONTH TO DATE  621                       750   -129      567
  SINCE DEC 1   3366                      3123    243     2724
  SINCE JUL 1   4548                      4957   -409     4153

 COOLING
  YESTERDAY        0                         0      0        0
  MONTH TO DATE    0                         0      0        0
  SINCE DEC 1      0                         0      0        0
  SINCE JAN 1      0                         0      0        0
..................................................................


WIND (MPH)
  HIGHEST WIND SPEED    46   HIGHEST WIND DIRECTION    SW (240)
  HIGHEST GUST SPEED    59   HIGHEST GUST DIRECTION    SW (240)
  AVERAGE WIND SPEED    13.0


SKY COVER
  POSSIBLE SUNSHINE  MM
  AVERAGE SKY COVER 0.1


WEATHER CONDITIONS
 THE FOLLOWING WEATHER WAS RECORDED YESTERDAY.
  NO SIGNIFICANT WEATHER WAS OBSERVED.


RELATIVE HUMIDITY (PERCENT)
 HIGHEST    82          1200 AM
 LOWEST     19           200 PM
 AVERAGE    51

..........................................................


THE BUFFALO WY CLIMATE NORMALS FOR TODAY
                         NORMAL    RECORD    YEAR
 MAXIMUM TEMPERATURE (F)   39        60      2000
 MINIMUM TEMPERATURE (F)   18        -3      2011


SUNRISE AND SUNSET
FEBRUARY 21 2017......SUNRISE   657 AM MST   SUNSET   545 PM MST
FEBRUARY 22 2017......SUNRISE   655 AM MST   SUNSET   546 PM MST


-  INDICATES NEGATIVE NUMBERS.
R  INDICATES RECORD WAS SET OR TIED.
MM INDICATES DATA IS MISSING.
T  INDICATES TRACE AMOUNT.




$$
