000
CDUS45 KPIH 250733
CLIBYI


CLIMATE REPORT
NATIONAL WEATHER SERVICE POCATELLO ID
131 AM MDT SUN JUN 25 2017


...................................

...THE BURLEY ID CLIMATE SUMMARY FOR JUNE 24 2017...

CLIMATE NORMAL PERIOD 1981 TO 2010
CLIMATE RECORD PERIOD 1948 TO 2017


WEATHER ITEM   OBSERVED TIME   RECORD YEAR NORMAL DEPARTURE LAST
                VALUE   (LST)  VALUE       VALUE  FROM      YEAR
                                                  NORMAL
..................................................................
TEMPERATURE (F)
 YESTERDAY
  MAXIMUM         82    502 PM  99    1990  79      3       72
  MINIMUM         45    426 AM  37    1976  50     -5       48
  AVERAGE         64                        64      0       60

PRECIPITATION (IN)
  YESTERDAY        0.00          0.27 1963   0.02  -0.02     0.00
  MONTH TO DATE    0.72                      0.78  -0.06     0.03
  SINCE OCT 1     13.13                      8.80   4.33     7.93
  SINCE JAN 1      8.34                      5.97   2.37     5.13

SNOWFALL (IN)
  YESTERDAY       MM
  MONTH TO DATE   MM
  SINCE JUN 1     MM
  SINCE JUL 1     MM
  SNOW DEPTH      MM

DEGREE DAYS
 HEATING
  YESTERDAY        1                         3     -2        5
  MONTH TO DATE   72                       122    -50       45
  SINCE JUN 1     72                       122    -50       45
  SINCE JUL 1   6314                      6853   -539     5953

 COOLING
  YESTERDAY        0                         2     -2        0
  MONTH TO DATE   49                        32     17       68
  SINCE JUN 1     49                        32     17       68
  SINCE JAN 1     54                        38     16       72
..................................................................


WIND (MPH)
  HIGHEST WIND SPEED    13   HIGHEST WIND DIRECTION     W (260)
  HIGHEST GUST SPEED    16   HIGHEST GUST DIRECTION     W (250)
  AVERAGE WIND SPEED     5.4


SKY COVER
  POSSIBLE SUNSHINE  MM
  AVERAGE SKY COVER 0.0


WEATHER CONDITIONS
 THE FOLLOWING WEATHER WAS RECORDED YESTERDAY.
  NO SIGNIFICANT WEATHER WAS OBSERVED.


RELATIVE HUMIDITY (PERCENT)
 HIGHEST    71           400 AM
 LOWEST     16           400 PM
 AVERAGE    44

..........................................................


THE BURLEY ID CLIMATE NORMALS FOR TODAY
                         NORMAL    RECORD    YEAR
 MAXIMUM TEMPERATURE (F)   80       101      1988
 MINIMUM TEMPERATURE (F)   50        31      1966


SUNRISE AND SUNSET
JUNE 25 2017..........SUNRISE   559 AM MDT   SUNSET   917 PM MDT
JUNE 26 2017..........SUNRISE   559 AM MDT   SUNSET   917 PM MDT


-  INDICATES NEGATIVE NUMBERS.
R  INDICATES RECORD WAS SET OR TIED.
MM INDICATES DATA IS MISSING.
T  INDICATES TRACE AMOUNT.




$$
