000
CDUS45 KPIH 160730
CLIBYI


CLIMATE REPORT
NATIONAL WEATHER SERVICE POCATELLO ID
128 AM MDT WED AUG 16 2017


...................................

...THE BURLEY ID CLIMATE SUMMARY FOR AUGUST 15 2017...

CLIMATE NORMAL PERIOD 1981 TO 2010
CLIMATE RECORD PERIOD 1948 TO 2017


WEATHER ITEM   OBSERVED TIME   RECORD YEAR NORMAL DEPARTURE LAST
                VALUE   (LST)  VALUE       VALUE  FROM      YEAR
                                                  NORMAL
..................................................................
TEMPERATURE (F)
 YESTERDAY
  MAXIMUM         79    312 PM 100    1962  85     -6       89
  MINIMUM         48    604 AM  40    1974  52     -4       51
  AVERAGE         64                        69     -5       70

PRECIPITATION (IN)
  YESTERDAY        0.00          0.38 1976   0.01  -0.01     0.00
  MONTH TO DATE    0.07                      0.17  -0.10     0.02
  SINCE OCT 1     13.26                      9.36   3.90     8.19
  SINCE JAN 1      8.47                      6.53   1.94     5.39

SNOWFALL (IN)
  YESTERDAY       MM
  MONTH TO DATE   MM
  SINCE JUN 1     MM
  SINCE JUL 1     MM
  SNOW DEPTH      MM

DEGREE DAYS
 HEATING
  YESTERDAY        1                         1      0        0
  MONTH TO DATE    6                         8     -2       10
  SINCE JUN 1     83                       164    -81       86
  SINCE JUL 1      6                        30    -24       36

 COOLING
  YESTERDAY        0                         4     -4        5
  MONTH TO DATE   94                        81     13       48
  SINCE JUN 1    446                       288    158      285
  SINCE JAN 1    451                       294    157      289
..................................................................


WIND (MPH)
  HIGHEST WIND SPEED    12   HIGHEST WIND DIRECTION     S (200)
  HIGHEST GUST SPEED    14   HIGHEST GUST DIRECTION     S (180)
  AVERAGE WIND SPEED     4.5


SKY COVER
  POSSIBLE SUNSHINE  MM
  AVERAGE SKY COVER 0.0


WEATHER CONDITIONS
 THE FOLLOWING WEATHER WAS RECORDED YESTERDAY.
  HAZE


RELATIVE HUMIDITY (PERCENT)
 HIGHEST    93           500 AM
 LOWEST     17           500 PM
 AVERAGE    55

..........................................................


THE BURLEY ID CLIMATE NORMALS FOR TODAY
                         NORMAL    RECORD    YEAR
 MAXIMUM TEMPERATURE (F)   85        99      1996
 MINIMUM TEMPERATURE (F)   52        41      1974


SUNRISE AND SUNSET
AUGUST 16 2017........SUNRISE   643 AM MDT   SUNSET   834 PM MDT
AUGUST 17 2017........SUNRISE   644 AM MDT   SUNSET   833 PM MDT


-  INDICATES NEGATIVE NUMBERS.
R  INDICATES RECORD WAS SET OR TIED.
MM INDICATES DATA IS MISSING.
T  INDICATES TRACE AMOUNT.




$$
