000
CDUS45 KPIH 010735
CLIBYI


CLIMATE REPORT
NATIONAL WEATHER SERVICE POCATELLO ID
132 AM MDT SAT NOV 1 2014


...................................

...THE BURLEY ID CLIMATE SUMMARY FOR OCTOBER 31 2014...

CLIMATE NORMAL PERIOD 1981 TO 2010
CLIMATE RECORD PERIOD 1948 TO 2014


WEATHER ITEM   OBSERVED TIME   RECORD YEAR NORMAL DEPARTURE LAST
                VALUE   (LST)  VALUE       VALUE  FROM      YEAR
                                                  NORMAL
..................................................................
TEMPERATURE (F)
 YESTERDAY
  MAXIMUM         65    309 PM  76    2012  54     11       52
  MINIMUM         40    258 AM  11    2002  31      9       36
  AVERAGE         53                        42     11       44

PRECIPITATION (IN)
  YESTERDAY        0.00          0.42 1956   0.03  -0.03      T
  MONTH TO DATE    0.12                      0.76  -0.64     0.25
  SINCE OCT 1      0.12                      0.76  -0.64     0.25
  SINCE JAN 1     10.04                      8.07   1.97     4.33

SNOWFALL (IN)
  YESTERDAY       MM
  MONTH TO DATE   MM
  SINCE SEP 1     MM
  SINCE JUL 1     MM
  SNOW DEPTH      MM

DEGREE DAYS
 HEATING
  YESTERDAY       12                        23    -11       21
  MONTH TO DATE  378                       539   -161      606
  SINCE SEP 1    503                       751   -248      749
  SINCE JUL 1    533                       808   -275      749

 COOLING
  YESTERDAY        0                         0      0        0
  MONTH TO DATE    0                         0      0        0
  SINCE SEP 1     27                        21      6       54
  SINCE JAN 1    428                       365     63      642
..................................................................


WIND (MPH)
  HIGHEST WIND SPEED    10   HIGHEST WIND DIRECTION     S (170)
  HIGHEST GUST SPEED    14   HIGHEST GUST DIRECTION     S (170)
  AVERAGE WIND SPEED     3.5


SKY COVER
  POSSIBLE SUNSHINE  MM
  AVERAGE SKY COVER 0.0


WEATHER CONDITIONS
 THE FOLLOWING WEATHER WAS RECORDED YESTERDAY.
  NO SIGNIFICANT WEATHER WAS OBSERVED.


RELATIVE HUMIDITY (PERCENT)
 HIGHEST    70           300 AM
 LOWEST     28           100 PM
 AVERAGE    49

..........................................................


THE BURLEY ID CLIMATE NORMALS FOR TODAY
                         NORMAL    RECORD    YEAR
 MAXIMUM TEMPERATURE (F)   53        72      2001
 MINIMUM TEMPERATURE (F)   30         8      2002


SUNRISE AND SUNSET
NOVEMBER  1 2014......SUNRISE   809 AM MDT   SUNSET   628 PM MDT
NOVEMBER  2 2014......SUNRISE   710 AM MST   SUNSET   527 PM MST


-  INDICATES NEGATIVE NUMBERS.
R  INDICATES RECORD WAS SET OR TIED.
MM INDICATES DATA IS MISSING.
T  INDICATES TRACE AMOUNT.




$$
