000
CDUS45 KPIH 170730
CLIBYI


CLIMATE REPORT
NATIONAL WEATHER SERVICE POCATELLO ID
1230 AM MST WED JAN 17 2018


...................................

...THE BURLEY ID CLIMATE SUMMARY FOR JANUARY 16 2018...

CLIMATE NORMAL PERIOD 1981 TO 2010
CLIMATE RECORD PERIOD 1948 TO 2018


WEATHER ITEM   OBSERVED TIME   RECORD YEAR NORMAL DEPARTURE LAST
                VALUE   (LST)  VALUE       VALUE  FROM      YEAR
                                                  NORMAL
..................................................................
TEMPERATURE (F)
 YESTERDAY
  MAXIMUM         46    324 PM  60    1974  35     11       21
  MINIMUM         30    850 AM -14    1949  19     11        8
  AVERAGE         38                        27     11       15

PRECIPITATION (IN)
  YESTERDAY        0.00          0.55 1950   0.03  -0.03      T
  MONTH TO DATE    1.08                      0.51   0.57     1.29
  SINCE OCT 1      2.70                      3.34  -0.64     6.08
  SINCE JAN 1      1.08                      0.51   0.57     1.29

SNOWFALL (IN)
  YESTERDAY       MM
  MONTH TO DATE   MM
  SINCE DEC 1     MM
  SINCE JUL 1     MM
  SNOW DEPTH      MM

DEGREE DAYS
 HEATING
  YESTERDAY       27                        38    -11       50
  MONTH TO DATE  464                       620   -156      732
  SINCE DEC 1   1497                      1812   -315     1979
  SINCE JUL 1   3051                      3500   -449     3377

 COOLING
  YESTERDAY        0                         0      0        0
  MONTH TO DATE    0                         0      0        0
  SINCE DEC 1      0                         0      0        0
  SINCE JAN 1      0                         0      0        0
..................................................................


WIND (MPH)
  HIGHEST WIND SPEED    21   HIGHEST WIND DIRECTION    NE (60)
  HIGHEST GUST SPEED    24   HIGHEST GUST DIRECTION     E (80)
  AVERAGE WIND SPEED    10.4


SKY COVER
  POSSIBLE SUNSHINE  MM
  AVERAGE SKY COVER 0.4


WEATHER CONDITIONS
 THE FOLLOWING WEATHER WAS RECORDED YESTERDAY.
  NO SIGNIFICANT WEATHER WAS OBSERVED.


RELATIVE HUMIDITY (PERCENT)
 HIGHEST    78           200 AM
 LOWEST     53          1200 PM
 AVERAGE    66

..........................................................


THE BURLEY ID CLIMATE NORMALS FOR TODAY
                         NORMAL    RECORD    YEAR
 MAXIMUM TEMPERATURE (F)   35        55      1961
 MINIMUM TEMPERATURE (F)   19       -20      1984


SUNRISE AND SUNSET
JANUARY 17 2018.......SUNRISE   801 AM MST   SUNSET   530 PM MST
JANUARY 18 2018.......SUNRISE   800 AM MST   SUNSET   531 PM MST


-  INDICATES NEGATIVE NUMBERS.
R  INDICATES RECORD WAS SET OR TIED.
MM INDICATES DATA IS MISSING.
T  INDICATES TRACE AMOUNT.




$$
