594
CDUS45 KTFX 082330
CLIBZN


CLIMATE REPORT
NATIONAL WEATHER SERVICE GREAT FALLS MT
430 PM MST MON FEB 8 2016


...................................

...THE BOZEMAN/GALLATIN FIELD MT CLIMATE SUMMARY FOR FEBRUARY 8 2016...
VALID TODAY AS OF 0400 PM LOCAL TIME.

CLIMATE NORMAL PERIOD 1981 TO 2010
CLIMATE RECORD PERIOD 1935 TO 2016


WEATHER ITEM   OBSERVED TIME   RECORD YEAR NORMAL DEPARTURE LAST
                VALUE   (LST)  VALUE       VALUE  FROM      YEAR
                                                  NORMAL
..................................................................
TEMPERATURE (F)
 TODAY
  MAXIMUM         40    357 PM  58    2015  38      2       58
  MINIMUM         21    825 AM -45    1936  14      7       33
  AVERAGE         31                        26      5       46

PRECIPITATION (IN)
  TODAY            0.00          0.33 1938   0.02  -0.02     0.00
  MONTH TO DATE    T                         0.11  -0.11     0.04
  SINCE OCT 1      3.21                      2.97   0.24     2.19
  SINCE JAN 1      0.36                      0.59  -0.23     0.26

SNOWFALL (IN)
  TODAY            0.0           3.4  1943   0.2   -0.2      0.0
  MONTH TO DATE    T                         1.3   -1.3      0.4
  SINCE DEC 1     17.0                      11.3    5.7     13.3
  SINCE JUL 1     23.6                      18.7    4.9     28.9

DEGREE DAYS
 HEATING
  TODAY           34                        39     -5       19
  MONTH TO DATE  356                       318     38      219
  SINCE DEC 1   3107                      2959    148     2763
  SINCE JUL 1   5071                      4840    231     4890

 COOLING
  TODAY            0                         0      0        0
  MONTH TO DATE    0                         0      0        0
  SINCE DEC 1      0                         0      0        0
  SINCE JAN 1      0                         0      0        0
..................................................................


WIND (MPH)
  HIGHEST WIND SPEED     8   HIGHEST WIND DIRECTION    NW (320)
  HIGHEST GUST SPEED    14   HIGHEST GUST DIRECTION     W (280)
  AVERAGE WIND SPEED     3.0


SKY COVER
  AVERAGE SKY COVER 0.7


WEATHER CONDITIONS
 THE FOLLOWING WEATHER WAS RECORDED TODAY.
  NO SIGNIFICANT WEATHER WAS OBSERVED.


RELATIVE HUMIDITY (PERCENT)
 HIGHEST    85           300 AM
 LOWEST     64           400 PM
 AVERAGE    75

..........................................................


THE BOZEMAN/GALLATIN FIELD MT CLIMATE NORMALS FOR TOMORROW
                         NORMAL    RECORD    YEAR
 MAXIMUM TEMPERATURE (F)   38        57      1996
 MINIMUM TEMPERATURE (F)   14       -27      1973


SUNRISE AND SUNSET
FEBRUARY  8 2016......SUNRISE   738 AM MST   SUNSET   540 PM MST
FEBRUARY  9 2016......SUNRISE   736 AM MST   SUNSET   542 PM MST


-  INDICATES NEGATIVE NUMBERS.
R  INDICATES RECORD WAS SET OR TIED.
MM INDICATES DATA IS MISSING.
T  INDICATES TRACE AMOUNT.




$$
