000
CDUS45 KTFX 042230
CLIBZN


CLIMATE REPORT
NATIONAL WEATHER SERVICE GREAT FALLS MT
430 PM MDT WED MAY 4 2016


...................................

...THE BOZEMAN/GALLATIN FIELD MT CLIMATE SUMMARY FOR MAY 4 2016...
VALID TODAY AS OF 0400 PM LOCAL TIME.

CLIMATE NORMAL PERIOD 1981 TO 2010
CLIMATE RECORD PERIOD 1935 TO 2016


WEATHER ITEM   OBSERVED TIME   RECORD YEAR NORMAL DEPARTURE LAST
                VALUE   (LST)  VALUE       VALUE  FROM      YEAR
                                                  NORMAL
..................................................................
TEMPERATURE (F)
 TODAY
  MAXIMUM         81    145 PM  84    1966  65     16       73
  MINIMUM         36    445 AM  21    2002  36      0       33
                                      1967
  AVERAGE         59                        50      9       53

PRECIPITATION (IN)
  TODAY            0.00          0.81 1993   0.06  -0.06     0.00
  MONTH TO DATE    0.00                      0.25  -0.25     0.00
  SINCE OCT 1      5.24                      6.08  -0.84     4.56
  SINCE JAN 1      2.39                      3.70  -1.31     2.63

SNOWFALL (IN)
  TODAY            0.0           2.7  1975   0.1   -0.1      0.0
  MONTH TO DATE    0.0                       0.5   -0.5      0.0
  SINCE MAR 1      2.1                      15.7  -13.6      7.0
  SINCE JUL 1     25.7                      38.0  -12.3     37.4

DEGREE DAYS
 HEATING
  TODAY            6                        15     -9       12
  MONTH TO DATE   51                        61    -10       50
  SINCE MAR 1   1425                      1542   -117     1492
  SINCE JUL 1   7110                      7122    -12     7074

 COOLING
  TODAY            0                         0      0        0
  MONTH TO DATE    0                         0      0        0
  SINCE MAR 1      0                         0      0        0
  SINCE JAN 1      0                         0      0        0
..................................................................


WIND (MPH)
  HIGHEST WIND SPEED    21   HIGHEST WIND DIRECTION    SW (220)
  HIGHEST GUST SPEED    26   HIGHEST GUST DIRECTION    SW (210)
  AVERAGE WIND SPEED     5.9


SKY COVER
  AVERAGE SKY COVER 0.0


WEATHER CONDITIONS
 THE FOLLOWING WEATHER WAS RECORDED TODAY.
  NO SIGNIFICANT WEATHER WAS OBSERVED.


RELATIVE HUMIDITY (PERCENT)
 HIGHEST    82           400 AM
 LOWEST     15           200 PM
 AVERAGE    49

..........................................................


THE BOZEMAN/GALLATIN FIELD MT CLIMATE NORMALS FOR TOMORROW
                         NORMAL    RECORD    YEAR
 MAXIMUM TEMPERATURE (F)   65        84      1966
 MINIMUM TEMPERATURE (F)   36        19      2010


SUNRISE AND SUNSET
MAY  4 2016...........SUNRISE   607 AM MDT   SUNSET   837 PM MDT
MAY  5 2016...........SUNRISE   605 AM MDT   SUNSET   838 PM MDT


-  INDICATES NEGATIVE NUMBERS.
R  INDICATES RECORD WAS SET OR TIED.
MM INDICATES DATA IS MISSING.
T  INDICATES TRACE AMOUNT.




$$
