000
CDUS45 KTFX 260929
CLIBZN


CLIMATE REPORT
NATIONAL WEATHER SERVICE GREAT FALLS MT
328 AM MDT WED APR 26 2017


...................................

...THE BOZEMAN/GALLATIN FIELD MT CLIMATE SUMMARY FOR APRIL 25 2017...

CLIMATE NORMAL PERIOD 1981 TO 2010
CLIMATE RECORD PERIOD 1935 TO 2017


WEATHER ITEM   OBSERVED TIME   RECORD YEAR NORMAL DEPARTURE LAST
                VALUE   (LST)  VALUE       VALUE  FROM      YEAR
                                                  NORMAL
..................................................................
TEMPERATURE (F)
 YESTERDAY
  MAXIMUM         52    510 PM  83    1946  62    -10       53
  MINIMUM         37   1154 PM  16    2002  33      4       39
  AVERAGE         45                        48     -3       46

PRECIPITATION (IN)
  YESTERDAY        0.11          0.59 1973   0.06   0.05     0.02
  MONTH TO DATE    1.66                      1.29   0.37     0.69
  SINCE OCT 1      6.84                      5.52   1.32     5.09
  SINCE JAN 1      3.51                      3.14   0.37     2.24

SNOWFALL (IN)
  YESTERDAY        0.0           2.2  1988   0.2   -0.2      0.0
  MONTH TO DATE    2.5                       6.7   -4.2       T
  SINCE MAR 1      4.3                      14.4  -10.1      2.1
  SINCE JUL 1     43.5                      36.7    6.8     25.7
  SNOW DEPTH       0

DEGREE DAYS
 HEATING
  YESTERDAY       20                        17      3       19
  MONTH TO DATE  543                       515     28      436
  SINCE MAR 1   1257                      1399   -142     1261
  SINCE JUL 1   7450                      6979    471     6946

 COOLING
  YESTERDAY        0                         0      0        0
  MONTH TO DATE    0                         0      0        0
  SINCE MAR 1      0                         0      0        0
  SINCE JAN 1      0                         0      0        0
..................................................................


WIND (MPH)
  HIGHEST WIND SPEED    16   HIGHEST WIND DIRECTION     N (10)
  HIGHEST GUST SPEED    23   HIGHEST GUST DIRECTION     N (360)
  AVERAGE WIND SPEED     5.9


SKY COVER
  AVERAGE SKY COVER 0.8


WEATHER CONDITIONS
 THE FOLLOWING WEATHER WAS RECORDED YESTERDAY.
  THUNDERSTORM
  LIGHT RAIN
  FOG


RELATIVE HUMIDITY (PERCENT)
 HIGHEST    92
 LOWEST     54
 AVERAGE    73

..........................................................


THE BOZEMAN/GALLATIN FIELD MT CLIMATE NORMALS FOR TODAY
                         NORMAL    RECORD    YEAR
 MAXIMUM TEMPERATURE (F)   62        81      1946
 MINIMUM TEMPERATURE (F)   33        21      1998


SUNRISE AND SUNSET
APRIL 26 2017.........SUNRISE   619 AM MDT   SUNSET   826 PM MDT
APRIL 27 2017.........SUNRISE   618 AM MDT   SUNSET   827 PM MDT


-  INDICATES NEGATIVE NUMBERS.
R  INDICATES RECORD WAS SET OR TIED.
MM INDICATES DATA IS MISSING.
T  INDICATES TRACE AMOUNT.




$$
