000
CDUS45 KTFX 190758
CLIBZN


CLIMATE REPORT
NATIONAL WEATHER SERVICE GREAT FALLS MT
156 AM MDT FRI SEP 19 2014


...................................

...THE BOZEMAN/GALLATIN FIELD MT CLIMATE SUMMARY FOR SEPTEMBER 18 2014...

CLIMATE NORMAL PERIOD 1981 TO 2010
CLIMATE RECORD PERIOD 1935 TO 2014


WEATHER ITEM   OBSERVED TIME   RECORD YEAR NORMAL DEPARTURE
                VALUE   (LST)  VALUE       VALUE  FROM
                                                  NORMAL
...............................................................
TEMPERATURE (F)
 YESTERDAY
  MAXIMUM         69    543 PM  90    2009  74     -5
                                      1981
  MINIMUM         49    315 AM  21    1971  40      9
  AVERAGE         59                        57      2

PRECIPITATION (IN)
  YESTERDAY        0.13          0.84 1976   0.04   0.09
  MONTH TO DATE    0.40                      0.63  -0.23
  SINCE OCT 1     13.76                     13.51   0.25
  SINCE JAN 1     12.71                     11.13   1.58

SNOWFALL (IN)
  YESTERDAY        0.0           1.0  1947   0.0    0.0
  MONTH TO DATE    T                         0.1   -0.1
  SINCE SEP 1      T                         0.1   -0.1
  SINCE JUL 1      T                         0.1   -0.1
  SNOW DEPTH       0

DEGREE DAYS
 HEATING
  YESTERDAY        6                               -3
  MONTH TO DATE  213                              107
  SINCE SEP 1    213                              107
  SINCE JUL 1    299                              126

 COOLING
  YESTERDAY        0                                0
  MONTH TO DATE    0                              -20
  SINCE SEP 1      0                              -20
  SINCE JAN 1    182                             -184
...............................................................


WIND (MPH)
  HIGHEST WIND SPEED    16   HIGHEST WIND DIRECTION     W (290)
  HIGHEST GUST SPEED    20   HIGHEST GUST DIRECTION     S (190)
  AVERAGE WIND SPEED     6.6



WEATHER CONDITIONS
 THE FOLLOWING WEATHER WAS RECORDED YESTERDAY.
  LIGHT RAIN
  FOG


RELATIVE HUMIDITY (PERCENT)
 HIGHEST    93
 LOWEST     68
 AVERAGE    81

..........................................................


THE BOZEMAN/GALLATIN FIELD MT CLIMATE NORMALS FOR TODAY
                         NORMAL    RECORD    YEAR
 MAXIMUM TEMPERATURE (F)   73        94      2009
 MINIMUM TEMPERATURE (F)   39        21      1943


SUNRISE AND SUNSET
SEPTEMBER 19 2014.....SUNRISE   708 AM MDT   SUNSET   728 PM MDT
SEPTEMBER 20 2014.....SUNRISE   709 AM MDT   SUNSET   726 PM MDT


-  INDICATES NEGATIVE NUMBERS.
R  INDICATES RECORD WAS SET OR TIED.
MM INDICATES DATA IS MISSING.
T  INDICATES TRACE AMOUNT.




$$
