000
CDUS45 KTFX 221010
CLIBZN


CLIMATE REPORT
NATIONAL WEATHER SERVICE GREAT FALLS MT
407 AM MDT FRI MAY 22 2015


...................................

...THE BOZEMAN/GALLATIN FIELD MT CLIMATE SUMMARY FOR MAY 21 2015...

CLIMATE NORMAL PERIOD 1981 TO 2010
CLIMATE RECORD PERIOD 1935 TO 2015


WEATHER ITEM   OBSERVED TIME   RECORD YEAR NORMAL DEPARTURE LAST
                VALUE   (LST)  VALUE       VALUE  FROM      YEAR
                                                  NORMAL
..................................................................
TEMPERATURE (F)
 YESTERDAY
  MAXIMUM         67    132 PM  88    1980  70     -3       74
  MINIMUM         39    125 AM  22    2001  41     -2       37
  AVERAGE         53                        55     -2       56

PRECIPITATION (IN)
  YESTERDAY        0.08          1.58 1952   0.08   0.00     0.00
  MONTH TO DATE    1.69                      1.52   0.17     1.52
  SINCE OCT 1      6.25                      7.35  -1.10     5.95
  SINCE JAN 1      4.32                      4.97  -0.65     4.90

SNOWFALL (IN)
  YESTERDAY        0.0           2.0  1957   0.1   -0.1      0.0
  MONTH TO DATE    0.0                       2.0   -2.0       T
  SINCE MAR 1      7.0                      17.2  -10.2      7.3
  SINCE JUL 1     37.4                      39.5   -2.1     32.3
  SNOW DEPTH       0

DEGREE DAYS
 HEATING
  YESTERDAY       12                        10      2        9
  MONTH TO DATE  348                       268     80      354
  SINCE MAR 1   1790                      1749     41     1997
  SINCE JUL 1   7372                      7329     43     8012

 COOLING
  YESTERDAY        0                         0      0        0
  MONTH TO DATE    0                         0      0        0
  SINCE MAR 1      0                         0      0        0
  SINCE JAN 1      0                         0      0        0
..................................................................


WIND (MPH)
  HIGHEST WIND SPEED    22   HIGHEST WIND DIRECTION    SE (130)
  HIGHEST GUST SPEED    26   HIGHEST GUST DIRECTION     S (160)
  AVERAGE WIND SPEED     6.9


SKY COVER
  AVERAGE SKY COVER 0.4


WEATHER CONDITIONS
 THE FOLLOWING WEATHER WAS RECORDED YESTERDAY.
  LIGHT RAIN
  HAZE


RELATIVE HUMIDITY (PERCENT)
 HIGHEST    85
 LOWEST     42
 AVERAGE    64

..........................................................


THE BOZEMAN/GALLATIN FIELD MT CLIMATE NORMALS FOR TODAY
                         NORMAL    RECORD    YEAR
 MAXIMUM TEMPERATURE (F)   70        87      1980
 MINIMUM TEMPERATURE (F)   41        27      1984


SUNRISE AND SUNSET
MAY 22 2015...........SUNRISE   546 AM MDT   SUNSET   857 PM MDT
MAY 23 2015...........SUNRISE   545 AM MDT   SUNSET   858 PM MDT


-  INDICATES NEGATIVE NUMBERS.
R  INDICATES RECORD WAS SET OR TIED.
MM INDICATES DATA IS MISSING.
T  INDICATES TRACE AMOUNT.




$$
