000
CDUS42 KCAE 240626
CLICAE


CLIMATE REPORT
NATIONAL WEATHER SERVICE COLUMBIA SC
125 AM EST MON NOV 24 2014


...................................

...THE COLUMBIA METRO AIRPORT SC CLIMATE SUMMARY FOR NOVEMBER 23 2014...

CLIMATE NORMAL PERIOD 1981 TO 2010
CLIMATE RECORD PERIOD 1887 TO 2014


WEATHER ITEM   OBSERVED TIME   RECORD YEAR NORMAL DEPARTURE LAST
                VALUE   (LST)  VALUE       VALUE  FROM      YEAR
                                                  NORMAL
..................................................................
TEMPERATURE (F)
 YESTERDAY
  MAXIMUM         69    930 PM  85    1900  65      4       67
  MINIMUM         48    422 AM  20    1976  40      8       51
  AVERAGE         59                        53      6       59

PRECIPITATION (IN)
  YESTERDAY        2.12R         1.95 1942   0.10   2.02     0.14
  MONTH TO DATE    3.34                      2.06   1.28     1.43
  SINCE SEP 1      9.20                      8.77   0.43     5.45
  SINCE JAN 1     37.28                     40.69  -3.41    48.96

SNOWFALL (IN)
  YESTERDAY        0.0          MM      MM   0.0             0.0
  MONTH TO DATE    T                         0.0              T
  SINCE SEP 1      T                         0.0              T
  SINCE JUL 1      T                         0.0              T

DEGREE DAYS
 HEATING
  YESTERDAY        6                        13     -7        6
  MONTH TO DATE  339                       223    116      219
  SINCE SEP 1    410                       343     67      290
  SINCE JUL 1    410                       343     67      290

 COOLING
  YESTERDAY        0                         0      0        0
  MONTH TO DATE    4                        14    -10       14
  SINCE SEP 1    497                       398     99      479
  SINCE JAN 1   2531                      2166    365     2172
..................................................................


WIND (MPH)
  HIGHEST WIND SPEED    20   HIGHEST WIND DIRECTION     S (170)
  HIGHEST GUST SPEED    26   HIGHEST GUST DIRECTION     S (190)
  AVERAGE WIND SPEED     8.2


SKY COVER
  AVERAGE SKY COVER 1.0


WEATHER CONDITIONS
 THE FOLLOWING WEATHER WAS RECORDED YESTERDAY.
  THUNDERSTORM
  HEAVY RAIN
  RAIN
  LIGHT RAIN
  FOG


RELATIVE HUMIDITY (PERCENT)
 HIGHEST   100           200 PM
 LOWEST     59          1200 AM
 AVERAGE    80

..........................................................


THE COLUMBIA METRO AIRPORT SC CLIMATE NORMALS FOR TODAY
                         NORMAL    RECORD    YEAR
 MAXIMUM TEMPERATURE (F)   65        83      1973
 MINIMUM TEMPERATURE (F)   40        16      1970


SUNRISE AND SUNSET
NOVEMBER 24 2014......SUNRISE   705 AM EST   SUNSET   517 PM EST
NOVEMBER 25 2014......SUNRISE   706 AM EST   SUNSET   517 PM EST


-  INDICATES NEGATIVE NUMBERS.
R  INDICATES RECORD WAS SET OR TIED.
MM INDICATES DATA IS MISSING.
T  INDICATES TRACE AMOUNT.




$$
