000
CDUS42 KCAE 262238
CLICAE


CLIMATE REPORT
NATIONAL WEATHER SERVICE COLUMBIA SC
538 PM EST SUN FEB 26 2017


...................................

...THE COLUMBIA METRO AIRPORT SC CLIMATE SUMMARY FOR FEBRUARY 26 2017...
VALID TODAY AS OF 0500 PM LOCAL TIME.

CLIMATE NORMAL PERIOD 1981 TO 2010
CLIMATE RECORD PERIOD 1887 TO 2017


WEATHER ITEM   OBSERVED TIME   RECORD YEAR NORMAL DEPARTURE LAST
                VALUE   (LST)  VALUE       VALUE  FROM      YEAR
                                                  NORMAL
..................................................................
TEMPERATURE (F)
 TODAY
  MAXIMUM         64    356 PM  84    1996  63      1       57
                                      1977
  MINIMUM         35    734 AM   9    1967  39     -4       33
  AVERAGE         50                        51     -1       45

PRECIPITATION (IN)
  TODAY            0.00          3.29 1939   0.13  -0.13     0.00
  MONTH TO DATE    1.60                      3.35  -1.75     4.69
  SINCE DEC 1     11.99                     10.15   1.84    13.08
  SINCE JAN 1      8.64                      6.93   1.71     6.63

SNOWFALL (IN)
  TODAY            0.0           0.8  1982   0.0             0.0
  MONTH TO DATE    0.0                       0.5              T
  SINCE DEC 1      0.1                       1.4              T
  SINCE JUL 1      0.1                       1.4              T

DEGREE DAYS
 HEATING
  TODAY           15                        14      1       20
  MONTH TO DATE  213                       436   -223      421
  SINCE DEC 1   1027                      1631   -604     1253
  SINCE JUL 1   1329                      2072   -743     1523

 COOLING
  TODAY            0                         0      0        0
  MONTH TO DATE   11                         0     11        4
  SINCE DEC 1     18                         4     14       63
  SINCE JAN 1     15                         1     14        4
..................................................................


WIND (MPH)
  HIGHEST WIND SPEED    12   HIGHEST WIND DIRECTION     W (280)
  HIGHEST GUST SPEED    14   HIGHEST GUST DIRECTION     W (280)
  AVERAGE WIND SPEED     4.2


SKY COVER
  AVERAGE SKY COVER 0.0


WEATHER CONDITIONS
 THE FOLLOWING WEATHER WAS RECORDED TODAY.
  NO SIGNIFICANT WEATHER WAS OBSERVED.


RELATIVE HUMIDITY (PERCENT)
 HIGHEST    70           700 AM
 LOWEST     17           300 PM
 AVERAGE    44

..........................................................


THE COLUMBIA METRO AIRPORT SC CLIMATE NORMALS FOR TOMORROW
                         NORMAL    RECORD    YEAR
 MAXIMUM TEMPERATURE (F)   63        84      1997
 MINIMUM TEMPERATURE (F)   39        17      1968


SUNRISE AND SUNSET
FEBRUARY 26 2017......SUNRISE   656 AM EST   SUNSET   619 PM EST
FEBRUARY 27 2017......SUNRISE   655 AM EST   SUNSET   619 PM EST


-  INDICATES NEGATIVE NUMBERS.
R  INDICATES RECORD WAS SET OR TIED.
MM INDICATES DATA IS MISSING.
T  INDICATES TRACE AMOUNT.




$$
