000
CDUS42 KCAE 052236
CLICAE


CLIMATE REPORT
NATIONAL WEATHER SERVICE COLUMBIA SC
536 PM EST FRI FEB 5 2016


...................................

...THE COLUMBIA METRO AIRPORT SC CLIMATE SUMMARY FOR FEBRUARY 5 2016...
VALID TODAY AS OF 0500 PM LOCAL TIME.

CLIMATE NORMAL PERIOD 1981 TO 2010
CLIMATE RECORD PERIOD 1887 TO 2016


WEATHER ITEM   OBSERVED TIME   RECORD YEAR NORMAL DEPARTURE LAST
                VALUE   (LST)  VALUE       VALUE  FROM      YEAR
                                                  NORMAL
..................................................................
TEMPERATURE (F)
 TODAY
  MAXIMUM         53    359 PM  82    2008  58     -5       60
  MINIMUM         41    749 AM  13    1980  35      6       36
                                      1917
  AVERAGE         47                        47      0       48

PRECIPITATION (IN)
  TODAY            T             2.68 1985   0.12  -0.12     0.01
  MONTH TO DATE    1.68                      0.62   1.06     0.65
  SINCE DEC 1     10.07                      7.42   2.65     7.15
  SINCE JAN 1      3.62                      4.20  -0.58     3.25

SNOWFALL (IN)
  TODAY           MM            MM      MM   0.0             0.0
  MONTH TO DATE    0.0                       0.1             0.0
  SINCE DEC 1      T                         1.0             0.0
  SINCE JUL 1      T                         1.0              T

DEGREE DAYS
 HEATING
  TODAY           18                        18      0       17
  MONTH TO DATE   32                        93    -61       96
  SINCE DEC 1    864                      1288   -424     1174
  SINCE JUL 1   1134                      1729   -595     1679

 COOLING
  TODAY            0                         0      0        0
  MONTH TO DATE    4                         0      4        0
  SINCE DEC 1     63                         4     59        0
  SINCE JAN 1      4                         1      3        0
..................................................................


WIND (MPH)
  HIGHEST WIND SPEED    20   HIGHEST WIND DIRECTION    NW (320)
  HIGHEST GUST SPEED    27   HIGHEST GUST DIRECTION    NW (320)
  AVERAGE WIND SPEED     9.7


SKY COVER
  AVERAGE SKY COVER 0.3


WEATHER CONDITIONS
 THE FOLLOWING WEATHER WAS RECORDED TODAY.
  LIGHT RAIN


RELATIVE HUMIDITY (PERCENT)
 HIGHEST    66           100 AM
 LOWEST     19           400 PM
 AVERAGE    43

..........................................................


THE COLUMBIA METRO AIRPORT SC CLIMATE NORMALS FOR TOMORROW
                         NORMAL    RECORD    YEAR
 MAXIMUM TEMPERATURE (F)   58        80      1927
 MINIMUM TEMPERATURE (F)   35        16      1996


SUNRISE AND SUNSET
FEBRUARY  5 2016......SUNRISE   719 AM EST   SUNSET   559 PM EST
FEBRUARY  6 2016......SUNRISE   718 AM EST   SUNSET   600 PM EST


-  INDICATES NEGATIVE NUMBERS.
R  INDICATES RECORD WAS SET OR TIED.
MM INDICATES DATA IS MISSING.
T  INDICATES TRACE AMOUNT.




$$
