000
CDUS42 KCAE 272214
CLICAE


CLIMATE REPORT
NATIONAL WEATHER SERVICE COLUMBIA SC
511 PM EST SAT DEC 27 2014


...................................

...THE COLUMBIA METRO AIRPORT SC CLIMATE SUMMARY FOR DECEMBER 27 2014...
VALID TODAY AS OF 0500 PM LOCAL TIME.

CLIMATE NORMAL PERIOD 1981 TO 2010
CLIMATE RECORD PERIOD 1887 TO 2014


WEATHER ITEM   OBSERVED TIME   RECORD YEAR NORMAL DEPARTURE LAST
                VALUE   (LST)  VALUE       VALUE  FROM      YEAR
                                                  NORMAL
..................................................................
TEMPERATURE (F)
 TODAY
  MAXIMUM         67    352 PM  77    1971  56     11       57
  MINIMUM         30    630 AM  12    1948  34     -4       30
  AVERAGE         49                        45      4       44

PRECIPITATION (IN)
  TODAY            0.00          1.17 1992   0.10  -0.10     0.00
  MONTH TO DATE    3.51                      2.79   0.72     4.15
  SINCE DEC 1      3.51                      2.79   0.72     4.15
  SINCE JAN 1     41.82                     44.16  -2.34    53.74

SNOWFALL (IN)
  TODAY            0.0           0.3  1980   0.0             0.0
  MONTH TO DATE    0.0                       0.1             0.0
  SINCE DEC 1      0.0                       0.1             0.0
  SINCE JUL 1      T                         0.1              T

DEGREE DAYS
 HEATING
  TODAY           16                        20     -4       21
  MONTH TO DATE  403                       487    -84      359
  SINCE DEC 1    403                       487    -84      359
  SINCE JUL 1    908                       928    -20      806

 COOLING
  TODAY            0                         0      0        0
  MONTH TO DATE    0                         0      0       14
  SINCE DEC 1      0                         0      0       14
  SINCE JAN 1   2535                      2167    368     2186
..................................................................


WIND (MPH)
  HIGHEST WIND SPEED     7   HIGHEST WIND DIRECTION    SW (220)
  HIGHEST GUST SPEED    10   HIGHEST GUST DIRECTION    SW (230)
  AVERAGE WIND SPEED     1.2


SKY COVER
  AVERAGE SKY COVER 0.2


WEATHER CONDITIONS
 THE FOLLOWING WEATHER WAS RECORDED TODAY.
  FOG


RELATIVE HUMIDITY (PERCENT)
 HIGHEST    92          1200 AM
 LOWEST     29           300 PM
 AVERAGE    61

..........................................................


THE COLUMBIA METRO AIRPORT SC CLIMATE NORMALS FOR TOMORROW
                         NORMAL    RECORD    YEAR
 MAXIMUM TEMPERATURE (F)   56        79      1984
 MINIMUM TEMPERATURE (F)   34        12      1925


SUNRISE AND SUNSET
DECEMBER 27 2014......SUNRISE   728 AM EST   SUNSET   523 PM EST
DECEMBER 28 2014......SUNRISE   729 AM EST   SUNSET   523 PM EST


-  INDICATES NEGATIVE NUMBERS.
R  INDICATES RECORD WAS SET OR TIED.
MM INDICATES DATA IS MISSING.
T  INDICATES TRACE AMOUNT.




$$
