000
CDUS42 KCAE 280659
CLICAE


CLIMATE REPORT
NATIONAL WEATHER SERVICE COLUMBIA SC
159 AM EST FRI NOV 28 2014


...................................

...THE COLUMBIA METRO AIRPORT SC CLIMATE SUMMARY FOR NOVEMBER 27 2014...

CLIMATE NORMAL PERIOD 1981 TO 2010
CLIMATE RECORD PERIOD 1887 TO 2014


WEATHER ITEM   OBSERVED TIME   RECORD YEAR NORMAL DEPARTURE LAST
                VALUE   (LST)  VALUE       VALUE  FROM      YEAR
                                                  NORMAL
..................................................................
TEMPERATURE (F)
 YESTERDAY
  MAXIMUM         56    306 PM  84    1973  64     -8       52
  MINIMUM         40   1239 AM  20    1974  39      1       30
  AVERAGE         48                        51     -3       41

PRECIPITATION (IN)
  YESTERDAY        0.00          1.86 1987   0.10  -0.10     0.14
  MONTH TO DATE    4.37                      2.45   1.92     2.06
  SINCE SEP 1     10.23                      9.16   1.07     6.08
  SINCE JAN 1     38.31                     41.08  -2.77    49.59

SNOWFALL (IN)
  YESTERDAY        0.0          MM      MM   0.0             0.0
  MONTH TO DATE    T                         0.0              T
  SINCE SEP 1      T                         0.0              T
  SINCE JUL 1      T                         0.0              T

DEGREE DAYS
 HEATING
  YESTERDAY       17                        14      3       24
  MONTH TO DATE  377                       277    100      303
  SINCE SEP 1    448                       397     51      374
  SINCE JUL 1    448                       397     51      374

 COOLING
  YESTERDAY        0                         0      0        0
  MONTH TO DATE    8                        14     -6       14
  SINCE SEP 1    501                       398    103      479
  SINCE JAN 1   2535                      2166    369     2172
..................................................................


WIND (MPH)
  HIGHEST WIND SPEED    30   HIGHEST WIND DIRECTION     W (280)
  HIGHEST GUST SPEED    37   HIGHEST GUST DIRECTION     W (280)
  AVERAGE WIND SPEED    11.5


SKY COVER
  AVERAGE SKY COVER 0.3


WEATHER CONDITIONS
 THE FOLLOWING WEATHER WAS RECORDED YESTERDAY.
  NO SIGNIFICANT WEATHER WAS OBSERVED.


RELATIVE HUMIDITY (PERCENT)
 HIGHEST    76           300 AM
 LOWEST     35           200 PM
 AVERAGE    56

..........................................................


THE COLUMBIA METRO AIRPORT SC CLIMATE NORMALS FOR TODAY
                         NORMAL    RECORD    YEAR
 MAXIMUM TEMPERATURE (F)   63        80      1985
                                             1960
 MINIMUM TEMPERATURE (F)   39        22      1956
                                             1936
                                             1903


SUNRISE AND SUNSET
NOVEMBER 28 2014......SUNRISE   709 AM EST   SUNSET   516 PM EST
NOVEMBER 29 2014......SUNRISE   710 AM EST   SUNSET   516 PM EST


-  INDICATES NEGATIVE NUMBERS.
R  INDICATES RECORD WAS SET OR TIED.
MM INDICATES DATA IS MISSING.
T  INDICATES TRACE AMOUNT.




$$
