000
CDUS42 KCAE 200616
CLICAE


CLIMATE REPORT
NATIONAL WEATHER SERVICE COLUMBIA SC
216 AM EDT SUN APR 20 2014


...................................

...THE COLUMBIA METRO AIRPORT SC CLIMATE SUMMARY FOR APRIL 19 2014...

CLIMATE NORMAL PERIOD 1981 TO 2010
CLIMATE RECORD PERIOD 1887 TO 2014


WEATHER ITEM   OBSERVED TIME   RECORD YEAR NORMAL DEPARTURE LAST
                VALUE   (LST)  VALUE       VALUE  FROM      YEAR
                                                  NORMAL
..................................................................
TEMPERATURE (F)
 YESTERDAY
  MAXIMUM         58    240 PM  94    1896  77    -19       88
  MINIMUM         51   1159 PM  29    1983  51      0       54
  AVERAGE         55                        64     -9       71

PRECIPITATION (IN)
  YESTERDAY        0.61          1.74 1901   0.09   0.52     0.33
  MONTH TO DATE    2.97                      1.66   1.31     2.53
  SINCE MAR 1      6.90                      5.39   1.51     6.18
  SINCE JAN 1     13.22                     12.58   0.64    12.90

SNOWFALL (IN)
  YESTERDAY        0.0          MM      MM   0.0             0.0
  MONTH TO DATE    0.0                       0.0             0.0
  SINCE MAR 1      0.0                       0.1             0.0
  SINCE JUL 1      4.2                       1.5              T

DEGREE DAYS
 HEATING
  YESTERDAY       10                         3      7        0
  MONTH TO DATE   69                        94    -25       54
  SINCE MAR 1    461                       404     57      493
  SINCE JUL 1   2545                      2503     42     2213

 COOLING
  YESTERDAY        0                         3     -3        6
  MONTH TO DATE   41                        36      5       74
  SINCE MAR 1     42                        54    -12       87
  SINCE JAN 1     49                        58     -9      112
..................................................................


WIND (MPH)
  HIGHEST WIND SPEED    20   HIGHEST WIND DIRECTION    NE (30)
  HIGHEST GUST SPEED    28   HIGHEST GUST DIRECTION     N (20)
  AVERAGE WIND SPEED    10.7


SKY COVER
  AVERAGE SKY COVER 1.0


WEATHER CONDITIONS
 THE FOLLOWING WEATHER WAS RECORDED YESTERDAY.
  HEAVY RAIN
  RAIN
  LIGHT RAIN
  FOG
  HAZE


RELATIVE HUMIDITY (PERCENT)
 HIGHEST    93          1200 AM
 LOWEST     86          1100 AM
 AVERAGE    90

..........................................................


THE COLUMBIA METRO AIRPORT SC CLIMATE NORMALS FOR TODAY
                         NORMAL    RECORD    YEAR
 MAXIMUM TEMPERATURE (F)   77        93      1994
                                             1925
 MINIMUM TEMPERATURE (F)   52        26      1983


SUNRISE AND SUNSET
APRIL 20 2014.........SUNRISE   648 AM EDT   SUNSET   800 PM EDT
APRIL 21 2014.........SUNRISE   646 AM EDT   SUNSET   800 PM EDT


-  INDICATES NEGATIVE NUMBERS.
R  INDICATES RECORD WAS SET OR TIED.
MM INDICATES DATA IS MISSING.
T  INDICATES TRACE AMOUNT.




$$
