639
CDUS45 KABQ 020831
CLICAO


CLIMATE REPORT
NATIONAL WEATHER SERVICE ALBUQUERQUE NM
230 AM MDT MON MAY 2 2016


...................................

...THE CLAYTON  NM CLIMATE SUMMARY FOR MAY 1 2016...

CLIMATE NORMAL PERIOD 1981 TO 2010
CLIMATE RECORD PERIOD 1896 TO 2016


WEATHER ITEM   OBSERVED TIME   RECORD YEAR NORMAL DEPARTURE
                VALUE   (LST)  VALUE       VALUE  FROM
                                                  NORMAL
...............................................................
TEMPERATURE (F)
 YESTERDAY
  MAXIMUM         41    810 AM  90    1992  72    -31
  MINIMUM         33   1044 AM  22    1909  43    -10
  AVERAGE         37                        57    -20

PRECIPITATION (IN)
  YESTERDAY        0.18          3.35 1914   0.04   0.14
  MONTH TO DATE    0.18                      0.04   0.14
  SINCE MAR 1      2.28                      1.93   0.35
  SINCE JAN 1      2.72                      2.55   0.17

SNOWFALL (IN)
  YESTERDAY        0.5
  MONTH TO DATE    0.5
  SINCE MAR 1      2.1
  SINCE JUL 1     25.5

DEGREE DAYS
 HEATING
  YESTERDAY       28                         8     20
  MONTH TO DATE   28                         8     20
  SINCE MAR 1    901                      1037   -136
  SINCE JUL 1   4151                      4714   -563

 COOLING
  YESTERDAY        0                         0      0
  MONTH TO DATE    0                         0      0
  SINCE MAR 1      0                         6     -6
  SINCE JAN 1      0                         6     -6
...............................................................


WIND (MPH)
  HIGHEST WIND SPEED    39   HIGHEST WIND DIRECTION     N (360)
  HIGHEST GUST SPEED    50   HIGHEST GUST DIRECTION     N (350)
  AVERAGE WIND SPEED    19.0


SKY COVER
  AVERAGE SKY COVER 0.9


WEATHER CONDITIONS
 THE FOLLOWING WEATHER WAS RECORDED YESTERDAY.
  RAIN
  LIGHT RAIN
  SNOW
  LIGHT SNOW
  FOG


RELATIVE HUMIDITY (PERCENT)
 HIGHEST    96          1100 AM
 LOWEST     64           700 AM
 AVERAGE    80

..........................................................


THE CLAYTON  NM CLIMATE NORMALS FOR TODAY
                         NORMAL    RECORD    YEAR
 MAXIMUM TEMPERATURE (F)   72        89      2012
 MINIMUM TEMPERATURE (F)   43        23      2013
                                             1967
                                             1929


SUNRISE AND SUNSET
MAY  2 2016...........SUNRISE   558 AM MDT   SUNSET   742 PM MDT
MAY  3 2016...........SUNRISE   557 AM MDT   SUNSET   743 PM MDT


-  INDICATES NEGATIVE NUMBERS.
R  INDICATES RECORD WAS SET OR TIED.
MM INDICATES DATA IS MISSING.
T  INDICATES TRACE AMOUNT.




$$
