000
CDUS45 KABQ 270828
CLICAO


CLIMATE REPORT
NATIONAL WEATHER SERVICE ALBUQUERQUE NM
127 AM MST FRI FEB 27 2015


...................................

...THE CLAYTON  NM CLIMATE SUMMARY FOR FEBRUARY 26 2015...

CLIMATE NORMAL PERIOD 1981 TO 2010
CLIMATE RECORD PERIOD 1896 TO 2015


WEATHER ITEM   OBSERVED TIME   RECORD YEAR NORMAL DEPARTURE
                VALUE   (LST)  VALUE       VALUE  FROM
                                                  NORMAL
...............................................................
TEMPERATURE (F)
 YESTERDAY
  MAXIMUM         29   1206 AM  79    1896  54    -25
  MINIMUM         13   1159 PM   2    2002  26    -13
  AVERAGE         21                        40    -19

PRECIPITATION (IN)
  YESTERDAY        0.08          0.88 1987   0.02   0.06
  MONTH TO DATE    1.18                      0.31   0.87
  SINCE DEC 1      3.24                      0.95   2.29
  SINCE JAN 1      2.74                      0.59   2.15

SNOWFALL (IN)
  YESTERDAY        1.5
  MONTH TO DATE    6.6
  SINCE DEC 1     19.3
  SINCE JUL 1     21.9

DEGREE DAYS
 HEATING
  YESTERDAY       44                        25     19
  MONTH TO DATE  628                       721    -93
  SINCE DEC 1   2391                      2575   -184
  SINCE JUL 1   3343                      3627   -284

 COOLING
  YESTERDAY        0                         0      0
  MONTH TO DATE    0                         0      0
  SINCE DEC 1      0                         0      0
  SINCE JAN 1      0                         0      0
...............................................................


WIND (MPH)
  HIGHEST WIND SPEED    23   HIGHEST WIND DIRECTION    NE (40)
  HIGHEST GUST SPEED    27   HIGHEST GUST DIRECTION    NE (40)
  AVERAGE WIND SPEED    13.5


SKY COVER
  AVERAGE SKY COVER 1.0


WEATHER CONDITIONS
 THE FOLLOWING WEATHER WAS RECORDED YESTERDAY.
  LIGHT SNOW
  FOG


RELATIVE HUMIDITY (PERCENT)
 HIGHEST    92           100 AM
 LOWEST     73          1000 AM
 AVERAGE    83

..........................................................


THE CLAYTON  NM CLIMATE NORMALS FOR TODAY
                         NORMAL    RECORD    YEAR
 MAXIMUM TEMPERATURE (F)   54        75      2006
                                             1932
                                             1898
 MINIMUM TEMPERATURE (F)   26        -4      1962


SUNRISE AND SUNSET
FEBRUARY 27 2015......SUNRISE   626 AM MST   SUNSET   545 PM MST
FEBRUARY 28 2015......SUNRISE   625 AM MST   SUNSET   546 PM MST


-  INDICATES NEGATIVE NUMBERS.
R  INDICATES RECORD WAS SET OR TIED.
MM INDICATES DATA IS MISSING.
T  INDICATES TRACE AMOUNT.




$$
