000
CDUS45 KABQ 220833
CLICAO


CLIMATE REPORT
NATIONAL WEATHER SERVICE ALBUQUERQUE NM
233 AM MDT TUE JUL 22 2014


...................................

...THE CLAYTON  NM CLIMATE SUMMARY FOR JULY 21 2014...

CLIMATE NORMAL PERIOD 1981 TO 2010
CLIMATE RECORD PERIOD 1896 TO 2014


WEATHER ITEM   OBSERVED TIME   RECORD YEAR NORMAL DEPARTURE
                VALUE   (LST)  VALUE       VALUE  FROM
                                                  NORMAL
...............................................................
TEMPERATURE (F)
 YESTERDAY
  MAXIMUM         99    159 PM 100    1981  89     10
  MINIMUM         63    524 AM  50    1924  61      2
                                      1898
  AVERAGE         81                        75      6

PRECIPITATION (IN)
  YESTERDAY        T             1.09 1911   0.10  -0.10
  MONTH TO DATE    0.48                      1.69  -1.21
  SINCE JUN 1      2.37                      3.82  -1.45
  SINCE JAN 1      4.14                      8.29  -4.15

SNOWFALL (IN)
  YESTERDAY        0.0
  MONTH TO DATE    0.0
  SINCE JUN 1      0.0
  SINCE JUL 1      0.0

DEGREE DAYS
 HEATING
  YESTERDAY        0                         0      0
  MONTH TO DATE    0                         0      0
  SINCE JUN 1     14                        23     -9
  SINCE JUL 1      0                         0      0

 COOLING
  YESTERDAY       16                        10      6
  MONTH TO DATE  231                       206     25
  SINCE JUN 1    476                       389     87
  SINCE JAN 1    571                       440    131
...............................................................


WIND (MPH)
  HIGHEST WIND SPEED    26   HIGHEST WIND DIRECTION     S (160)
  HIGHEST GUST SPEED    34   HIGHEST GUST DIRECTION     S (160)
  AVERAGE WIND SPEED    10.1


SKY COVER
  AVERAGE SKY COVER 0.1


WEATHER CONDITIONS
 THE FOLLOWING WEATHER WAS RECORDED YESTERDAY.
  THUNDERSTORM
  LIGHT RAIN


RELATIVE HUMIDITY (PERCENT)
 HIGHEST    84           500 AM
 LOWEST     18           100 PM
 AVERAGE    51

..........................................................


THE CLAYTON  NM CLIMATE NORMALS FOR TODAY
                         NORMAL    RECORD    YEAR
 MAXIMUM TEMPERATURE (F)   89        99      2010
                                             2001
                                             1981
 MINIMUM TEMPERATURE (F)   61        52      1919


SUNRISE AND SUNSET
JULY 22 2014..........SUNRISE   551 AM MDT   SUNSET   806 PM MDT
JULY 23 2014..........SUNRISE   552 AM MDT   SUNSET   806 PM MDT


-  INDICATES NEGATIVE NUMBERS.
R  INDICATES RECORD WAS SET OR TIED.
MM INDICATES DATA IS MISSING.
T  INDICATES TRACE AMOUNT.




$$
