000
CDUS45 KABQ 100827
CLICAO


CLIMATE REPORT
NATIONAL WEATHER SERVICE ALBUQUERQUE NM
227 AM MDT THU JUL 10 2014


...................................

...THE CLAYTON  NM CLIMATE SUMMARY FOR JULY 9 2014...

CLIMATE NORMAL PERIOD 1981 TO 2010
CLIMATE RECORD PERIOD 1896 TO 2014


WEATHER ITEM   OBSERVED TIME   RECORD YEAR NORMAL DEPARTURE
                VALUE   (LST)  VALUE       VALUE  FROM
                                                  NORMAL
...............................................................
TEMPERATURE (F)
 YESTERDAY
  MAXIMUM         93    327 PM 103    2009  89      4
  MINIMUM         59    439 AM  40    1943  61     -2
  AVERAGE         76                        75      1

PRECIPITATION (IN)
  YESTERDAY        0.00          1.30 1947   0.08  -0.08
  MONTH TO DATE    0.06                      0.68  -0.62
  SINCE JUN 1      1.95                      2.81  -0.86
  SINCE JAN 1      3.72                      7.28  -3.56

SNOWFALL (IN)
  YESTERDAY        0.0
  MONTH TO DATE    0.0
  SINCE JUN 1      0.0
  SINCE JUL 1      0.0

DEGREE DAYS
 HEATING
  YESTERDAY        0                         0      0
  MONTH TO DATE    0                         0      0
  SINCE JUN 1     14                        23     -9
  SINCE JUL 1      0                         0      0

 COOLING
  YESTERDAY       11                        10      1
  MONTH TO DATE   98                        86     12
  SINCE JUN 1    343                       269     74
  SINCE JAN 1    438                       320    118
...............................................................


WIND (MPH)
  HIGHEST WIND SPEED    28   HIGHEST WIND DIRECTION     S (190)
  HIGHEST GUST SPEED    34   HIGHEST GUST DIRECTION     S (190)
  AVERAGE WIND SPEED    12.3


SKY COVER
  AVERAGE SKY COVER 0.1


WEATHER CONDITIONS
 THE FOLLOWING WEATHER WAS RECORDED YESTERDAY.
  NO SIGNIFICANT WEATHER WAS OBSERVED.


RELATIVE HUMIDITY (PERCENT)
 HIGHEST    84           400 AM
 LOWEST     21           100 PM
 AVERAGE    53

..........................................................


THE CLAYTON  NM CLIMATE NORMALS FOR TODAY
                         NORMAL    RECORD    YEAR
 MAXIMUM TEMPERATURE (F)   89       101      2009
 MINIMUM TEMPERATURE (F)   61        48      1918


SUNRISE AND SUNSET
JULY 10 2014..........SUNRISE   543 AM MDT   SUNSET   813 PM MDT
JULY 11 2014..........SUNRISE   544 AM MDT   SUNSET   812 PM MDT


-  INDICATES NEGATIVE NUMBERS.
R  INDICATES RECORD WAS SET OR TIED.
MM INDICATES DATA IS MISSING.
T  INDICATES TRACE AMOUNT.




$$
