000
CDUS45 KABQ 160833
CLICAO


CLIMATE REPORT
NATIONAL WEATHER SERVICE ALBUQUERQUE NM
232 AM MDT WED AUG 16 2017


...................................

...THE CLAYTON  NM CLIMATE SUMMARY FOR AUGUST 15 2017...

CLIMATE NORMAL PERIOD 1981 TO 2010
CLIMATE RECORD PERIOD 1896 TO 2017


WEATHER ITEM   OBSERVED TIME   RECORD YEAR NORMAL DEPARTURE
                VALUE   (LST)  VALUE       VALUE  FROM
                                                  NORMAL
...............................................................
TEMPERATURE (F)
 YESTERDAY
  MAXIMUM         85    233 PM  98    1936  86     -1
                                      1911
  MINIMUM         57    446 AM  52    1979  61     -4
                                      1978
                                      1929
  AVERAGE         71                        74     -3

PRECIPITATION (IN)
  YESTERDAY        0.32          1.28 2008   0.10   0.22
  MONTH TO DATE    2.50                      1.62   0.88
  SINCE JUN 1      7.07                      6.41   0.66
  SINCE JAN 1     14.82                     10.88   3.94

SNOWFALL (IN)
  YESTERDAY        0.0
  MONTH TO DATE    0.0
  SINCE JUN 1      0.0
  SINCE JUL 1      0.0

DEGREE DAYS
 HEATING
  YESTERDAY        0                         0      0
  MONTH TO DATE    2                         0      2
  SINCE JUN 1      4                        25    -21
  SINCE JUL 1      2                         2      0

 COOLING
  YESTERDAY        6                         9     -3
  MONTH TO DATE   64                       135    -71
  SINCE JUN 1    608                       621    -13
  SINCE JAN 1    640                       672    -32
...............................................................


WIND (MPH)
  HIGHEST WIND SPEED    36   HIGHEST WIND DIRECTION     W (280)
  HIGHEST GUST SPEED    46   HIGHEST GUST DIRECTION     W (290)
  AVERAGE WIND SPEED     9.0


SKY COVER
  AVERAGE SKY COVER 0.1


WEATHER CONDITIONS
 THE FOLLOWING WEATHER WAS RECORDED YESTERDAY.
  THUNDERSTORM
  HEAVY RAIN
  RAIN
  LIGHT RAIN
  FOG
  HAZE


RELATIVE HUMIDITY (PERCENT)
 HIGHEST   100           500 AM
 LOWEST     43           200 PM
 AVERAGE    72

..........................................................


THE CLAYTON  NM CLIMATE NORMALS FOR TODAY
                         NORMAL    RECORD    YEAR
 MAXIMUM TEMPERATURE (F)   86        97      1952
 MINIMUM TEMPERATURE (F)   61        50      1942
                                             1919


SUNRISE AND SUNSET
AUGUST 16 2017........SUNRISE   611 AM MDT   SUNSET   742 PM MDT
AUGUST 17 2017........SUNRISE   612 AM MDT   SUNSET   740 PM MDT


-  INDICATES NEGATIVE NUMBERS.
R  INDICATES RECORD WAS SET OR TIED.
MM INDICATES DATA IS MISSING.
T  INDICATES TRACE AMOUNT.




$$
