000
CDUS45 KABQ 020826
CLICAO


CLIMATE REPORT
NATIONAL WEATHER SERVICE ALBUQUERQUE NM
225 AM MDT TUE SEP 2 2014


...................................

...THE CLAYTON  NM CLIMATE SUMMARY FOR SEPTEMBER 1 2014...

CLIMATE NORMAL PERIOD 1981 TO 2010
CLIMATE RECORD PERIOD 1896 TO 2014


WEATHER ITEM   OBSERVED TIME   RECORD YEAR NORMAL DEPARTURE
                VALUE   (LST)  VALUE       VALUE  FROM
                                                  NORMAL
...............................................................
TEMPERATURE (F)
 YESTERDAY
  MAXIMUM         85    354 PM  97    2010  84      1
                                      1926
                                      1922
  MINIMUM         58    437 AM  47    1972  58      0
                                      1956
                                      1955
  AVERAGE         72                        71      1

PRECIPITATION (IN)
  YESTERDAY        0.00          1.98 1942   0.07  -0.07
  MONTH TO DATE    0.00                      0.07  -0.07
  SINCE SEP 1      0.00                      0.07  -0.07
  SINCE JAN 1      8.53                     12.27  -3.74

SNOWFALL (IN)
  YESTERDAY        0.0
  MONTH TO DATE    0.0
  SINCE SEP 1      0.0
  SINCE JUL 1      0.0

DEGREE DAYS
 HEATING
  YESTERDAY        0                         0      0
  MONTH TO DATE    0                         0      0
  SINCE SEP 1      0                         0      0
  SINCE JUL 1      0                         6     -6

 COOLING
  YESTERDAY        7                         6      1
  MONTH TO DATE    7                         6      1
  SINCE SEP 1      7                         6      1
  SINCE JAN 1   1011                       803    208
...............................................................


WIND (MPH)
  HIGHEST WIND SPEED    21   HIGHEST WIND DIRECTION    SE (130)
  HIGHEST GUST SPEED    24   HIGHEST GUST DIRECTION    SE (130)
  AVERAGE WIND SPEED     9.5


SKY COVER
  AVERAGE SKY COVER 0.0


WEATHER CONDITIONS
 THE FOLLOWING WEATHER WAS RECORDED YESTERDAY.
  NO SIGNIFICANT WEATHER WAS OBSERVED.


RELATIVE HUMIDITY (PERCENT)
 HIGHEST    78          1100 PM
 LOWEST     29           500 PM
 AVERAGE    54

..........................................................


THE CLAYTON  NM CLIMATE NORMALS FOR TODAY
                         NORMAL    RECORD    YEAR
 MAXIMUM TEMPERATURE (F)   84        97      1947
 MINIMUM TEMPERATURE (F)   58        43      1934


SUNRISE AND SUNSET
SEPTEMBER  2 2014.....SUNRISE   625 AM MDT   SUNSET   719 PM MDT
SEPTEMBER  3 2014.....SUNRISE   626 AM MDT   SUNSET   718 PM MDT


-  INDICATES NEGATIVE NUMBERS.
R  INDICATES RECORD WAS SET OR TIED.
MM INDICATES DATA IS MISSING.
T  INDICATES TRACE AMOUNT.




$$
