000
CDUS45 KABQ 290827
CLICAO


CLIMATE REPORT
NATIONAL WEATHER SERVICE ALBUQUERQUE NM
226 AM MDT FRI MAY 29 2015


...................................

...THE CLAYTON  NM CLIMATE SUMMARY FOR MAY 28 2015...

CLIMATE NORMAL PERIOD 1981 TO 2010
CLIMATE RECORD PERIOD 1896 TO 2015


WEATHER ITEM   OBSERVED TIME   RECORD YEAR NORMAL DEPARTURE
                VALUE   (LST)  VALUE       VALUE  FROM
                                                  NORMAL
...............................................................
TEMPERATURE (F)
 YESTERDAY
  MAXIMUM         79    131 PM  95    1974  79      0
                                      1938
                                      1934
  MINIMUM         51   1120 PM  34    1947  51      0
  AVERAGE         65                        65      0

PRECIPITATION (IN)
  YESTERDAY        0.66          2.24 1918   0.08   0.58
  MONTH TO DATE    6.63                      1.70   4.93
  SINCE MAR 1      8.33                      3.59   4.74
  SINCE JAN 1     11.35                      4.21   7.14

SNOWFALL (IN)
  YESTERDAY        0.0
  MONTH TO DATE    0.0
  SINCE MAR 1      0.9
  SINCE JUL 1     26.1

DEGREE DAYS
 HEATING
  YESTERDAY        0                         3     -3
  MONTH TO DATE  198                       148     50
  SINCE MAR 1   1017                      1177   -160
  SINCE JUL 1   4460                      4854   -394

 COOLING
  YESTERDAY        0                         3     -3
  MONTH TO DATE    3                        38    -35
  SINCE MAR 1      3                        44    -41
  SINCE JAN 1      3                        44    -41
...............................................................


WIND (MPH)
  HIGHEST WIND SPEED    39   HIGHEST WIND DIRECTION    SW (230)
  HIGHEST GUST SPEED    55   HIGHEST GUST DIRECTION    SW (240)
  AVERAGE WIND SPEED    12.8


SKY COVER
  AVERAGE SKY COVER 0.6


WEATHER CONDITIONS
 THE FOLLOWING WEATHER WAS RECORDED YESTERDAY.
  THUNDERSTORM
  HEAVY RAIN
  RAIN
  LIGHT RAIN
  FOG
  HAZE


RELATIVE HUMIDITY (PERCENT)
 HIGHEST    93          1200 AM
 LOWEST     46           200 PM
 AVERAGE    70

..........................................................


THE CLAYTON  NM CLIMATE NORMALS FOR TODAY
                         NORMAL    RECORD    YEAR
 MAXIMUM TEMPERATURE (F)   79        99      2000
 MINIMUM TEMPERATURE (F)   51        29      1947


SUNRISE AND SUNSET
MAY 29 2015...........SUNRISE   537 AM MDT   SUNSET   803 PM MDT
MAY 30 2015...........SUNRISE   537 AM MDT   SUNSET   804 PM MDT


-  INDICATES NEGATIVE NUMBERS.
R  INDICATES RECORD WAS SET OR TIED.
MM INDICATES DATA IS MISSING.
T  INDICATES TRACE AMOUNT.

$$
