000
CDUS45 KABQ 280832
CLICAO


CLIMATE REPORT
NATIONAL WEATHER SERVICE ALBUQUERQUE NM
129 AM MST WED JAN 28 2015


...................................

...THE CLAYTON  NM CLIMATE SUMMARY FOR JANUARY 27 2015...

CLIMATE NORMAL PERIOD 1981 TO 2010
CLIMATE RECORD PERIOD 1896 TO 2015


WEATHER ITEM   OBSERVED TIME   RECORD YEAR NORMAL DEPARTURE
                VALUE   (LST)  VALUE       VALUE  FROM
                                                  NORMAL
...............................................................
TEMPERATURE (F)
 YESTERDAY
  MAXIMUM         69    146 PM  73    1970  49     20
  MINIMUM         40   1236 AM -10    1948  22     18
  AVERAGE         55                        36     19

PRECIPITATION (IN)
  YESTERDAY        0.00          0.56 2001   0.01  -0.01
  MONTH TO DATE    1.39                      0.24   1.15
  SINCE DEC 1      1.89                      0.60   1.29
  SINCE JAN 1      1.39                      0.24   1.15

SNOWFALL (IN)
  YESTERDAY        0.0
  MONTH TO DATE    9.0
  SINCE DEC 1     12.5
  SINCE JUL 1     15.1

DEGREE DAYS
 HEATING
  YESTERDAY       10                        29    -19
  MONTH TO DATE  787                       798    -11
  SINCE DEC 1   1676                      1734    -58
  SINCE JUL 1   2628                      2786   -158

 COOLING
  YESTERDAY        0                         0      0
  MONTH TO DATE    0                         0      0
  SINCE DEC 1      0                         0      0
  SINCE JAN 1      0                         0      0
...............................................................


WIND (MPH)
  HIGHEST WIND SPEED    21   HIGHEST WIND DIRECTION     S (200)
  HIGHEST GUST SPEED    25   HIGHEST GUST DIRECTION     S (200)
  AVERAGE WIND SPEED    12.3


SKY COVER
  AVERAGE SKY COVER 0.0


WEATHER CONDITIONS
 THE FOLLOWING WEATHER WAS RECORDED YESTERDAY.
  NO SIGNIFICANT WEATHER WAS OBSERVED.


RELATIVE HUMIDITY (PERCENT)
 HIGHEST    65           900 PM
 LOWEST     21           200 PM
 AVERAGE    43

..........................................................


THE CLAYTON  NM CLIMATE NORMALS FOR TODAY
                         NORMAL    RECORD    YEAR
 MAXIMUM TEMPERATURE (F)   50        75      1986
 MINIMUM TEMPERATURE (F)   22       -10      1948


SUNRISE AND SUNSET
JANUARY 28 2015.......SUNRISE   657 AM MST   SUNSET   514 PM MST
JANUARY 29 2015.......SUNRISE   656 AM MST   SUNSET   515 PM MST


-  INDICATES NEGATIVE NUMBERS.
R  INDICATES RECORD WAS SET OR TIED.
MM INDICATES DATA IS MISSING.
T  INDICATES TRACE AMOUNT.

$$
