000
CDUS45 KABQ 010834
CLICAO


CLIMATE REPORT
NATIONAL WEATHER SERVICE ALBUQUERQUE NM
232 AM MDT FRI AUG 1 2014


...................................

...THE CLAYTON  NM CLIMATE SUMMARY FOR JULY 31 2014...

CLIMATE NORMAL PERIOD 1981 TO 2010
CLIMATE RECORD PERIOD 1896 TO 2014


WEATHER ITEM   OBSERVED TIME   RECORD YEAR NORMAL DEPARTURE
                VALUE   (LST)  VALUE       VALUE  FROM
                                                  NORMAL
...............................................................
TEMPERATURE (F)
 YESTERDAY
  MAXIMUM         75    244 PM 101    1923  88    -13
  MINIMUM         54    445 AM  47    1925  61     -7
  AVERAGE         65                        74     -9

PRECIPITATION (IN)
  YESTERDAY        0.00          1.73 1999   0.10  -0.10
  MONTH TO DATE    2.83                      2.66   0.17
  SINCE JUN 1      4.72                      4.79  -0.07
  SINCE JAN 1      6.49                      9.26  -2.77

SNOWFALL (IN)
  YESTERDAY        0.0
  MONTH TO DATE    0.0
  SINCE JUN 1      0.0
  SINCE JUL 1      0.0

DEGREE DAYS
 HEATING
  YESTERDAY        0                         0      0
  MONTH TO DATE    0                         0      0
  SINCE JUN 1     14                        25    -11
  SINCE JUL 1      0                         2     -2

 COOLING
  YESTERDAY        0                         9     -9
  MONTH TO DATE  336                       303     33
  SINCE JUN 1    581                       486     95
  SINCE JAN 1    676                       537    139
...............................................................


WIND (MPH)
  HIGHEST WIND SPEED    12   HIGHEST WIND DIRECTION    SE (130)
  HIGHEST GUST SPEED    16   HIGHEST GUST DIRECTION    SE (150)
  AVERAGE WIND SPEED     4.9


SKY COVER
  AVERAGE SKY COVER 0.6


WEATHER CONDITIONS
 THE FOLLOWING WEATHER WAS RECORDED YESTERDAY.
  FOG
  FOG W/VISIBILITY <= 1/4 MILE


RELATIVE HUMIDITY (PERCENT)
 HIGHEST    93           300 AM
 LOWEST     41           200 PM
 AVERAGE    67

..........................................................


THE CLAYTON  NM CLIMATE NORMALS FOR TODAY
                         NORMAL    RECORD    YEAR
 MAXIMUM TEMPERATURE (F)   88       101      1944
 MINIMUM TEMPERATURE (F)   61        50      1971


SUNRISE AND SUNSET
AUGUST  1 2014........SUNRISE   559 AM MDT   SUNSET   758 PM MDT
AUGUST  2 2014........SUNRISE   600 AM MDT   SUNSET   757 PM MDT


-  INDICATES NEGATIVE NUMBERS.
R  INDICATES RECORD WAS SET OR TIED.
MM INDICATES DATA IS MISSING.
T  INDICATES TRACE AMOUNT.




$$
