000
CDUS41 KCAR 070529
CLICAR

CLIMATE REPORT
NATIONAL WEATHER SERVICE CARIBOU, ME
126 AM EDT TUE JUL 7 2015


...................................

...THE CARIBOU ME CLIMATE SUMMARY FOR JULY 6 2015...

CLIMATE NORMAL PERIOD 1981 TO 2010
CLIMATE RECORD PERIOD 1939 TO 2015


WEATHER ITEM   OBSERVED TIME   RECORD YEAR NORMAL DEPARTURE LAST
                VALUE   (LST)  VALUE       VALUE  FROM      YEAR
                                                  NORMAL
..................................................................
TEMPERATURE (F)
 YESTERDAY
  MAXIMUM         81    318 PM  91    1976  76      5       72
  MINIMUM         54    358 AM  39    1969  55     -1       47
  AVERAGE         68                        65      3       60

PRECIPITATION (IN)
  YESTERDAY        0.00          1.82 1951   0.14  -0.14     0.02
  MONTH TO DATE    0.52                      0.82  -0.30     3.96
  SINCE JUN 1      4.77                      4.30   0.47     6.57
  SINCE JAN 1     15.62                     17.72  -2.10    23.77

SNOWFALL (IN)
  YESTERDAY        0.0           0.0  2002   0.0    0.0      0.0
                                      2001
  MONTH TO DATE    0.0                       0.0    0.0      0.0
  SINCE JUN 1      0.0                       0.0    0.0      0.0
  SINCE JUL 1      0.0                       0.0    0.0      0.0
  SNOW DEPTH       0

DEGREE DAYS
 HEATING
  YESTERDAY        0                         2     -2        5
  MONTH TO DATE    9                        16     -7       15
  SINCE JUN 1    221                       181     40      104
  SINCE JUL 1      9                        16     -7       15

 COOLING
  YESTERDAY        3                         2      1        0
  MONTH TO DATE    3                        12     -9       43
  SINCE JUN 1      9                        46    -37       79
  SINCE JAN 1     30                        51    -21       82
..................................................................


WIND (MPH)
  HIGHEST WIND SPEED    14   HIGHEST WIND DIRECTION     S (160)
  HIGHEST GUST SPEED    17   HIGHEST GUST DIRECTION    SE (150)
  AVERAGE WIND SPEED     3.3


SKY COVER
  POSSIBLE SUNSHINE  MM
  AVERAGE SKY COVER 0.1


WEATHER CONDITIONS
 THE FOLLOWING WEATHER WAS RECORDED YESTERDAY.
  FOG


RELATIVE HUMIDITY (PERCENT)
 HIGHEST    93           300 AM
 LOWEST     42           300 PM
 AVERAGE    68

..........................................................


THE CARIBOU ME CLIMATE NORMALS FOR TODAY
                         NORMAL    RECORD    YEAR
 MAXIMUM TEMPERATURE (F)   76        93      2010
                                             1982
 MINIMUM TEMPERATURE (F)   55        36      1969


SUNRISE AND SUNSET
JULY  7 2015..........SUNRISE   445 AM EDT   SUNSET   828 PM EDT
JULY  8 2015..........SUNRISE   446 AM EDT   SUNSET   828 PM EDT


-  INDICATES NEGATIVE NUMBERS.
R  INDICATES RECORD WAS SET OR TIED.
MM INDICATES DATA IS MISSING.
T  INDICATES TRACE AMOUNT.

..........................................................
THE CARIBOU ME 4 INCH SOIL TEMPERATURES FOR JUL 6 2015

MAXIMUM SOIL TEMPERATURES (F): 73
MINIMUM SOIL TEMPERATURES (F): 65


$$
