000
CDUS41 KCAR 220557
CLICAR


CLIMATE REPORT
NATIONAL WEATHER SERVICE CARIBOU, ME
1246 AM EST THU FEB 22 2018


...................................

...THE CARIBOU ME CLIMATE SUMMARY FOR FEBRUARY 21 2018...

CLIMATE NORMAL PERIOD 1981 TO 2010
CLIMATE RECORD PERIOD 1939 TO 2018


WEATHER ITEM   OBSERVED TIME   RECORD YEAR NORMAL DEPARTURE LAST
                VALUE   (LST)  VALUE       VALUE  FROM      YEAR
                                                  NORMAL
..................................................................
TEMPERATURE (F)
 YESTERDAY
  MAXIMUM         51R   447 PM  50    1994  26     25       31
  MINIMUM         22   1159 PM -28    1993   6     16        0
  AVERAGE         37                        16     21       16

PRECIPITATION (IN)
  YESTERDAY        0.06          0.54 1989   0.08  -0.02     0.00
  MONTH TO DATE    2.03                      1.63   0.40     1.48
  SINCE DEC 1     11.45                      7.61   3.84     9.13
  SINCE JAN 1      7.33                      4.34   2.99     4.93

SNOWFALL (IN)
  YESTERDAY        0.0           7.7  1977   0.8   -0.8      0.0
  MONTH TO DATE   22.9                      16.8    6.1     15.8
  SINCE DEC 1     96.0                      64.9   31.1     76.4
  SINCE JUL 1     99.9                      77.1   22.8     96.6
  SNOW DEPTH      30

DEGREE DAYS
 HEATING
  YESTERDAY       28                        49    -21       49
  MONTH TO DATE  989                      1092   -103     1131
  SINCE DEC 1   4214                      4241    -27     4072
  SINCE JUL 1   5918                      6386   -468     5759

 COOLING
  YESTERDAY        0                         0      0        0
  MONTH TO DATE    0                         0      0        0
  SINCE DEC 1      0                         0      0        0
  SINCE JAN 1      0                         0      0        0
..................................................................


WIND (MPH)
  HIGHEST WIND SPEED    24   HIGHEST WIND DIRECTION    NW (320)
  HIGHEST GUST SPEED    36   HIGHEST GUST DIRECTION    NW (330)
  AVERAGE WIND SPEED    11.9


SKY COVER
  POSSIBLE SUNSHINE  MM
  AVERAGE SKY COVER 0.8


WEATHER CONDITIONS
 THE FOLLOWING WEATHER WAS RECORDED YESTERDAY.
  FREEZING RAIN
  LT FREEZING RAIN
  FOG
  FOG W/VISIBILITY <= 1/4 MILE


RELATIVE HUMIDITY (PERCENT)
 HIGHEST   100          1000 AM
 LOWEST     42          1000 PM
 AVERAGE    71

..........................................................


THE CARIBOU ME CLIMATE NORMALS FOR TODAY
                         NORMAL    RECORD    YEAR
 MAXIMUM TEMPERATURE (F)   26        52      1990
                                             1981
 MINIMUM TEMPERATURE (F)    6       -20      1972


SUNRISE AND SUNSET
FEBRUARY 22 2018......SUNRISE   624 AM EST   SUNSET   507 PM EST
FEBRUARY 23 2018......SUNRISE   623 AM EST   SUNSET   509 PM EST


-  INDICATES NEGATIVE NUMBERS.
R  INDICATES RECORD WAS SET OR TIED.
MM INDICATES DATA IS MISSING.
T  INDICATES TRACE AMOUNT.




$$
