000
CDUS41 KCAR 280530
CLICAR

CLIMATE REPORT
NATIONAL WEATHER SERVICE CARIBOU, ME
127 AM EDT SUN MAY 28 2017


...................................

...THE CARIBOU ME CLIMATE SUMMARY FOR MAY 27 2017...

CLIMATE NORMAL PERIOD 1981 TO 2010
CLIMATE RECORD PERIOD 1939 TO 2017


WEATHER ITEM   OBSERVED TIME   RECORD YEAR NORMAL DEPARTURE LAST
                VALUE   (LST)  VALUE       VALUE  FROM      YEAR
                                                  NORMAL
..................................................................
TEMPERATURE (F)
 YESTERDAY
  MAXIMUM         67    229 PM  92    1978  66      1       59
  MINIMUM         45   1159 PM  30    1969  44      1       45
  AVERAGE         56                        55      1       52

PRECIPITATION (IN)
  YESTERDAY        0.00          2.08 1961   0.12  -0.12     0.27
  MONTH TO DATE    4.06                      2.88   1.18     2.63
  SINCE MAR 1     10.64                      8.05   2.59    10.13
  SINCE JAN 1     16.26                     12.97   3.29    15.60

SNOWFALL (IN)
  YESTERDAY        0.0           0.0  2002   0.0    0.0      0.0
                                      2001
  MONTH TO DATE    T                         0.5   -0.5      4.8
  SINCE MAR 1     33.0                      26.2    6.8     34.8
  SINCE JUL 1    129.6                     108.7   20.9     94.8
  SNOW DEPTH       0

DEGREE DAYS
 HEATING
  YESTERDAY        9                        10     -1       13
  MONTH TO DATE  347                       385    -38      325
  SINCE MAR 1   2434                      2430      4     2455
  SINCE JUL 1   8415                      9151   -736     8197

 COOLING
  YESTERDAY        0                         0      0        0
  MONTH TO DATE    6                         0      6        7
  SINCE MAR 1      6                         0      6        7
  SINCE JAN 1      6                         0      6        7
..................................................................


WIND (MPH)
  HIGHEST WIND SPEED    14   HIGHEST WIND DIRECTION     S (160)
  HIGHEST GUST SPEED    20   HIGHEST GUST DIRECTION     S (190)
  AVERAGE WIND SPEED     6.7


SKY COVER
  POSSIBLE SUNSHINE  MM
  AVERAGE SKY COVER 0.4


WEATHER CONDITIONS
 THE FOLLOWING WEATHER WAS RECORDED YESTERDAY.
  NO SIGNIFICANT WEATHER WAS OBSERVED.


RELATIVE HUMIDITY (PERCENT)
 HIGHEST    86          1200 AM
 LOWEST     42           300 PM
 AVERAGE    64

..........................................................


THE CARIBOU ME CLIMATE NORMALS FOR TODAY
                         NORMAL    RECORD    YEAR
 MAXIMUM TEMPERATURE (F)   67        89      1978
 MINIMUM TEMPERATURE (F)   44        32      1994


SUNRISE AND SUNSET
MAY 28 2017...........SUNRISE   444 AM EDT   SUNSET   815 PM EDT
MAY 29 2017...........SUNRISE   443 AM EDT   SUNSET   816 PM EDT


-  INDICATES NEGATIVE NUMBERS.
R  INDICATES RECORD WAS SET OR TIED.
MM INDICATES DATA IS MISSING.
T  INDICATES TRACE AMOUNT.


..........................................................
THE CARIBOU ME 4 INCH UNDER SOD SOIL TEMPERATURE FOR MAY 27 2017

MAXIMUM 60F
MINIMUM 53F

$$
