000
CDUS41 KCAR 240526
CLICAR


CLIMATE REPORT
NATIONAL WEATHER SERVICE CARIBOU, ME
1226 AM EST FRI NOV 24 2017


...................................

...THE CARIBOU ME CLIMATE SUMMARY FOR NOVEMBER 23 2017...

CLIMATE NORMAL PERIOD 1981 TO 2010
CLIMATE RECORD PERIOD 1939 TO 2017


WEATHER ITEM   OBSERVED TIME   RECORD YEAR NORMAL DEPARTURE LAST
                VALUE   (LST)  VALUE       VALUE  FROM      YEAR
                                                  NORMAL
..................................................................
TEMPERATURE (F)
 YESTERDAY
  MAXIMUM         32   1219 AM  60    1953  35     -3       36
  MINIMUM         22    803 PM  -3    1986  22      0       30
  AVERAGE         27                        28     -1       33

PRECIPITATION (IN)
  YESTERDAY        T             0.70 1953   0.12  -0.12     0.01
  MONTH TO DATE    3.42                      2.79   0.63     1.79
  SINCE SEP 1     12.78                      9.64   3.14     6.81
  SINCE JAN 1     38.64                     34.38   4.26    37.92

SNOWFALL (IN)
  YESTERDAY        T             4.4  1941   0.5   -0.5      0.1
  MONTH TO DATE    0.9                       6.9   -6.0      2.5
  SINCE SEP 1      0.9                       8.6   -7.7      2.5
  SINCE JUL 1      0.9                       8.6   -7.7      2.5
  SNOW DEPTH       T

DEGREE DAYS
 HEATING
  YESTERDAY       38                        37      1       32
  MONTH TO DATE  765                       736     29      599
  SINCE SEP 1   1325                      1722   -397     1370
  SINCE JUL 1   1449                      1876   -427     1450

 COOLING
  YESTERDAY        0                         0      0        0
  MONTH TO DATE    0                         0      0        0
  SINCE SEP 1     35                        11     24       22
  SINCE JAN 1    222                       180     42      275
..................................................................


WIND (MPH)
  HIGHEST WIND SPEED    23   HIGHEST WIND DIRECTION    NW (330)
  HIGHEST GUST SPEED    34   HIGHEST GUST DIRECTION    NW (330)
  AVERAGE WIND SPEED    10.8


SKY COVER
  POSSIBLE SUNSHINE  MM
  AVERAGE SKY COVER 0.9


WEATHER CONDITIONS
 THE FOLLOWING WEATHER WAS RECORDED YESTERDAY.
  LIGHT SNOW


RELATIVE HUMIDITY (PERCENT)
 HIGHEST    85          1200 AM
 LOWEST     68          1000 AM
 AVERAGE    77

..........................................................


THE CARIBOU ME CLIMATE NORMALS FOR TODAY
                         NORMAL    RECORD    YEAR
 MAXIMUM TEMPERATURE (F)   35        56      2014
 MINIMUM TEMPERATURE (F)   21        -1      1989


SUNRISE AND SUNSET
NOVEMBER 24 2017......SUNRISE   648 AM EST   SUNSET   349 PM EST
NOVEMBER 25 2017......SUNRISE   649 AM EST   SUNSET   349 PM EST


-  INDICATES NEGATIVE NUMBERS.
R  INDICATES RECORD WAS SET OR TIED.
MM INDICATES DATA IS MISSING.
T  INDICATES TRACE AMOUNT.




$$
