000
CDUS41 KCAR 270530
CLICAR

CLIMATE REPORT
NATIONAL WEATHER SERVICE CARIBOU, ME
129 AM EDT THU JUL 27 2017


...................................

...THE CARIBOU ME CLIMATE SUMMARY FOR JULY 26 2017...

CLIMATE NORMAL PERIOD 1981 TO 2010
CLIMATE RECORD PERIOD 1939 TO 2017


WEATHER ITEM   OBSERVED TIME   RECORD YEAR NORMAL DEPARTURE LAST
                VALUE   (LST)  VALUE       VALUE  FROM      YEAR
                                                  NORMAL
..................................................................
TEMPERATURE (F)
 YESTERDAY
  MAXIMUM         81    346 PM  93    1963  76      5       82
  MINIMUM         48    424 AM  42    1993  56     -8       64
  AVERAGE         65                        66     -1       73

PRECIPITATION (IN)
  YESTERDAY        0.00          0.95 2013   0.13  -0.13     0.22
  MONTH TO DATE    2.49                      3.47  -0.98     5.37
  SINCE JUN 1      6.88                      6.95  -0.07     9.02
  SINCE JAN 1     23.45                     20.37   3.08    24.95

SNOWFALL (IN)
  YESTERDAY        0.0           0.0  2002   0.0    0.0      0.0
                                      2001
  MONTH TO DATE    0.0                       0.0    0.0      0.0
  SINCE JUN 1      0.0                       0.0    0.0      0.0
  SINCE JUL 1      0.0                       0.0    0.0      0.0
  SNOW DEPTH       0

DEGREE DAYS
 HEATING
  YESTERDAY        0                         2     -2        0
  MONTH TO DATE   27                        54    -27       48
  SINCE JUN 1    159                       219    -60      192
  SINCE JUL 1     27                        54    -27       48

 COOLING
  YESTERDAY        0                         3     -3        8
  MONTH TO DATE   74                        64     10       89
  SINCE JUN 1    119                        98     21      134
  SINCE JAN 1    125                       103     22      142
..................................................................


WIND (MPH)
  HIGHEST WIND SPEED    13   HIGHEST WIND DIRECTION    SW (220)
  HIGHEST GUST SPEED    17   HIGHEST GUST DIRECTION    SW (210)
  AVERAGE WIND SPEED     3.7


SKY COVER
  POSSIBLE SUNSHINE  MM
  AVERAGE SKY COVER 0.0


WEATHER CONDITIONS
 THE FOLLOWING WEATHER WAS RECORDED YESTERDAY.
  NO SIGNIFICANT WEATHER WAS OBSERVED.


RELATIVE HUMIDITY (PERCENT)
 HIGHEST    89           300 AM
 LOWEST     33           300 PM
 AVERAGE    61

..........................................................


THE CARIBOU ME CLIMATE NORMALS FOR TODAY
                         NORMAL    RECORD    YEAR
 MAXIMUM TEMPERATURE (F)   76        92      1963
 MINIMUM TEMPERATURE (F)   56        42      1946


SUNRISE AND SUNSET
JULY 27 2017..........SUNRISE   506 AM EDT   SUNSET   810 PM EDT
JULY 28 2017..........SUNRISE   507 AM EDT   SUNSET   809 PM EDT


-  INDICATES NEGATIVE NUMBERS.
R  INDICATES RECORD WAS SET OR TIED.
MM INDICATES DATA IS MISSING.
T  INDICATES TRACE AMOUNT.

...................................................................
THE CARIBOU ME 4 INCH UNDER SOD SOIL TEMPERATURES FOR JULY 26 2017

MAXIMUM 76F MINIMUM 67F


$$
