000
CDUS41 KCAR 090528
CLICAR


CLIMATE REPORT
NATIONAL WEATHER SERVICE CARIBOU, ME
1228 AM EST FRI DEC 9 2016


...................................

...THE CARIBOU ME CLIMATE SUMMARY FOR DECEMBER 8 2016...

CLIMATE NORMAL PERIOD 1981 TO 2010
CLIMATE RECORD PERIOD 1939 TO 2016


WEATHER ITEM   OBSERVED TIME   RECORD YEAR NORMAL DEPARTURE LAST
                VALUE   (LST)  VALUE       VALUE  FROM      YEAR
                                                  NORMAL
..................................................................
TEMPERATURE (F)
 YESTERDAY
  MAXIMUM         33    246 PM  47    1951  29      4       33
  MINIMUM         20   1200 AM -13    1964  14      6       20
  AVERAGE         27                        22      5       27

PRECIPITATION (IN)
  YESTERDAY        T             0.60 2004   0.12  -0.12     0.00
  MONTH TO DATE    1.28                      0.93   0.35     1.10
  SINCE DEC 1      1.28                      0.93   0.35     1.10
  SINCE JAN 1     41.04                     36.15   4.89    32.39

SNOWFALL (IN)
  YESTERDAY        T             8.2  2011   0.7   -0.7      0.0
  MONTH TO DATE   13.9                       5.2    8.7      3.4
  SINCE DEC 1     13.9                       5.2    8.7      3.4
  SINCE JUL 1     34.1                      17.4   16.7      7.5
  SNOW DEPTH      16

DEGREE DAYS
 HEATING
  YESTERDAY       38                        43     -5       38
  MONTH TO DATE  345                       335     10      279
  SINCE DEC 1    345                       335     10      279
  SINCE JUL 1   2032                      2480   -448     2097

 COOLING
  YESTERDAY        0                         0      0        0
  MONTH TO DATE    0                         0      0        0
  SINCE DEC 1      0                         0      0        0
  SINCE JAN 1    275                       180     95      253
..................................................................


WIND (MPH)
  HIGHEST WIND SPEED    12   HIGHEST WIND DIRECTION     W (250)
  HIGHEST GUST SPEED    16   HIGHEST GUST DIRECTION     W (260)
  AVERAGE WIND SPEED     4.9


SKY COVER
  POSSIBLE SUNSHINE  MM
  AVERAGE SKY COVER 0.8


WEATHER CONDITIONS
 THE FOLLOWING WEATHER WAS RECORDED YESTERDAY.
  NO SIGNIFICANT WEATHER WAS OBSERVED.


RELATIVE HUMIDITY (PERCENT)
 HIGHEST    92           300 AM
 LOWEST     78          1200 PM
 AVERAGE    85

..........................................................


THE CARIBOU ME CLIMATE NORMALS FOR TODAY
                         NORMAL    RECORD    YEAR
 MAXIMUM TEMPERATURE (F)   29        47      1974
 MINIMUM TEMPERATURE (F)   14       -16      1986


SUNRISE AND SUNSET
DECEMBER  9 2016......SUNRISE   706 AM EST   SUNSET   343 PM EST
DECEMBER 10 2016......SUNRISE   707 AM EST   SUNSET   343 PM EST


-  INDICATES NEGATIVE NUMBERS.
R  INDICATES RECORD WAS SET OR TIED.
MM INDICATES DATA IS MISSING.
T  INDICATES TRACE AMOUNT.




$$
