000
CDAK48 PACD 012312
CLICDB

CLIMATE REPORT
NATIONAL WEATHER SERVICE COLD BAY, AK
312 PM AKDT FRI AUG 1 2014

...................................
...THE COLD BAY AP CLIMATE SUMMARY FOR AUGUST 1 2014...
VALID TODAY AS OF 2:00 PM LOCAL TIME

CLIMATE NORMAL PERIOD  1981 TO  2010
CLIMATE RECORD PERIOD  1942 TO  2014

WEATHER ITEM   OBSERVED TIME    RECORD YEAR NORMAL DEPARTURE LAST
               VALUE    (LST)   VALUE       VALUE  FROM      YEAR
                                                   NORMAL
...................................................................
TEMPERATURE
TODAY
 MAXIMUM            65  0159 PM    75  1961     57       8     65
 MINIMUM            49  0541 AM    35  1999     48       1     54
 AVERAGE            57                          52       5     60

PRECIPITATION
(INCHES)
 TODAY            0.00           1.99  1958   0.10   -0.10   0.18
 MONTH TO DATE    0.00                        0.10   -0.10   0.18
 SINCE JUN 1      3.18                        5.30   -2.12   6.70
 SINCE JAN 1     15.16                       19.16   -4.00  20.61

SNOWFALL
(INCHES)
 TODAY             0.0            0.0  2014    0.0     0.0    0.0
 MONTH TO DATE     0.0                         0.0     0.0    0.0
 SINCE JUN 1       0.0                         0.0     0.0    0.0
 SINCE JUL 1       0.0                         0.0     0.0    0.0
 SNOW DEPTH (IN)     0                                          0

DEGREE DAYS
 HEATING
  TODAY              8                          13      -5      5
  MONTH TO DATE      8                          13      -5      5
  SINCE JUN 1      732                        1013    -281    850
  SINCE JUL 1      287                         451    -164    341

 COOLING
  TODAY              0                           0       0      0
  MONTH TO DATE      0                           0       0      0
  SINCE JUN 1        0                           0       0      0
  SINCE JAN 1        0                           0       0      0
...................................................................

WIND (MPH)
 HIGHEST WIND SPEED    12     HIGHEST WIND DIRECTION    290
 HIGHEST GUST SPEED    13     HIGHEST GUST DIRECTION    300
 AVERAGE WIND SPEED   0.0

WEATHER CONDITIONS
 THE FOLLOWING WEATHER WAS RECORDED TODAY.
 NO SIGNIFICANT WEATHER WAS OBSERVED.
...................................................................

THE COLD BAY CLIMATE NORMALS FOR TOMORROW
                        NORMAL    RECORD   YEAR
 MAXIMUM TEMPERATURE      57        66     1961
 MINIMUM TEMPERATURE      48        41     2002

SUNRISE AND SUNSET
 AUG 1 2014..........SUNRISE  7:00 AM      SUNSET 10:55 PM
 AUG 2 2014..........SUNRISE  7:01 AM      SUNSET 10:53 PM

-  INDICATES NEGATIVE NUMBERS.
R  INDICATES RECORD HAS BEEN SET OR TIED.
MM INDICATES DATA IS MISSING.
T  INDICATES TRACE OF PRECIPITATION.

&&
-------------------------------------------------------------------

AMOUNT OF DAYLIGHT TODAY  (HOUR:MIN)........15 HOURS 55 MINUTES
LOSS SINCE YESTERDAY (HOUR:MIN:SEC)....-0:03:43

$$
STACY
