000
CDAK48 PACD 171204
CLICDB

CLIMATE REPORT
NATIONAL WEATHER SERVICE COLD BAY, AK
404 AM AKDT WED SEP 17 2014

...................................
...THE COLD BAY AP CLIMATE SUMMARY FOR SEPTEMBER 16 2014...

CLIMATE NORMAL PERIOD  1981 TO  2010
CLIMATE RECORD PERIOD  1942 TO  2014

WEATHER ITEM   OBSERVED TIME    RECORD YEAR NORMAL DEPARTURE LAST
               VALUE    (LST)   VALUE       VALUE  FROM      YEAR
                                                   NORMAL
...................................................................
TEMPERATURE
YESTERDAY
 MAXIMUM            54  0242 PM    62  1954     53       1     53
 MINIMUM            48  1159 PM    30  1943     43       5     44
 AVERAGE            51                          48       3     49

PRECIPITATION
(INCHES)
 YESTERDAY        0.11           1.27  1994   0.16   -0.05   0.27
 MONTH TO DATE    4.58                        2.44    2.14   2.59
 SINCE SEP 1      4.58                        2.44    2.14   2.59
 SINCE JAN 1     22.99                       25.18   -2.19  29.51

SNOWFALL
(INCHES)
 YESTERDAY         0.0              T  1993    0.0     0.0    0.0
 MONTH TO DATE     0.0                         0.0     0.0    0.0
 SINCE SEP 1       0.0                         0.0     0.0    0.0
 SINCE JUL 1       0.0                         0.0     0.0    0.0
 SNOW DEPTH (IN)     0                                          0

DEGREE DAYS
 HEATING
  YESTERDAY         14                          17      -3     16
  MONTH TO DATE    183                         245     -62    227
  SINCE SEP 1      183                         245     -62    227
  SINCE JUL 1      725                        1089    -364    898

 COOLING
  YESTERDAY          0                           0       0      0
  MONTH TO DATE      0                           0       0      0
  SINCE SEP 1        0                           0       0      0
  SINCE JAN 1        0                           0       0      0
...................................................................

WIND (MPH)
 HIGHEST WIND SPEED    30     HIGHEST WIND DIRECTION    280
 HIGHEST GUST SPEED    34     HIGHEST GUST DIRECTION    290
 AVERAGE WIND SPEED  18.4


WEATHER CONDITIONS
 THE FOLLOWING WEATHER WAS RECORDED YESTERDAY.
  FOG
  RAIN

...................................................................

THE COLD BAY CLIMATE NORMALS FOR TODAY
                           NORMAL    RECORD   YEAR
 MAXIMUM TEMPERATURE (F)     53        59     1986
 MINIMUM TEMPERATURE (F)     43        32     1966

SUNRISE AND SUNSET
 SEP 17 2014..........SUNRISE  8:28 AM      SUNSET  9:02 PM
 SEP 18 2014..........SUNRISE  8:30 AM      SUNSET  9:00 PM

-  INDICATES NEGATIVE NUMBERS.
R  INDICATES RECORD HAS BEEN SET OR TIED.
MM INDICATES DATA IS MISSING.
T  INDICATES TRACE OF PRECIPITATION.

&&
-------------------------------------------------------------------

AMOUNT OF DAYLIGHT TODAY  (HOUR:MIN)........12 HOURS 34 MINUTES
LOSS SINCE YESTERDAY (HOUR:MIN:SEC).........-0:04:28

$$

RCS SEP 14
