000
CDAK48 PACD 232317
CLICDB

CLIMATE REPORT
NATIONAL WEATHER SERVICE COLD BAY, AK
317 PM AKDT SAT MAY 23 2015

...................................
...THE COLD BAY AP CLIMATE SUMMARY FOR MAY 23 2015...
VALID TODAY AS OF 2:00 PM LOCAL TIME

CLIMATE NORMAL PERIOD  1981 TO  2010
CLIMATE RECORD PERIOD  1942 TO  2015

WEATHER ITEM   OBSERVED TIME    RECORD YEAR NORMAL DEPARTURE LAST
               VALUE    (LST)   VALUE       VALUE  FROM      YEAR
                                                   NORMAL
...................................................................
TEMPERATURE
TODAY
 MAXIMUM            52  0215 PM    59  1992     47       5     48
 MINIMUM            40  1256 AM    27  1966     36       4     40
 AVERAGE            46                          42       4     44

PRECIPITATION
(INCHES)
 TODAY            0.23           1.79  2002   0.09    0.14   0.00
 MONTH TO DATE    3.08                        1.85    1.23   0.13
 SINCE MAR 1      8.19                        6.97    1.22   3.39
 SINCE JAN 1     10.70                       13.11   -2.41  11.84

SNOWFALL
(INCHES)
 TODAY             0.0            0.3  2000    0.0     0.0    0.0
 MONTH TO DATE       T                         1.2    -1.2      T
 SINCE MAR 1      13.6                        20.8    -7.2    8.2
 SINCE JUL 1      22.3                        73.0   -50.7   37.3
 SNOW DEPTH (IN)     0                                          0

DEGREE DAYS
 HEATING
  TODAY             19                          23      -4     21
  MONTH TO DATE    514                         585     -71    476
  SINCE MAR 1     2362                        2594    -232   2213
  SINCE JUL 1     7735                        8818   -1083   7357

 COOLING
  TODAY              0                           0       0      0
  MONTH TO DATE      0                           0       0      0
  SINCE MAR 1        0                           0       0      0
  SINCE JAN 1        0                           0       0      0
...................................................................

WIND (MPH)
 HIGHEST WIND SPEED    45     HIGHEST WIND DIRECTION    140
 HIGHEST GUST SPEED    55     HIGHEST GUST DIRECTION    140
 AVERAGE WIND SPEED    MM


WEATHER CONDITIONS
 THE FOLLOWING WEATHER WAS RECORDED TODAY.
  FOG
  RAIN

...................................................................

THE COLD BAY CLIMATE NORMALS FOR TOMORROW
                        NORMAL    RECORD   YEAR
 MAXIMUM TEMPERATURE      47        59     2006
 MINIMUM TEMPERATURE      37        28     1985

SUNRISE AND SUNSET
 MAY 23 2015..........SUNRISE  6:30 AM      SUNSET 11:08 PM
 MAY 24 2015..........SUNRISE  6:28 AM      SUNSET 11:09 PM

-  INDICATES NEGATIVE NUMBERS.
R  INDICATES RECORD HAS BEEN SET OR TIED.
MM INDICATES DATA IS MISSING.
T  INDICATES TRACE OF PRECIPITATION.

&&
-------------------------------------------------------------------

AMOUNT OF DAYLIGHT TODAY  (HOUR:MIN)........16 HOURS 38 MINUTES
GAIN SINCE YESTERDAY  (HOUR:MIN:SEC)........+0:03:05

$$

RCS MAY 15
