000
CDAK48 PACD 211201
CLICDB

CLIMATE REPORT
NATIONAL WEATHER SERVICE COLD BAY, AK
401 AM AKDT MON APR 21 2014

...................................
...THE COLD BAY AP CLIMATE SUMMARY FOR APRIL 20 2014...

CLIMATE NORMAL PERIOD  1981 TO  2010
CLIMATE RECORD PERIOD  1955 TO  2014

WEATHER ITEM   OBSERVED TIME    RECORD YEAR NORMAL DEPARTURE LAST
               VALUE    (LST)   VALUE       VALUE  FROM      YEAR
                                                   NORMAL
...................................................................
TEMPERATURE
YESTERDAY
 MAXIMUM            42  0546 PM    49  1981     40       2     43
 MINIMUM            28  1159 PM    15  2005     30      -2     22
 AVERAGE            35                          35       0     33

PRECIPITATION
(INCHES)
 YESTERDAY           T           2.16  1993   0.08   -0.08   0.00
 MONTH TO DATE    1.52                        1.63   -0.11   1.92
 SINCE MAR 1      2.91                        4.33   -1.42   4.60
 SINCE JAN 1     11.36                       10.47    0.89  10.51

SNOWFALL
(INCHES)
 YESTERDAY           T            0.8  1988    0.2    -0.2    0.0
 MONTH TO DATE     1.4                         5.2    -3.8    2.1
 SINCE MAR 1       8.2                        18.2   -10.0   12.4
 SINCE JUL 1      37.3                        70.4   -33.1   64.2
 SNOW DEPTH (IN)     0                                          0

DEGREE DAYS
 HEATING
  YESTERDAY         30                          30       0     32
  MONTH TO DATE    533                         641    -108    657
  SINCE MAR 1     1497                        1720    -223   1711
  SINCE JUL 1     6641                        7944   -1303     MM

 COOLING
  YESTERDAY          0                           0       0      0
  MONTH TO DATE      0                           0       0      0
  SINCE MAR 1        0                           0       0      0
  SINCE JAN 1        0                           0       0      0
...................................................................

WIND (MPH)
 HIGHEST WIND SPEED    28     HIGHEST WIND DIRECTION    300
 HIGHEST GUST SPEED    33     HIGHEST GUST DIRECTION    300
 AVERAGE WIND SPEED  15.3

WEATHER CONDITIONS
 THE FOLLOWING WEATHER WAS RECORDED YESTERDAY.
 FOG
 BLOWING SNOW
 RAIN
 SNOW
...................................................................

THE COLD BAY CLIMATE NORMALS FOR TODAY
                           NORMAL    RECORD   YEAR
 MAXIMUM TEMPERATURE (F)     40        51     1981
 MINIMUM TEMPERATURE (F)     30        17     1984

SUNRISE AND SUNSET
 APR 21 2014..........SUNRISE  7:33 AM      SUNSET 10:09 PM
 APR 22 2014..........SUNRISE  7:30 AM      SUNSET 10:11 PM

-  INDICATES NEGATIVE NUMBERS.
R  INDICATES RECORD HAS BEEN SET OR TIED.
MM INDICATES DATA IS MISSING.
T  INDICATES TRACE OF PRECIPITATION.

&&
-------------------------------------------------------------------

AMOUNT OF DAYLIGHT TODAY  (HOUR:MIN)........14 HOURS 36 MINUTES
GAIN SINCE YESTERDAY (HOUR:MIN:SEC)....+0:04:20

$$
STACY
