000
CDAK48 PAFC 211254
CLICDB


CLIMATE REPORT
NATIONAL WEATHER SERVICE ANCHORAGE, AK
354 AM AKST TUE NOV 21 2017


...................................

...THE COLD BAY CLIMATE SUMMARY FOR NOVEMBER 20 2017...

CLIMATE NORMAL PERIOD 1981 TO 2010
CLIMATE RECORD PERIOD 1942 TO 2017


WEATHER ITEM   OBSERVED TIME   RECORD YEAR NORMAL DEPARTURE LAST
                VALUE   (LST)  VALUE       VALUE  FROM      YEAR
                                                  NORMAL
..................................................................
TEMPERATURE (F)
 YESTERDAY
  MAXIMUM         38        MM  51    1973  38      0       38
  MINIMUM         30        MM  14    1989  29      1       33
  AVERAGE         34                        34      0       36

PRECIPITATION (IN)
  YESTERDAY        T             1.05 1978   0.18  -0.18     0.02
  MONTH TO DATE    1.28                      3.24  -1.96     2.02
  SINCE SEP 1      9.77                     12.73  -2.96    14.94
  SINCE JAN 1     29.33                     35.47  -6.14    34.24

SNOWFALL (IN)
  YESTERDAY        0.0           3.3  2009   0.4   -0.4      0.0
  MONTH TO DATE    T                         6.1   -6.1       T
  SINCE SEP 1      2.1                       8.5   -6.4      1.5
  SINCE JUL 1      2.1                       8.5   -6.4      1.5
  SNOW DEPTH       0

DEGREE DAYS
 HEATING
  YESTERDAY       31                        31      0       29
  MONTH TO DATE  509                       596    -87      572
  SINCE SEP 1   1705                      1864   -159     1583
  SINCE JUL 1   2456                      2703   -247     2054

 COOLING
  YESTERDAY        0                         0      0        0
  MONTH TO DATE    0                         0      0        0
  SINCE SEP 1      0                         0      0        0
  SINCE JAN 1      0                         0      0        0
..................................................................


WIND (MPH)
  RESULTANT WIND SPEED  24   RESULTANT WIND DIRECTION  NW (330)
  HIGHEST WIND SPEED    41   HIGHEST WIND DIRECTION    NW (330)
  HIGHEST GUST SPEED    60   HIGHEST GUST DIRECTION    NW (320)
  AVERAGE WIND SPEED    24.5



WEATHER CONDITIONS
 THE FOLLOWING WEATHER WAS RECORDED YESTERDAY.
  LIGHT SNOW


RELATIVE HUMIDITY (PERCENT)
 HIGHEST    89
 LOWEST     70
 AVERAGE    80

..........................................................


THE COLD BAY CLIMATE NORMALS FOR TODAY
                         NORMAL    RECORD    YEAR
 MAXIMUM TEMPERATURE (F)   38        53      1946
 MINIMUM TEMPERATURE (F)   29        10      2005


SUNRISE AND SUNSET
NOVEMBER 21 2017......SUNRISE   937 AM AKST  SUNSET   537 PM AKST
NOVEMBER 22 2017......SUNRISE   938 AM AKST  SUNSET   535 PM AKST


-  INDICATES NEGATIVE NUMBERS.
R  INDICATES RECORD WAS SET OR TIED.
MM INDICATES DATA IS MISSING.
T  INDICATES TRACE AMOUNT.




$$
