000
CDAK48 PACD 300045
CLICDB


CLIMATE REPORT
NATIONAL WEATHER SERVICE ANCHORAGE, AK
445 PM AKDT MON MAY 29 2017


...................................

...THE COLD BAY CLIMATE SUMMARY FOR MAY 29 2017...
VALID TODAY AS OF 0400 PM LOCAL TIME.

CLIMATE NORMAL PERIOD 1981 TO 2010
CLIMATE RECORD PERIOD 1942 TO 2017


WEATHER ITEM   OBSERVED TIME   RECORD YEAR NORMAL DEPARTURE LAST
                VALUE   (LST)  VALUE       VALUE  FROM      YEAR
                                                  NORMAL
..................................................................
TEMPERATURE (F)
 TODAY
  MAXIMUM         56    248 PM  67    2006  48      8       54
  MINIMUM         27R   538 AM  30    1972  38    -11       44
  AVERAGE         42                        43     -1       49

PRECIPITATION (IN)
  TODAY            0.00          1.90 2000   0.09  -0.09      T
  MONTH TO DATE    1.88                      2.41  -0.53     1.59
  SINCE MAR 1      2.93                      7.53  -4.60     5.83
  SINCE JAN 1      9.91                     13.67  -3.76    12.31

SNOWFALL (IN)
  TODAY            0.0           T    1991   0.0    0.0     MM
  MONTH TO DATE    0.0                       1.3   -1.3      0.0
  SINCE MAR 1      2.9                      20.9  -18.0      0.0
  SINCE JUL 1     39.5                      73.1  -33.6     38.3
  SNOW DEPTH       0

DEGREE DAYS
 HEATING
  TODAY           23                        22      1       16
  MONTH TO DATE  670                       721    -51      547
  SINCE MAR 1   2725                      2733     -8     2160
  SINCE JUL 1   8285                      8951   -666     7376

 COOLING
  TODAY            0                         0      0        0
  MONTH TO DATE    0                         0      0        0
  SINCE MAR 1      0                         0      0        0
  SINCE JAN 1      0                         0      0        0
..................................................................


WIND (MPH)
  RESULTANT WIND SPEED   3   RESULTANT WIND DIRECTION  SE (120)
  HIGHEST WIND SPEED    16   HIGHEST WIND DIRECTION    SE (150)
  HIGHEST GUST SPEED    21   HIGHEST GUST DIRECTION    SE (130)
  AVERAGE WIND SPEED     4.8



WEATHER CONDITIONS
 THE FOLLOWING WEATHER WAS RECORDED TODAY.
  NO SIGNIFICANT WEATHER WAS OBSERVED.


RELATIVE HUMIDITY (PERCENT)
 HIGHEST   100
 LOWEST     46
 AVERAGE    73

..........................................................


THE COLD BAY CLIMATE NORMALS FOR TOMORROW
                         NORMAL    RECORD    YEAR
 MAXIMUM TEMPERATURE (F)   48        61      1993
 MINIMUM TEMPERATURE (F)   38        32      1995
                                             1947


SUNRISE AND SUNSET
MAY 29 2017...........SUNRISE   621 AM AKDT  SUNSET  1117 PM AKDT
MAY 30 2017...........SUNRISE   620 AM AKDT  SUNSET  1118 PM AKDT


-  INDICATES NEGATIVE NUMBERS.
R  INDICATES RECORD WAS SET OR TIED.
MM INDICATES DATA IS MISSING.
T  INDICATES TRACE AMOUNT.




$$
