000
CDAK48 PACD 251204
CLICDB

CLIMATE REPORT
NATIONAL WEATHER SERVICE COLD BAY, AK
404 AM AKDT SAT OCT 25 2014

...................................
...THE COLD BAY AP CLIMATE SUMMARY FOR OCTOBER 24 2014...

CLIMATE NORMAL PERIOD  1981 TO  2010
CLIMATE RECORD PERIOD  1942 TO  2014

WEATHER ITEM   OBSERVED TIME    RECORD YEAR NORMAL DEPARTURE LAST
               VALUE    (LST)   VALUE       VALUE  FROM      YEAR
                                                   NORMAL
...................................................................
TEMPERATURE
YESTERDAY
 MAXIMUM            47  0350 PM    52  1980     43       4     48
 MINIMUM            41  1054 PM    21  1999     34       7     42
 AVERAGE            44                          38       6     45

PRECIPITATION
(INCHES)
 YESTERDAY        0.12           1.53  2000   0.15   -0.03   0.40
 MONTH TO DATE    1.24                        3.72   -2.48   4.48
 SINCE SEP 1      6.71                        8.45   -1.74   9.39
 SINCE JAN 1     25.12                       31.19   -6.07  36.31

SNOWFALL
(INCHES)
 YESTERDAY         0.0            1.4  2009    0.1    -0.1    0.0
 MONTH TO DATE     2.4                         1.4     1.0    0.0
 SINCE SEP 1       2.4                         1.4     1.0    0.0
 SINCE JUL 1       2.4                         1.4     1.0    0.0
 SNOW DEPTH (IN)     0                                          0

DEGREE DAYS
 HEATING
  YESTERDAY         21                          27      -6     20
  MONTH TO DATE    588                         570      18    437
  SINCE SEP 1     1008                        1077     -69    895
  SINCE JUL 1     1550                        1921    -371   1566

 COOLING
  YESTERDAY          0                           0       0      0
  MONTH TO DATE      0                           0       0      0
  SINCE SEP 1        0                           0       0      0
  SINCE JAN 1        0                           0       0      0
...................................................................

WIND (MPH)
 HIGHEST WIND SPEED    22     HIGHEST WIND DIRECTION    240
 HIGHEST GUST SPEED    27     HIGHEST GUST DIRECTION    250
 AVERAGE WIND SPEED   6.5

WEATHER CONDITIONS
 THE FOLLOWING WEATHER WAS RECORDED YESTERDAY.
 FOG
 RAIN
...................................................................

THE COLD BAY CLIMATE NORMALS FOR TODAY
                           NORMAL    RECORD   YEAR
 MAXIMUM TEMPERATURE (F)     43        59     2004
 MINIMUM TEMPERATURE (F)     33        14     1966

SUNRISE AND SUNSET
 OCT 25 2014..........SUNRISE  9:42 AM      SUNSET  7:28 PM
 OCT 26 2014..........SUNRISE  9:44 AM      SUNSET  7:26 PM

-  INDICATES NEGATIVE NUMBERS.
R  INDICATES RECORD HAS BEEN SET OR TIED.
MM INDICATES DATA IS MISSING.
T  INDICATES TRACE OF PRECIPITATION.

&&
-------------------------------------------------------------------

AMOUNT OF DAYLIGHT TODAY  (HOUR:MIN)........9 HOURS 46 MINUTES
LOSS SINCE YESTERDAY (HOUR:MIN:SEC)....-0:04:18

$$
STACY
