000
CDAK48 PAFC 162235
CLICDB


CLIMATE REPORT
NATIONAL WEATHER SERVICE ANCHORAGE, AK
135 PM AKST MON JAN 16 2017


...................................

...THE COLD BAY CLIMATE SUMMARY FOR JANUARY 16 2017...
VALID TODAY AS OF 0100 PM LOCAL TIME.

CLIMATE NORMAL PERIOD 1981 TO 2010
CLIMATE RECORD PERIOD 1942 TO 2017


WEATHER ITEM   OBSERVED TIME   RECORD YEAR NORMAL DEPARTURE LAST
                VALUE   (LST)  VALUE       VALUE  FROM      YEAR
                                                  NORMAL
..................................................................
TEMPERATURE (F)
 TODAY
  MAXIMUM         MM        MM  46    2014  33     MM       38
                                      1963
  MINIMUM         MM        MM   4    2012  23     MM       33
  AVERAGE         MM                        28     MM       36

PRECIPITATION (IN)
  TODAY            0.06          0.74 2009   0.10  -0.04     0.00
  MONTH TO DATE    2.15                      1.67   0.48     3.04
  SINCE DEC 1      7.82                      6.13   1.69    10.30
  SINCE JAN 1      2.15                      1.67   0.48     3.04

SNOWFALL (IN)
  TODAY           MM             6.3  2009   0.4   MM        0.0
  MONTH TO DATE    1.0                       7.2   -6.2      7.1
  SINCE DEC 1     16.0                      19.8   -3.8     31.1
  SINCE JUL 1     17.8                      32.4  -14.6     36.4
  SNOW DEPTH       0

DEGREE DAYS
 HEATING
  TODAY           MM                        37     MM       29
  MONTH TO DATE  559                       584    -25      518
  SINCE DEC 1   1539                      1635    -96     1424
  SINCE JUL 1   3889                      4655   -766     3917

 COOLING
  TODAY           MM                         0     MM        0
  MONTH TO DATE    0                         0      0        0
  SINCE DEC 1      0                         0      0        0
  SINCE JAN 1      0                         0      0        0
..................................................................


WIND (MPH)
  RESULTANT WIND SPEED  10   RESULTANT WIND DIRECTION  SW (240)
  HIGHEST WIND SPEED    14   HIGHEST WIND DIRECTION    SW (240)
  HIGHEST GUST SPEED    MM   HIGHEST GUST DIRECTION    MM
  AVERAGE WIND SPEED    10.9



WEATHER CONDITIONS
 THE FOLLOWING WEATHER WAS RECORDED TODAY.
  HEAVY SNOW
  SNOW
  LIGHT SNOW
  FOG
  FOG W/VISIBILITY <= 1/4 MILE


RELATIVE HUMIDITY (PERCENT)
 HIGHEST    96
 LOWEST     81
 AVERAGE    89

..........................................................


THE COLD BAY CLIMATE NORMALS FOR TOMORROW
                         NORMAL    RECORD    YEAR
 MAXIMUM TEMPERATURE (F)   33        45      2014
 MINIMUM TEMPERATURE (F)   23         1      2011


SUNRISE AND SUNSET
JANUARY 16 2017.......SUNRISE  1006 AM AKST  SUNSET   556 PM AKST
JANUARY 17 2017.......SUNRISE  1005 AM AKST  SUNSET   558 PM AKST


-  INDICATES NEGATIVE NUMBERS.
R  INDICATES RECORD WAS SET OR TIED.
MM INDICATES DATA IS MISSING.
T  INDICATES TRACE AMOUNT.




$$
