000
CDUS45 KSLC 230027
CLICDC


CLIMATE REPORT
NATIONAL WEATHER SERVICE SALT LAKE CITY UT
526 PM MST SUN JAN 22 2017


...................................

...THE CEDAR CITY UT CLIMATE SUMMARY FOR JANUARY 22 2017...
VALID TODAY AS OF 0500 PM LOCAL TIME.

CLIMATE NORMAL PERIOD 1981 TO 2010
CLIMATE RECORD PERIOD 1928 TO 2017


WEATHER ITEM   OBSERVED TIME   RECORD YEAR NORMAL DEPARTURE LAST
                VALUE   (LST)  VALUE       VALUE  FROM      YEAR
                                                  NORMAL
..................................................................
TEMPERATURE (F)
 TODAY
  MAXIMUM         40    333 PM  64    1981  42     -2       50
  MINIMUM         20    403 AM -11    1962  17      3       23
  AVERAGE         30                        29      1       37

PRECIPITATION (IN)
  TODAY            0.00          0.63 1996   0.02  -0.02     0.00
  MONTH TO DATE    0.73                      0.61   0.12     0.11
  SINCE OCT 1      3.56                      3.72  -0.16     3.67
  SINCE JAN 1      0.73                      0.61   0.12     0.11

DEGREE DAYS
 HEATING
  TODAY           35                        36     -1       28
  MONTH TO DATE  740                       799    -59      811
  SINCE DEC 1   1853                      1919    -66     1974
  SINCE JUL 1   2950                      3361   -411     3206

 COOLING
  TODAY            0                         0      0        0
  MONTH TO DATE    0                         0      0        0
  SINCE DEC 1      0                         0      0        0
  SINCE JAN 1      0                         0      0        0
..................................................................


WIND (MPH)
  RESULTANT WIND SPEED  10   RESULTANT WIND DIRECTION   S (200)
  HIGHEST WIND SPEED    40   HIGHEST WIND DIRECTION     S (190)
  HIGHEST GUST SPEED    55   HIGHEST GUST DIRECTION     S (190)
  AVERAGE WIND SPEED    12.1



WEATHER CONDITIONS
 THE FOLLOWING WEATHER WAS RECORDED TODAY.
  NO SIGNIFICANT WEATHER WAS OBSERVED.


RELATIVE HUMIDITY (PERCENT)
 HIGHEST    85           600 AM
 LOWEST     59           300 PM
 AVERAGE    72

..........................................................


THE CEDAR CITY UT CLIMATE NORMALS FOR TOMORROW
                         NORMAL    RECORD    YEAR
 MAXIMUM TEMPERATURE (F)   42        59      1970
 MINIMUM TEMPERATURE (F)   17       -15      1962


SUNRISE AND SUNSET
JANUARY 22 2017.......SUNRISE   743 AM MST   SUNSET   545 PM MST
JANUARY 23 2017.......SUNRISE   742 AM MST   SUNSET   547 PM MST


-  INDICATES NEGATIVE NUMBERS.
R  INDICATES RECORD WAS SET OR TIED.
MM INDICATES DATA IS MISSING.
T  INDICATES TRACE AMOUNT.




$$
