231
CDUS45 KSLC 101230
CLICDC


CLIMATE REPORT
NATIONAL WEATHER SERVICE SALT LAKE CITY UT
530 AM MST WED FEB 10 2016


...................................

...THE CEDAR CITY UT CLIMATE SUMMARY FOR FEBRUARY 9 2016...

CLIMATE NORMAL PERIOD 1981 TO 2010
CLIMATE RECORD PERIOD 1928 TO 2016


WEATHER ITEM   OBSERVED TIME   RECORD YEAR NORMAL DEPARTURE LAST
                VALUE   (LST)  VALUE       VALUE  FROM      YEAR
                                                  NORMAL
..................................................................
TEMPERATURE (F)
 YESTERDAY
  MAXIMUM         44    404 PM  68    1996  45     -1       64
  MINIMUM         14    104 AM -10    1949  19     -5       37
  AVERAGE         29                        32     -3       51

PRECIPITATION (IN)
  YESTERDAY        0.00          0.41 1959   0.04  -0.04     0.00
                                      1959
                                      2013
  MONTH TO DATE    0.33                      0.29   0.04     0.00
  SINCE OCT 1      4.99                      4.26   0.73     2.66
  SINCE JAN 1      1.43                      1.15   0.28     0.53

DEGREE DAYS
 HEATING
  YESTERDAY       36                        33      3       14
  MONTH TO DATE  423                       303    120      164
  SINCE DEC 1   2675                      2536    139     2112
  SINCE JUL 1   3907                      3978    -71     3303

 COOLING
  YESTERDAY        0                         0      0        0
  MONTH TO DATE    0                         0      0        0
  SINCE DEC 1      0                         0      0        0
  SINCE JAN 1      0                         0      0        0
..................................................................


WIND (MPH)
  RESULTANT WIND SPEED   2   RESULTANT WIND DIRECTION   E (100)
  HIGHEST WIND SPEED     7   HIGHEST WIND DIRECTION    SE (140)
  HIGHEST GUST SPEED     8   HIGHEST GUST DIRECTION    SE (140)
  AVERAGE WIND SPEED     1.8



WEATHER CONDITIONS
 THE FOLLOWING WEATHER WAS RECORDED YESTERDAY.
  NO SIGNIFICANT WEATHER WAS OBSERVED.


RELATIVE HUMIDITY (PERCENT)
 HIGHEST    92           100 AM
 LOWEST     48           100 PM
 AVERAGE    70

..........................................................


THE CEDAR CITY UT CLIMATE NORMALS FOR TODAY
                         NORMAL    RECORD    YEAR
 MAXIMUM TEMPERATURE (F)   45        67      1951
 MINIMUM TEMPERATURE (F)   20        -7      1986


SUNRISE AND SUNSET
FEBRUARY 10 2016......SUNRISE   728 AM MST   SUNSET   606 PM MST
FEBRUARY 11 2016......SUNRISE   727 AM MST   SUNSET   607 PM MST


-  INDICATES NEGATIVE NUMBERS.
R  INDICATES RECORD WAS SET OR TIED.
MM INDICATES DATA IS MISSING.
T  INDICATES TRACE AMOUNT.




$$
