000
CDUS45 KSLC 281233
CLICDC


CLIMATE REPORT
NATIONAL WEATHER SERVICE SALT LAKE CITY UT
632 AM MDT TUE JUL 28 2015


...................................

...THE CEDAR CITY UT CLIMATE SUMMARY FOR JULY 27 2015...

CLIMATE NORMAL PERIOD 1981 TO 2010
CLIMATE RECORD PERIOD 1928 TO 2015


WEATHER ITEM   OBSERVED TIME   RECORD YEAR NORMAL DEPARTURE LAST
                VALUE   (LST)  VALUE       VALUE  FROM      YEAR
                                                  NORMAL
..................................................................
TEMPERATURE (F)
 YESTERDAY
  MAXIMUM         88    257 PM  99    1980  90     -2       94
  MINIMUM         57   1127 PM  45    2005  57      0       55
  AVERAGE         73                        74     -1       75

PRECIPITATION (IN)
  YESTERDAY        0.00          2.25 2013   0.04  -0.04     0.00
  MONTH TO DATE    0.40                      0.68  -0.28     0.19
  SINCE OCT 1     10.06                      9.36   0.70     5.56
  SINCE JAN 1      7.93                      6.25   1.68     3.62

DEGREE DAYS
 HEATING
  YESTERDAY        0                         0      0        0
  MONTH TO DATE    1                         0      1        0
  SINCE JUN 1     26                        76    -50       27
  SINCE JUL 1      1                         0      1        0

 COOLING
  YESTERDAY        8                         9     -1       10
  MONTH TO DATE  175                       219    -44      266
  SINCE JUN 1    362                       312     50      366
  SINCE JAN 1    364                       320     44      391
..................................................................


WIND (MPH)
  RESULTANT WIND SPEED  11   RESULTANT WIND DIRECTION   S (200)
  HIGHEST WIND SPEED    24   HIGHEST WIND DIRECTION    SW (210)
  HIGHEST GUST SPEED    33   HIGHEST GUST DIRECTION    SW (240)
  AVERAGE WIND SPEED    11.8



WEATHER CONDITIONS
 THE FOLLOWING WEATHER WAS RECORDED YESTERDAY.
  NO SIGNIFICANT WEATHER WAS OBSERVED.


RELATIVE HUMIDITY (PERCENT)
 HIGHEST    27          1100 PM
 LOWEST      7           300 PM
 AVERAGE    17

..........................................................


THE CEDAR CITY UT CLIMATE NORMALS FOR TODAY
                         NORMAL    RECORD    YEAR
 MAXIMUM TEMPERATURE (F)   90        99      1994
 MINIMUM TEMPERATURE (F)   57        48      2004


SUNRISE AND SUNSET
JULY 28 2015..........SUNRISE   633 AM MDT   SUNSET   845 PM MDT
JULY 29 2015..........SUNRISE   633 AM MDT   SUNSET   844 PM MDT


-  INDICATES NEGATIVE NUMBERS.
R  INDICATES RECORD WAS SET OR TIED.
MM INDICATES DATA IS MISSING.
T  INDICATES TRACE AMOUNT.




$$
