000
CDUS45 KSLC 220120
CLICDC


CLIMATE REPORT
NATIONAL WEATHER SERVICE SALT LAKE CITY UT
719 PM MDT SAT OCT 21 2017


...................................

...THE CEDAR CITY UT CLIMATE SUMMARY FOR OCTOBER 21 2017...
VALID TODAY AS OF 0500 PM LOCAL TIME.

CLIMATE NORMAL PERIOD 1981 TO 2010
CLIMATE RECORD PERIOD 1928 TO 2017


WEATHER ITEM   OBSERVED TIME   RECORD YEAR NORMAL DEPARTURE LAST
                VALUE   (LST)  VALUE       VALUE  FROM      YEAR
                                                  NORMAL
..................................................................
TEMPERATURE (F)
 TODAY
  MAXIMUM         57    359 PM  82    2003  64     -7       75
  MINIMUM         19    717 AM  17    2007  32    -13       27
  AVERAGE         38                        48    -10       51

PRECIPITATION (IN)
  TODAY            0.00          1.00 2004   0.04  -0.04     0.00
  MONTH TO DATE    0.03                      0.89  -0.86     0.02
  SINCE OCT 1      0.03                      0.89  -0.86     0.02
  SINCE JAN 1      9.03                      9.09  -0.06     7.94

DEGREE DAYS
 HEATING
  TODAY           27                        17     10       14
  MONTH TO DATE  302                       283     19      220
  SINCE SEP 1    489                       417     72      333
  SINCE JUL 1    489                       426     63      337

 COOLING
  TODAY            0                         0      0        0
  MONTH TO DATE    0                         0      0        2
  SINCE SEP 1     73                        39     34       33
  SINCE JAN 1    865                       588    277      826
..................................................................


WIND (MPH)
  RESULTANT WIND SPEED   3   RESULTANT WIND DIRECTION   N (10)
  HIGHEST WIND SPEED    17   HIGHEST WIND DIRECTION     N (20)
  HIGHEST GUST SPEED    23   HIGHEST GUST DIRECTION     N (10)
  AVERAGE WIND SPEED     4.3



WEATHER CONDITIONS
 THE FOLLOWING WEATHER WAS RECORDED TODAY.
  NO SIGNIFICANT WEATHER WAS OBSERVED.


RELATIVE HUMIDITY (PERCENT)
 HIGHEST    77           700 AM
 LOWEST     14           300 PM
 AVERAGE    46

..........................................................


THE CEDAR CITY UT CLIMATE NORMALS FOR TOMORROW
                         NORMAL    RECORD    YEAR
 MAXIMUM TEMPERATURE (F)   63        83      2003
 MINIMUM TEMPERATURE (F)   32        15      1996


SUNRISE AND SUNSET
OCTOBER 21 2017.......SUNRISE   747 AM MDT   SUNSET   647 PM MDT
OCTOBER 22 2017.......SUNRISE   748 AM MDT   SUNSET   645 PM MDT


-  INDICATES NEGATIVE NUMBERS.
R  INDICATES RECORD WAS SET OR TIED.
MM INDICATES DATA IS MISSING.
T  INDICATES TRACE AMOUNT.




$$
