000
CDUS45 KSLC 200110
CLICDC


CLIMATE REPORT
NATIONAL WEATHER SERVICE SALT LAKE CITY UT
610 PM MST SUN FEB 19 2017


...................................

...THE CEDAR CITY UT CLIMATE SUMMARY FOR FEBRUARY 19 2017...
VALID TODAY AS OF 0500 PM LOCAL TIME.

CLIMATE NORMAL PERIOD 1981 TO 2010
CLIMATE RECORD PERIOD 1928 TO 2017


WEATHER ITEM   OBSERVED TIME   RECORD YEAR NORMAL DEPARTURE LAST
                VALUE   (LST)  VALUE       VALUE  FROM      YEAR
                                                  NORMAL
..................................................................
TEMPERATURE (F)
 TODAY
  MAXIMUM         50    347 PM  68    1981  47      3       59
  MINIMUM         37    733 AM  -3    1955  21     16       25
  AVERAGE         44                        34     10       42

PRECIPITATION (IN)
  TODAY            T             0.56 1993   0.04  -0.04     0.00
  MONTH TO DATE    0.42                      0.64  -0.22     0.37
  SINCE OCT 1      4.33                      4.61  -0.28     5.03
  SINCE JAN 1      1.50                      1.50   0.00     1.47

DEGREE DAYS
 HEATING
  TODAY           21                        31    -10       23
  MONTH TO DATE  422                       621   -199      708
  SINCE DEC 1   2649                      2854   -205     2960
  SINCE JUL 1   3746                      4296   -550     4192

 COOLING
  TODAY            0                         0      0        0
  MONTH TO DATE    0                         0      0        0
  SINCE DEC 1      0                         0      0        0
  SINCE JAN 1      0                         0      0        0
..................................................................


WIND (MPH)
  RESULTANT WIND SPEED  12   RESULTANT WIND DIRECTION  SW (220)
  HIGHEST WIND SPEED    25   HIGHEST WIND DIRECTION    SW (220)
  HIGHEST GUST SPEED    32   HIGHEST GUST DIRECTION    SW (220)
  AVERAGE WIND SPEED    12.0



WEATHER CONDITIONS
 THE FOLLOWING WEATHER WAS RECORDED TODAY.
  NO SIGNIFICANT WEATHER WAS OBSERVED.


RELATIVE HUMIDITY (PERCENT)
 HIGHEST    92           200 AM
 LOWEST     52           400 PM
 AVERAGE    72

..........................................................


THE CEDAR CITY UT CLIMATE NORMALS FOR TOMORROW
                         NORMAL    RECORD    YEAR
 MAXIMUM TEMPERATURE (F)   47        69      1977
 MINIMUM TEMPERATURE (F)   22        -4      1955


SUNRISE AND SUNSET
FEBRUARY 19 2017......SUNRISE   717 AM MST   SUNSET   616 PM MST
FEBRUARY 20 2017......SUNRISE   715 AM MST   SUNSET   617 PM MST


-  INDICATES NEGATIVE NUMBERS.
R  INDICATES RECORD WAS SET OR TIED.
MM INDICATES DATA IS MISSING.
T  INDICATES TRACE AMOUNT.




$$
