000
CDUS45 KSLC 221227
CLICDC


CLIMATE REPORT
NATIONAL WEATHER SERVICE SALT LAKE CITY UT
626 AM MDT MON MAY 22 2017


...................................

...THE CEDAR CITY UT CLIMATE SUMMARY FOR MAY 21 2017...

CLIMATE NORMAL PERIOD 1981 TO 2010
CLIMATE RECORD PERIOD 1928 TO 2017


WEATHER ITEM   OBSERVED TIME   RECORD YEAR NORMAL DEPARTURE LAST
                VALUE   (LST)  VALUE       VALUE  FROM      YEAR
                                                  NORMAL
..................................................................
TEMPERATURE (F)
 YESTERDAY
  MAXIMUM         77    110 PM  88    2012  74      3       66
  MINIMUM         38    259 AM  25    1975  41     -3       41
  AVERAGE         58                        57      1       54

PRECIPITATION (IN)
  YESTERDAY        T             0.52 1954   0.03  -0.03     0.00
  MONTH TO DATE    0.82                      0.51   0.31     0.32
  SINCE OCT 1      8.25                      7.89   0.36     7.93
  SINCE JAN 1      5.42                      4.78   0.64     4.37

DEGREE DAYS
 HEATING
  YESTERDAY        7                         8     -1       11
  MONTH TO DATE  237                       226     11      211
  SINCE MAR 1   1371                      1550   -179     1376
  SINCE JUL 1   5392                      6112   -720     5790

 COOLING
  YESTERDAY        0                         0      0        0
  MONTH TO DATE    0                         0      0        3
  SINCE MAR 1      0                         0      0        3
  SINCE JAN 1      0                         0      0        3
..................................................................


WIND (MPH)
  RESULTANT WIND SPEED   0   RESULTANT WIND DIRECTION   W (290)
  HIGHEST WIND SPEED    20   HIGHEST WIND DIRECTION     N (20)
  HIGHEST GUST SPEED    28   HIGHEST GUST DIRECTION    NE (30)
  AVERAGE WIND SPEED     6.2



WEATHER CONDITIONS
 THE FOLLOWING WEATHER WAS RECORDED YESTERDAY.
  NO SIGNIFICANT WEATHER WAS OBSERVED.


RELATIVE HUMIDITY (PERCENT)
 HIGHEST    79           500 AM
 LOWEST     19           100 PM
 AVERAGE    49

..........................................................


THE CEDAR CITY UT CLIMATE NORMALS FOR TODAY
                         NORMAL    RECORD    YEAR
 MAXIMUM TEMPERATURE (F)   75        91      1967
 MINIMUM TEMPERATURE (F)   41        27      2002


SUNRISE AND SUNSET
MAY 22 2017...........SUNRISE   617 AM MDT   SUNSET   841 PM MDT
MAY 23 2017...........SUNRISE   617 AM MDT   SUNSET   842 PM MDT


-  INDICATES NEGATIVE NUMBERS.
R  INDICATES RECORD WAS SET OR TIED.
MM INDICATES DATA IS MISSING.
T  INDICATES TRACE AMOUNT.




$$
