000
CDUS45 KSLC 281231
CLICDC


CLIMATE REPORT
NATIONAL WEATHER SERVICE SALT LAKE CITY UT
631 AM MDT TUE MAR 28 2017


...................................

...THE CEDAR CITY UT CLIMATE SUMMARY FOR MARCH 27 2017...

CLIMATE NORMAL PERIOD 1981 TO 2010
CLIMATE RECORD PERIOD 1928 TO 2017


WEATHER ITEM   OBSERVED TIME   RECORD YEAR NORMAL DEPARTURE LAST
                VALUE   (LST)  VALUE       VALUE  FROM      YEAR
                                                  NORMAL
..................................................................
TEMPERATURE (F)
 YESTERDAY
  MAXIMUM         50   1248 PM  73    2015  57     -7       62
                                      1986
  MINIMUM         32    802 PM   9    1975  27      5       23
  AVERAGE         41                        42     -1       43

PRECIPITATION (IN)
  YESTERDAY        0.47          0.48 1993   0.04   0.43     0.00
  MONTH TO DATE    1.32                      1.18   0.14     0.55
  SINCE OCT 1      5.87                      6.15  -0.28     5.58
  SINCE JAN 1      3.04                      3.04   0.00     2.02

DEGREE DAYS
 HEATING
  YESTERDAY       24                        23      1       22
  MONTH TO DATE  496                       683   -187      548
  SINCE MAR 1    496                       683   -187      548
  SINCE JUL 1   4517                      5245   -728     4962

 COOLING
  YESTERDAY        0                         0      0        0
  MONTH TO DATE    0                         0      0        0
  SINCE MAR 1      0                         0      0        0
  SINCE JAN 1      0                         0      0        0
..................................................................


WIND (MPH)
  RESULTANT WIND SPEED   1   RESULTANT WIND DIRECTION   W (290)
  HIGHEST WIND SPEED    21   HIGHEST WIND DIRECTION    NW (300)
  HIGHEST GUST SPEED    26   HIGHEST GUST DIRECTION    NW (300)
  AVERAGE WIND SPEED     5.7



WEATHER CONDITIONS
 THE FOLLOWING WEATHER WAS RECORDED YESTERDAY.
  THUNDERSTORM
  LIGHT RAIN
  HEAVY SNOW
  SNOW
  LIGHT SNOW
  FOG
  FOG W/VISIBILITY <= 1/4 MILE


RELATIVE HUMIDITY (PERCENT)
 HIGHEST   100           500 PM
 LOWEST     58           400 AM
 AVERAGE    79

..........................................................


THE CEDAR CITY UT CLIMATE NORMALS FOR TODAY
                         NORMAL    RECORD    YEAR
 MAXIMUM TEMPERATURE (F)   57        76      2015
 MINIMUM TEMPERATURE (F)   28         4      1975


SUNRISE AND SUNSET
MARCH 28 2017.........SUNRISE   723 AM MDT   SUNSET   752 PM MDT
MARCH 29 2017.........SUNRISE   722 AM MDT   SUNSET   753 PM MDT


-  INDICATES NEGATIVE NUMBERS.
R  INDICATES RECORD WAS SET OR TIED.
MM INDICATES DATA IS MISSING.
T  INDICATES TRACE AMOUNT.




$$
