000
CDUS45 KSLC 251227
CLICDC


CLIMATE REPORT
NATIONAL WEATHER SERVICE SALT LAKE CITY UT
627 AM MDT SUN JUN 25 2017


...................................

...THE CEDAR CITY UT CLIMATE SUMMARY FOR JUNE 24 2017...

CLIMATE NORMAL PERIOD 1981 TO 2010
CLIMATE RECORD PERIOD 1928 TO 2017


WEATHER ITEM   OBSERVED TIME   RECORD YEAR NORMAL DEPARTURE LAST
                VALUE   (LST)  VALUE       VALUE  FROM      YEAR
                                                  NORMAL
..................................................................
TEMPERATURE (F)
 YESTERDAY
  MAXIMUM         96    257 PM  98    2006  86     10       95
                                      1994
  MINIMUM         50    404 AM  39    1993  51     -1       59
  AVERAGE         73                        68      5       77

PRECIPITATION (IN)
  YESTERDAY        0.00          0.22 1985   0.01  -0.01     0.00
  MONTH TO DATE    0.00                      0.45  -0.45     0.04
  SINCE OCT 1      8.25                      8.60  -0.35     7.98
  SINCE JAN 1      5.42                      5.49  -0.07     4.42

DEGREE DAYS
 HEATING
  YESTERDAY        0                         1     -1        0
  MONTH TO DATE   23                        72    -49        4
  SINCE JUN 1     23                        72    -49        4
  SINCE JUL 1   5447                      6251   -804     5879

 COOLING
  YESTERDAY        8                         4      4       12
  MONTH TO DATE  155                        61     94      172
  SINCE JUN 1    155                        61     94      172
  SINCE JAN 1    160                        69     91      175
..................................................................


WIND (MPH)
  RESULTANT WIND SPEED   3   RESULTANT WIND DIRECTION   N (20)
  HIGHEST WIND SPEED    16   HIGHEST WIND DIRECTION     N (340)
  HIGHEST GUST SPEED    21   HIGHEST GUST DIRECTION    NW (330)
  AVERAGE WIND SPEED     5.2



WEATHER CONDITIONS
 THE FOLLOWING WEATHER WAS RECORDED YESTERDAY.
  NO SIGNIFICANT WEATHER WAS OBSERVED.


RELATIVE HUMIDITY (PERCENT)
 HIGHEST    33           100 AM
 LOWEST      6           300 PM
 AVERAGE    20

..........................................................


THE CEDAR CITY UT CLIMATE NORMALS FOR TODAY
                         NORMAL    RECORD    YEAR
 MAXIMUM TEMPERATURE (F)   87       101      1981
 MINIMUM TEMPERATURE (F)   51        36      2003


SUNRISE AND SUNSET
JUNE 25 2017..........SUNRISE   612 AM MDT   SUNSET   858 PM MDT
JUNE 26 2017..........SUNRISE   613 AM MDT   SUNSET   858 PM MDT


-  INDICATES NEGATIVE NUMBERS.
R  INDICATES RECORD WAS SET OR TIED.
MM INDICATES DATA IS MISSING.
T  INDICATES TRACE AMOUNT.




$$
