000
CDUS45 KSLC 141257
CLICDC


CLIMATE REPORT
NATIONAL WEATHER SERVICE SALT LAKE CITY UT
557 AM MST THU DEC 14 2017


...................................

...THE CEDAR CITY UT CLIMATE SUMMARY FOR DECEMBER 13 2017...

CLIMATE NORMAL PERIOD 1981 TO 2010
CLIMATE RECORD PERIOD 1928 TO 2017


WEATHER ITEM   OBSERVED TIME   RECORD YEAR NORMAL DEPARTURE LAST
                VALUE   (LST)  VALUE       VALUE  FROM      YEAR
                                                  NORMAL
..................................................................
TEMPERATURE (F)
 YESTERDAY
  MAXIMUM         51    327 PM  64    1988  41     10       54
  MINIMUM         11    708 AM  -7    1949  16     -5       21
  AVERAGE         31                        29      2       38

PRECIPITATION (IN)
  YESTERDAY        0.00          1.06 1995   0.03  -0.03     0.00
  MONTH TO DATE    0.00                      0.34  -0.34      T
  SINCE OCT 1      0.21                      2.61  -2.40     1.71
  SINCE JAN 1      9.21                     10.81  -1.60     9.63

DEGREE DAYS
 HEATING
  YESTERDAY       34                        36     -2       27
  MONTH TO DATE  426                       457    -31      420
  SINCE DEC 1    426                       457    -31      420
  SINCE JUL 1   1625                      1899   -274     1517

 COOLING
  YESTERDAY        0                         0      0        0
  MONTH TO DATE    0                         0      0        0
  SINCE DEC 1      0                         0      0        0
  SINCE JAN 1    865                       588    277      826
..................................................................


WIND (MPH)
  RESULTANT WIND SPEED   1   RESULTANT WIND DIRECTION   E (80)
  HIGHEST WIND SPEED     8   HIGHEST WIND DIRECTION     N (360)
  HIGHEST GUST SPEED    11   HIGHEST GUST DIRECTION    NE (30)
  AVERAGE WIND SPEED     3.2



WEATHER CONDITIONS
 THE FOLLOWING WEATHER WAS RECORDED YESTERDAY.
  NO SIGNIFICANT WEATHER WAS OBSERVED.


RELATIVE HUMIDITY (PERCENT)
 HIGHEST    73           600 AM
 LOWEST     17           300 PM
 AVERAGE    45

..........................................................


THE CEDAR CITY UT CLIMATE NORMALS FOR TODAY
                         NORMAL    RECORD    YEAR
 MAXIMUM TEMPERATURE (F)   41        64      1977
 MINIMUM TEMPERATURE (F)   16        -4      1972


SUNRISE AND SUNSET
DECEMBER 14 2017......SUNRISE   740 AM MST   SUNSET   515 PM MST
DECEMBER 15 2017......SUNRISE   741 AM MST   SUNSET   515 PM MST


-  INDICATES NEGATIVE NUMBERS.
R  INDICATES RECORD WAS SET OR TIED.
MM INDICATES DATA IS MISSING.
T  INDICATES TRACE AMOUNT.




$$
