000
CDUS45 KSLC 251230
CLICDC


CLIMATE REPORT
NATIONAL WEATHER SERVICE SALT LAKE CITY UT
629 AM MDT MON MAY 25 2015


...................................

...THE CEDAR CITY UT CLIMATE SUMMARY FOR MAY 24 2015...

CLIMATE NORMAL PERIOD 1981 TO 2010
CLIMATE RECORD PERIOD 1928 TO 2015


WEATHER ITEM   OBSERVED TIME   RECORD YEAR NORMAL DEPARTURE LAST
                VALUE   (LST)  VALUE       VALUE  FROM      YEAR
                                                  NORMAL
..................................................................
TEMPERATURE (F)
 YESTERDAY
  MAXIMUM         58    616 PM  90    2001  75    -17       64
  MINIMUM         44    549 AM  32    2010  41      3       43
                                      1980
  AVERAGE         51                        58     -7       54

PRECIPITATION (IN)
  YESTERDAY        0.14          0.50 1997   0.03   0.11     0.00
  MONTH TO DATE    2.76                      0.59   2.17     1.38
  SINCE OCT 1      8.58                      7.97   0.61     5.37
  SINCE JAN 1      6.45                      4.86   1.59     3.43

DEGREE DAYS
 HEATING
  YESTERDAY       14                         7      7       11
  MONTH TO DATE  302                       248     54      257
  SINCE MAR 1   1470                      1572   -102     1491
  SINCE JUL 1   5308                      6134   -826     6078

 COOLING
  YESTERDAY        0                         0      0        0
  MONTH TO DATE    0                         0      0        7
  SINCE MAR 1      0                         0      0        7
  SINCE JAN 1      0                         0      0        7
..................................................................


WIND (MPH)
  RESULTANT WIND SPEED   1   RESULTANT WIND DIRECTION  SE (120)
  HIGHEST WIND SPEED    14   HIGHEST WIND DIRECTION     N (340)
  HIGHEST GUST SPEED    18   HIGHEST GUST DIRECTION     N (340)
  AVERAGE WIND SPEED     4.1



WEATHER CONDITIONS
 THE FOLLOWING WEATHER WAS RECORDED YESTERDAY.
  RAIN
  LIGHT RAIN
  FOG


RELATIVE HUMIDITY (PERCENT)
 HIGHEST    92           100 AM
 LOWEST     57           300 PM
 AVERAGE    75

..........................................................


THE CEDAR CITY UT CLIMATE NORMALS FOR TODAY
                         NORMAL    RECORD    YEAR
 MAXIMUM TEMPERATURE (F)   76        90      2001
 MINIMUM TEMPERATURE (F)   41        27      2010


SUNRISE AND SUNSET
MAY 25 2015...........SUNRISE   616 AM MDT   SUNSET   843 PM MDT
MAY 26 2015...........SUNRISE   615 AM MDT   SUNSET   844 PM MDT


-  INDICATES NEGATIVE NUMBERS.
R  INDICATES RECORD WAS SET OR TIED.
MM INDICATES DATA IS MISSING.
T  INDICATES TRACE AMOUNT.




$$
