000
CDUS45 KSLC 171227
CLICDC


CLIMATE REPORT
NATIONAL WEATHER SERVICE SALT LAKE CITY UT
627 AM MDT WED SEP 17 2014


...................................

...THE CEDAR CITY UT CLIMATE SUMMARY FOR SEPTEMBER 16 2014...

CLIMATE NORMAL PERIOD 1981 TO 2010
CLIMATE RECORD PERIOD 1928 TO 2014


WEATHER ITEM   OBSERVED TIME   RECORD YEAR NORMAL DEPARTURE LAST
                VALUE   (LST)  VALUE       VALUE  FROM      YEAR
                                                  NORMAL
..................................................................
TEMPERATURE (F)
 YESTERDAY
  MAXIMUM         88    208 PM  90    2000  79      9       81
  MINIMUM         50    559 AM  33    2006  45      5       51
  AVERAGE         69                        62      7       66

PRECIPITATION (IN)
  YESTERDAY        0.00          0.37 1996   0.02  -0.02     0.00
  MONTH TO DATE    1.13                      0.33   0.80     1.75
  SINCE OCT 1      8.18                     10.98  -2.80    15.71
  SINCE JAN 1      6.24                      7.87  -1.63    13.00

DEGREE DAYS
 HEATING
  YESTERDAY        0                         4     -4        0
  MONTH TO DATE   10                        38    -28       27
  SINCE SEP 1     10                        38    -28       27
  SINCE JUL 1     16                        47    -31       30

 COOLING
  YESTERDAY        4                         1      3        1
  MONTH TO DATE   41                        32      9       32
  SINCE SEP 1     41                        32      9       32
  SINCE JAN 1    587                       581      6      664
..................................................................


WIND (MPH)
  RESULTANT WIND SPEED   2   RESULTANT WIND DIRECTION   S (180)
  HIGHEST WIND SPEED    15   HIGHEST WIND DIRECTION    SW (230)
  HIGHEST GUST SPEED    20   HIGHEST GUST DIRECTION    SW (220)
  AVERAGE WIND SPEED     3.7



WEATHER CONDITIONS
 THE FOLLOWING WEATHER WAS RECORDED YESTERDAY.
  HAZE


RELATIVE HUMIDITY (PERCENT)
 HIGHEST    71           500 AM
 LOWEST     15           100 PM
 AVERAGE    43

..........................................................


THE CEDAR CITY UT CLIMATE NORMALS FOR TODAY
                         NORMAL    RECORD    YEAR
 MAXIMUM TEMPERATURE (F)   78        92      1956
 MINIMUM TEMPERATURE (F)   44        27      2006
                                             1965


SUNRISE AND SUNSET
SEPTEMBER 17 2014.....SUNRISE   716 AM MDT   SUNSET   737 PM MDT
SEPTEMBER 18 2014.....SUNRISE   717 AM MDT   SUNSET   735 PM MDT


-  INDICATES NEGATIVE NUMBERS.
R  INDICATES RECORD WAS SET OR TIED.
MM INDICATES DATA IS MISSING.
T  INDICATES TRACE AMOUNT.




$$
