000
CDUS45 KSLC 291231
CLICDC


CLIMATE REPORT
NATIONAL WEATHER SERVICE SALT LAKE CITY UT
530 AM MST MON DEC 29 2014


...................................

...THE CEDAR CITY UT CLIMATE SUMMARY FOR DECEMBER 28 2014...

CLIMATE NORMAL PERIOD 1981 TO 2010
CLIMATE RECORD PERIOD 1928 TO 2014


WEATHER ITEM   OBSERVED TIME   RECORD YEAR NORMAL DEPARTURE LAST
                VALUE   (LST)  VALUE       VALUE  FROM      YEAR
                                                  NORMAL
..................................................................
TEMPERATURE (F)
 YESTERDAY
  MAXIMUM         35    307 PM  59    1980  41     -6       45
  MINIMUM          4    108 AM -11    1966  16    -12       20
  AVERAGE         20                        28     -8       33

PRECIPITATION (IN)
  YESTERDAY        0.00          0.56 1972   0.02  -0.02     0.00
  MONTH TO DATE    0.76                      0.75   0.01     0.91
  SINCE OCT 1      2.11                      3.02  -0.91     1.94
  SINCE JAN 1      9.79                     11.22  -1.43    14.98

DEGREE DAYS
 HEATING
  YESTERDAY       45                        37      8       32
  MONTH TO DATE  826                      1011   -185     1219
  SINCE DEC 1    826                      1011   -185     1219
  SINCE JUL 1   2017                      2453   -436     2747

 COOLING
  YESTERDAY        0                         0      0        0
  MONTH TO DATE    0                         0      0        0
  SINCE DEC 1      0                         0      0        0
  SINCE JAN 1    607                       588     19      667
..................................................................


WIND (MPH)
  RESULTANT WIND SPEED   4   RESULTANT WIND DIRECTION  SW (210)
  HIGHEST WIND SPEED    16   HIGHEST WIND DIRECTION     S (200)
  HIGHEST GUST SPEED    18   HIGHEST GUST DIRECTION     S (200)
  AVERAGE WIND SPEED     7.0



WEATHER CONDITIONS
 THE FOLLOWING WEATHER WAS RECORDED YESTERDAY.
  NO SIGNIFICANT WEATHER WAS OBSERVED.


RELATIVE HUMIDITY (PERCENT)
 HIGHEST    80           200 AM
 LOWEST     47           200 PM
 AVERAGE    64

..........................................................


THE CEDAR CITY UT CLIMATE NORMALS FOR TODAY
                         NORMAL    RECORD    YEAR
 MAXIMUM TEMPERATURE (F)   41        59      2011
 MINIMUM TEMPERATURE (F)   16        -5      1966


SUNRISE AND SUNSET
DECEMBER 29 2014......SUNRISE   747 AM MST   SUNSET   522 PM MST
DECEMBER 30 2014......SUNRISE   747 AM MST   SUNSET   523 PM MST


-  INDICATES NEGATIVE NUMBERS.
R  INDICATES RECORD WAS SET OR TIED.
MM INDICATES DATA IS MISSING.
T  INDICATES TRACE AMOUNT.




$$
