000
CDUS45 KSLC 011236
CLICDC


CLIMATE REPORT
NATIONAL WEATHER SERVICE SALT LAKE CITY UT
636 AM MDT WED OCT 1 2014


...................................

...THE CEDAR CITY UT CLIMATE SUMMARY FOR SEPTEMBER 30 2014...

CLIMATE NORMAL PERIOD 1981 TO 2010
CLIMATE RECORD PERIOD 1928 TO 2014


WEATHER ITEM   OBSERVED TIME   RECORD YEAR NORMAL DEPARTURE LAST
                VALUE   (LST)  VALUE       VALUE  FROM      YEAR
                                                  NORMAL
..................................................................
TEMPERATURE (F)
 YESTERDAY
  MAXIMUM         69    312 PM  88    2010  73     -4       74
  MINIMUM         45    410 AM  25    2007  39      6       42
  AVERAGE         57                        56      1       58

PRECIPITATION (IN)
  YESTERDAY        0.00          0.21 2002   0.03  -0.03     0.00
  MONTH TO DATE    2.57                      0.66   1.91     1.79
  SINCE OCT 1      9.62                     11.31  -1.69    15.75
  SINCE JAN 1      7.68                      8.20  -0.52    13.04

DEGREE DAYS
 HEATING
  YESTERDAY        8                         9     -1        7
  MONTH TO DATE   57                       135    -78      165
  SINCE SEP 1     57                       134    -77      165
  SINCE JUL 1     63                       143    -80      168

 COOLING
  YESTERDAY        0                         0      0        0
  MONTH TO DATE   61                        39     22       35
  SINCE SEP 1     61                        39     22       35
  SINCE JAN 1    607                       588     19      667
..................................................................


WIND (MPH)
  RESULTANT WIND SPEED   3   RESULTANT WIND DIRECTION   S (180)
  HIGHEST WIND SPEED    12   HIGHEST WIND DIRECTION    SW (220)
  HIGHEST GUST SPEED    15   HIGHEST GUST DIRECTION    SW (220)
  AVERAGE WIND SPEED     4.2



WEATHER CONDITIONS
 THE FOLLOWING WEATHER WAS RECORDED YESTERDAY.
  NO SIGNIFICANT WEATHER WAS OBSERVED.


RELATIVE HUMIDITY (PERCENT)
 HIGHEST    71           200 AM
 LOWEST     24           300 PM
 AVERAGE    48

..........................................................


THE CEDAR CITY UT CLIMATE NORMALS FOR TODAY
                         NORMAL    RECORD    YEAR
 MAXIMUM TEMPERATURE (F)   72        87      2010
 MINIMUM TEMPERATURE (F)   38        24      2009


SUNRISE AND SUNSET
OCTOBER  1 2014.......SUNRISE   728 AM MDT   SUNSET   715 PM MDT
OCTOBER  2 2014.......SUNRISE   729 AM MDT   SUNSET   714 PM MDT


-  INDICATES NEGATIVE NUMBERS.
R  INDICATES RECORD WAS SET OR TIED.
MM INDICATES DATA IS MISSING.
T  INDICATES TRACE AMOUNT.




$$
