000
CDUS45 KSLC 231227
CLICDC


CLIMATE REPORT
NATIONAL WEATHER SERVICE SALT LAKE CITY UT
526 AM MST SUN NOV 23 2014


...................................

...THE CEDAR CITY UT CLIMATE SUMMARY FOR NOVEMBER 22 2014...

CLIMATE NORMAL PERIOD 1981 TO 2010
CLIMATE RECORD PERIOD 1928 TO 2014


WEATHER ITEM   OBSERVED TIME   RECORD YEAR NORMAL DEPARTURE LAST
                VALUE   (LST)  VALUE       VALUE  FROM      YEAR
                                                  NORMAL
..................................................................
TEMPERATURE (F)
 YESTERDAY
  MAXIMUM         56    201 PM  66    2002  49      7       30
  MINIMUM         32    739 AM   0    1961  21     11       25
  AVERAGE         44                        35      9       28

PRECIPITATION (IN)
  YESTERDAY        0.02          0.79 1996   0.03  -0.01     0.07
  MONTH TO DATE    1.11                      0.71   0.40     0.48
  SINCE OCT 1      1.33                      2.05  -0.72     0.95
  SINCE JAN 1      9.01                     10.25  -1.24    13.99

DEGREE DAYS
 HEATING
  YESTERDAY       21                        30     -9       37
  MONTH TO DATE  565                       567     -2      527
  SINCE SEP 1    981                      1177   -196     1278
  SINCE JUL 1    987                      1186   -199     1281

 COOLING
  YESTERDAY        0                         0      0        0
  MONTH TO DATE    0                         0      0        0
  SINCE SEP 1     61                        39     22       35
  SINCE JAN 1    607                       588     19      667
..................................................................


WIND (MPH)
  RESULTANT WIND SPEED   9   RESULTANT WIND DIRECTION   S (200)
  HIGHEST WIND SPEED    28   HIGHEST WIND DIRECTION    SW (210)
  HIGHEST GUST SPEED    38   HIGHEST GUST DIRECTION     S (180)
  AVERAGE WIND SPEED    11.7



WEATHER CONDITIONS
 THE FOLLOWING WEATHER WAS RECORDED YESTERDAY.
  RAIN
  LIGHT RAIN
  FOG


RELATIVE HUMIDITY (PERCENT)
 HIGHEST    69          1200 AM
 LOWEST     28           400 PM
 AVERAGE    49

..........................................................


THE CEDAR CITY UT CLIMATE NORMALS FOR TODAY
                         NORMAL    RECORD    YEAR
 MAXIMUM TEMPERATURE (F)   48        64      1995
 MINIMUM TEMPERATURE (F)   21        -3      1994


SUNRISE AND SUNSET
NOVEMBER 23 2014......SUNRISE   721 AM MST   SUNSET   516 PM MST
NOVEMBER 24 2014......SUNRISE   722 AM MST   SUNSET   516 PM MST


-  INDICATES NEGATIVE NUMBERS.
R  INDICATES RECORD WAS SET OR TIED.
MM INDICATES DATA IS MISSING.
T  INDICATES TRACE AMOUNT.




$$
