000
CDUS45 KCYS 222159
CLICDR


CLIMATE REPORT
NATIONAL WEATHER SERVICE CHEYENNE WY
358 PM MDT FRI AUG 22 2014


...................................

...THE CHADRON NE AIRPORT CLIMATE SUMMARY FOR AUGUST 22 2014...
VALID AS OF 0300 PM LOCAL TIME.

CLIMATE NORMAL PERIOD 1981 TO 2010
CLIMATE RECORD PERIOD 1895 TO 2014


WEATHER ITEM   OBSERVED TIME   RECORD YEAR NORMAL DEPARTURE LAST
                VALUE   (LST)  VALUE       VALUE  FROM      YEAR
                                                  NORMAL
..................................................................
TEMPERATURE (F)
 TODAY
  MAXIMUM         75    229 PM 110    1894  88    -13       87
  MINIMUM         58    516 AM  40    1966  54      4       51
  AVERAGE         67                        71     -4       69

PRECIPITATION (IN)
  TODAY            0.00          0.47 1998   0.05  -0.05     0.00
  MONTH TO DATE    0.91                      1.11  -0.20     1.41
  SINCE JAN 1     12.70                     13.40  -0.70    12.33

DEGREE DAYS
 HEATING
  TODAY            0                         1     -1        0
  MONTH TO DATE    0                         6     -6        0
  SINCE JUN 1     94                        97     -3       58
  SINCE JUL 1     11                        16     -5        0

 COOLING
  TODAY            2                         7     -5        4
  MONTH TO DATE  215                       191     24      174
  SINCE JUN 1    528                       575    -47      604
  SINCE JAN 1    559                       595    -36      632
..................................................................


WIND (MPH)
  HIGHEST WIND SPEED    10   HIGHEST WIND DIRECTION    NE (60)
  HIGHEST GUST SPEED    13   HIGHEST GUST DIRECTION    NE (50)
  AVERAGE WIND SPEED     5.1


SKY COVER
  AVERAGE SKY COVER 0.3


WEATHER CONDITIONS
 THE FOLLOWING WEATHER WAS RECORDED TODAY.
  NO SIGNIFICANT WEATHER WAS OBSERVED.


RELATIVE HUMIDITY (PERCENT)
 HIGHEST    80           400 AM
 LOWEST     52          1200 AM
 AVERAGE    66

..........................................................


THE CHADRON NE AIRPORT CLIMATE NORMALS FOR TOMORROW
                         NORMAL    RECORD    YEAR
 MAXIMUM TEMPERATURE (F)   88       105      2006
 MINIMUM TEMPERATURE (F)   54        41      2008
                                             1964


SUNRISE AND SUNSET
AUGUST 22 2014........SUNRISE   606 AM MDT   SUNSET   743 PM MDT
AUGUST 23 2014........SUNRISE   607 AM MDT   SUNSET   742 PM MDT


-  INDICATES NEGATIVE NUMBERS.
R  INDICATES RECORD WAS SET OR TIED.
MM INDICATES DATA IS MISSING.
T  INDICATES TRACE AMOUNT.




$$
