000
CDUS45 KCYS 010727
CLICDR


CLIMATE REPORT
NATIONAL WEATHER SERVICE CHEYENNE WY
126 AM MDT SAT AUG 1 2015


...................................

...THE CHADRON NE AIRPORT CLIMATE SUMMARY FOR JULY 31 2015...

CLIMATE NORMAL PERIOD 1981 TO 2010
CLIMATE RECORD PERIOD 1895 TO 2015


WEATHER ITEM   OBSERVED TIME   RECORD YEAR NORMAL DEPARTURE LAST
                VALUE   (LST)  VALUE       VALUE  FROM      YEAR
                                                  NORMAL
..................................................................
TEMPERATURE (F)
 YESTERDAY
  MAXIMUM         95    238 PM 108    2002  91      4       88
  MINIMUM         51    437 AM  43    1925  58     -7       50
  AVERAGE         73                        75     -2       69

PRECIPITATION (IN)
  YESTERDAY        0.00          1.21 1975   0.06  -0.06     0.00
  MONTH TO DATE    2.41                      2.11   0.30     0.66
  SINCE JAN 1     15.36                     12.29   3.07    11.79

DEGREE DAYS
 HEATING
  YESTERDAY        0                         0      0        0
  MONTH TO DATE    3                         5     -2       11
  SINCE JUN 1     12                        91    -79       94
  SINCE JUL 1      3                        10     -7       11

 COOLING
  YESTERDAY        8                        10     -2        4
  MONTH TO DATE  224                       276    -52      259
  SINCE JUN 1    357                       384    -27      313
  SINCE JAN 1    357                       404    -47      344
..................................................................


WIND (MPH)
  HIGHEST WIND SPEED    17   HIGHEST WIND DIRECTION     S (200)
  HIGHEST GUST SPEED    23   HIGHEST GUST DIRECTION    SW (220)
  AVERAGE WIND SPEED     4.8


SKY COVER
  AVERAGE SKY COVER 0.0


WEATHER CONDITIONS
 THE FOLLOWING WEATHER WAS RECORDED YESTERDAY.
  NO SIGNIFICANT WEATHER WAS OBSERVED.


RELATIVE HUMIDITY (PERCENT)
 HIGHEST    89           500 AM
 LOWEST     24           100 PM
 AVERAGE    57

..........................................................


THE CHADRON NE AIRPORT CLIMATE NORMALS FOR TODAY
                         NORMAL    RECORD    YEAR
 MAXIMUM TEMPERATURE (F)   91       103      2011
                                             1955
                                             1943
 MINIMUM TEMPERATURE (F)   58        42      2009


SUNRISE AND SUNSET
AUGUST  1 2015........SUNRISE   543 AM MDT   SUNSET   813 PM MDT
AUGUST  2 2015........SUNRISE   544 AM MDT   SUNSET   812 PM MDT


-  INDICATES NEGATIVE NUMBERS.
R  INDICATES RECORD WAS SET OR TIED.
MM INDICATES DATA IS MISSING.
T  INDICATES TRACE AMOUNT.




$$
