000
CDUS45 KCYS 290745
CLICDR


CLIMATE REPORT
NATIONAL WEATHER SERVICE CHEYENNE WY
145 AM MDT THU SEP 29 2016


...................................

...THE CHADRON NE AIRPORT CLIMATE SUMMARY FOR SEPTEMBER 28 2016...

CLIMATE NORMAL PERIOD 1981 TO 2010
CLIMATE RECORD PERIOD 1895 TO 2016


WEATHER ITEM   OBSERVED TIME   RECORD YEAR NORMAL DEPARTURE LAST
                VALUE   (LST)  VALUE       VALUE  FROM      YEAR
                                                  NORMAL
..................................................................
TEMPERATURE (F)
 YESTERDAY
  MAXIMUM         83    257 PM  94    2010  72     11       70
                                      1981
  MINIMUM         41    556 AM  25    1985  38      3       50
                                      1945
                                      1941
  AVERAGE         62                        55      7       60

PRECIPITATION (IN)
  YESTERDAY        0.00          0.67 1988   0.06  -0.06     0.19
  MONTH TO DATE    1.23                      1.63  -0.40     0.41
  SINCE JAN 1     13.31                     15.50  -2.19    16.51

DEGREE DAYS
 HEATING
  YESTERDAY        3                        10     -7        5
  MONTH TO DATE  103                       159    -56       60
  SINCE SEP 1    103                       159    -56       60
  SINCE JUL 1    120                       189    -69       96

 COOLING
  YESTERDAY        0                         1     -1        0
  MONTH TO DATE   61                        63     -2      112
  SINCE SEP 1     61                        63     -2      112
  SINCE JAN 1    878                       710    168      710
..................................................................


WIND (MPH)
  HIGHEST WIND SPEED    12   HIGHEST WIND DIRECTION     E (110)
  HIGHEST GUST SPEED    17   HIGHEST GUST DIRECTION     E (110)
  AVERAGE WIND SPEED     5.4


SKY COVER
  AVERAGE SKY COVER 0.0


WEATHER CONDITIONS
 THE FOLLOWING WEATHER WAS RECORDED YESTERDAY.
  HAZE


RELATIVE HUMIDITY (PERCENT)
 HIGHEST    92           100 AM
 LOWEST     22           200 PM
 AVERAGE    57

..........................................................


THE CHADRON NE AIRPORT CLIMATE NORMALS FOR TODAY
                         NORMAL    RECORD    YEAR
 MAXIMUM TEMPERATURE (F)   71        93      1933
 MINIMUM TEMPERATURE (F)   38        17      1984


SUNRISE AND SUNSET
SEPTEMBER 29 2016.....SUNRISE   648 AM MDT   SUNSET   636 PM MDT
SEPTEMBER 30 2016.....SUNRISE   649 AM MDT   SUNSET   634 PM MDT


-  INDICATES NEGATIVE NUMBERS.
R  INDICATES RECORD WAS SET OR TIED.
MM INDICATES DATA IS MISSING.
T  INDICATES TRACE AMOUNT.




$$
