000
CDUS45 KCYS 170731
CLICDR


CLIMATE REPORT
NATIONAL WEATHER SERVICE CHEYENNE WY
130 AM MDT THU APR 17 2014


...................................

...THE CHADRON NE AIRPORT CLIMATE SUMMARY FOR APRIL 16 2014...

CLIMATE NORMAL PERIOD 1981 TO 2010
CLIMATE RECORD PERIOD 1895 TO 2014


WEATHER ITEM   OBSERVED TIME   RECORD YEAR NORMAL DEPARTURE LAST
                VALUE   (LST)  VALUE       VALUE  FROM      YEAR
                                                  NORMAL
..................................................................
TEMPERATURE (F)
 YESTERDAY
  MAXIMUM         49   1204 AM  85    1958  60    -11       30
  MINIMUM         32   1028 PM   7    1951  30      2       26
  AVERAGE         41                        45     -4       28

PRECIPITATION (IN)
  YESTERDAY        0.48          1.20 1976   0.07   0.41     0.18
  MONTH TO DATE    0.92                      0.89   0.03     2.37
  SINCE JAN 1      2.50                      3.09  -0.59     3.91

DEGREE DAYS
 HEATING
  YESTERDAY       24                        20      4       37
  MONTH TO DATE  359                       361     -2      461
  SINCE MAR 1   1257                      1266     -9     1334
  SINCE JUL 1   6731                      6518    213     6230

 COOLING
  YESTERDAY        0                         0      0        0
  MONTH TO DATE    0                         0      0        0
  SINCE MAR 1      0                         0      0        0
  SINCE JAN 1      0                         0      0        0
..................................................................


WIND (MPH)
  HIGHEST WIND SPEED    28   HIGHEST WIND DIRECTION    NW (310)
  HIGHEST GUST SPEED    36   HIGHEST GUST DIRECTION    NW (310)
  AVERAGE WIND SPEED    12.7


SKY COVER
  AVERAGE SKY COVER 0.8


WEATHER CONDITIONS
 THE FOLLOWING WEATHER WAS RECORDED YESTERDAY.
  RAIN
  LIGHT RAIN
  FOG


RELATIVE HUMIDITY (PERCENT)
 HIGHEST    92           500 AM
 LOWEST     52          1200 AM
 AVERAGE    72

..........................................................


THE CHADRON NE AIRPORT CLIMATE NORMALS FOR TODAY
                         NORMAL    RECORD    YEAR
 MAXIMUM TEMPERATURE (F)   61        87      1948
 MINIMUM TEMPERATURE (F)   30        13      1956


SUNRISE AND SUNSET
APRIL 17 2014.........SUNRISE   608 AM MDT   SUNSET   737 PM MDT
APRIL 18 2014.........SUNRISE   606 AM MDT   SUNSET   738 PM MDT


-  INDICATES NEGATIVE NUMBERS.
R  INDICATES RECORD WAS SET OR TIED.
MM INDICATES DATA IS MISSING.
T  INDICATES TRACE AMOUNT.




$$
