000
CDUS45 KCYS 290728
CLICDR


CLIMATE REPORT
NATIONAL WEATHER SERVICE CHEYENNE WY
127 AM MDT SAT AUG 29 2015


...................................

...THE CHADRON NE AIRPORT CLIMATE SUMMARY FOR AUGUST 28 2015...

CLIMATE NORMAL PERIOD 1981 TO 2010
CLIMATE RECORD PERIOD 1895 TO 2015


WEATHER ITEM   OBSERVED TIME   RECORD YEAR NORMAL DEPARTURE LAST
                VALUE   (LST)  VALUE       VALUE  FROM      YEAR
                                                  NORMAL
..................................................................
TEMPERATURE (F)
 YESTERDAY
  MAXIMUM         92    206 PM 104    2012  86      6       71
                                      1894
  MINIMUM         52    402 AM  36    1962  52      0       55
  AVERAGE         72                        69      3       63

PRECIPITATION (IN)
  YESTERDAY        0.00          1.36 1930   0.06  -0.06     0.11
  MONTH TO DATE    0.81                      1.42  -0.61     2.08
  SINCE JAN 1     16.10                     13.71   2.39    13.87

DEGREE DAYS
 HEATING
  YESTERDAY        0                         1     -1        2
  MONTH TO DATE   33                        12     21        2
  SINCE JUN 1     45                       103    -58       96
  SINCE JUL 1     36                        22     14       13

 COOLING
  YESTERDAY        7                         6      1        0
  MONTH TO DATE  208                       228    -20      233
  SINCE JUN 1    565                       612    -47      546
  SINCE JAN 1    565                       632    -67      577
..................................................................


WIND (MPH)
  HIGHEST WIND SPEED    13   HIGHEST WIND DIRECTION    NW (310)
  HIGHEST GUST SPEED    19   HIGHEST GUST DIRECTION    NW (300)
  AVERAGE WIND SPEED     5.0


SKY COVER
  AVERAGE SKY COVER 0.0


WEATHER CONDITIONS
 THE FOLLOWING WEATHER WAS RECORDED YESTERDAY.
  FOG
  HAZE


RELATIVE HUMIDITY (PERCENT)
 HIGHEST    96           100 AM
 LOWEST     21           300 PM
 AVERAGE    59

..........................................................


THE CHADRON NE AIRPORT CLIMATE NORMALS FOR TODAY
                         NORMAL    RECORD    YEAR
 MAXIMUM TEMPERATURE (F)   86       106      2012
 MINIMUM TEMPERATURE (F)   52        41      1992


SUNRISE AND SUNSET
AUGUST 29 2015........SUNRISE   614 AM MDT   SUNSET   732 PM MDT
AUGUST 30 2015........SUNRISE   615 AM MDT   SUNSET   731 PM MDT


-  INDICATES NEGATIVE NUMBERS.
R  INDICATES RECORD WAS SET OR TIED.
MM INDICATES DATA IS MISSING.
T  INDICATES TRACE AMOUNT.




$$
