000
CDUS44 KLUB 280126
CLICDS


CLIMATE REPORT
NATIONAL WEATHER SERVICE LUBBOCK, TX
825 PM CDT TUE JUN 27 2017


...................................

...THE CHILDRESS CLIMATE SUMMARY FOR JUNE 27 2017...
VALID TODAY AS OF 0800 PM LOCAL TIME.

CLIMATE NORMAL PERIOD 1981 TO 2010
CLIMATE RECORD PERIOD 1893 TO 2017


WEATHER ITEM   OBSERVED TIME   RECORD YEAR NORMAL DEPARTURE LAST
                VALUE   (LST)  VALUE       VALUE  FROM      YEAR
                                                  NORMAL
..................................................................
TEMPERATURE (F)
 TODAY
  MAXIMUM         94    511 PM 117    1994  94      0       94
  MINIMUM         68    601 AM  57    1958  69     -1       71
  AVERAGE         81                        82     -1       83

PRECIPITATION (IN)
  TODAY            0.00          1.42 2010   0.11  -0.11     0.00
  MONTH TO DATE    2.57                      3.64  -1.07     3.68
  SINCE JUN 1      2.57                      3.64  -1.07     3.68
  SINCE JAN 1     11.84                     12.21  -0.37    15.54

SNOWFALL (IN)
  TODAY            0.0          MM      MM   0.0    0.0      0.0
  MONTH TO DATE    0.0                       0.0    0.0      0.0
  SINCE JUN 1      0.0                       0.0    0.0      0.0
  SINCE JUL 1      1.5                       7.0   -5.5      7.0
  SNOW DEPTH       0

DEGREE DAYS
 HEATING
  TODAY            0                         0      0        0
  MONTH TO DATE    0                         0      0        0
  SINCE JUN 1      0                         0      0        0
  SINCE JUL 1   2328                      3115   -787     2555

 COOLING
  TODAY           16                        17     -1       18
  MONTH TO DATE  423                       371     52      421
  SINCE JUN 1    423                       371     52      421
  SINCE JAN 1    774                       683     91      685
..................................................................


WIND (MPH)
  RESULTANT WIND SPEED   9   RESULTANT WIND DIRECTION   S (180)
  HIGHEST WIND SPEED    23   HIGHEST WIND DIRECTION    SE (150)
  HIGHEST GUST SPEED    30   HIGHEST GUST DIRECTION     S (170)
  AVERAGE WIND SPEED    10.6


SKY COVER
  AVERAGE SKY COVER 0.0


WEATHER CONDITIONS
 THE FOLLOWING WEATHER WAS RECORDED TODAY.
  NO SIGNIFICANT WEATHER WAS OBSERVED.


RELATIVE HUMIDITY (PERCENT)
 HIGHEST    93           500 AM
 LOWEST     30           300 PM
 AVERAGE    62

..........................................................


THE CHILDRESS CLIMATE NORMALS FOR TOMORROW
                         NORMAL    RECORD    YEAR
 MAXIMUM TEMPERATURE (F)   94       112      1980
 MINIMUM TEMPERATURE (F)   69        58      1907


SUNRISE AND SUNSET
JUNE 27 2017..........SUNRISE   631 AM CDT   SUNSET   858 PM CDT
JUNE 28 2017..........SUNRISE   631 AM CDT   SUNSET   858 PM CDT


-  INDICATES NEGATIVE NUMBERS.
R  INDICATES RECORD WAS SET OR TIED.
MM INDICATES DATA IS MISSING.
T  INDICATES TRACE AMOUNT.




$$
