599
CDUS44 KLUB 220627
CLICDS


CLIMATE REPORT
NATIONAL WEATHER SERVICE LUBBOCK, TX
126 AM CDT FRI MAY 22 2015


...................................

...THE CHILDRESS CLIMATE SUMMARY FOR MAY 21 2015...

CLIMATE NORMAL PERIOD 1981 TO 2010
CLIMATE RECORD PERIOD 1893 TO 2015


WEATHER ITEM   OBSERVED TIME   RECORD YEAR NORMAL DEPARTURE LAST
                VALUE   (LST)  VALUE       VALUE  FROM      YEAR
                                                  NORMAL
..................................................................
TEMPERATURE (F)
 YESTERDAY
  MAXIMUM         63    617 PM 103    1953  85    -22       97
  MINIMUM         52    753 AM  41    1967  60     -8       73
  AVERAGE         58                        73    -15       85

PRECIPITATION (IN)
  YESTERDAY        0.09          2.35 1908   0.12  -0.03     0.00
  MONTH TO DATE    8.85                      1.90   6.95     0.06
  SINCE MAR 1     14.07                      5.55   8.52     2.05
  SINCE JAN 1     15.24                      7.33   7.91     2.41

SNOWFALL (IN)
  YESTERDAY        0.0          MM      MM   0.0    0.0      0.0
  MONTH TO DATE    0.0                       0.0    0.0      0.0
  SINCE MAR 1      0.0                       0.6   -0.6       T
  SINCE JUL 1      2.0                       7.0   -5.0      9.5
  SNOW DEPTH       0

DEGREE DAYS
 HEATING
  YESTERDAY        7                         1      6        0
  MONTH TO DATE   37                        26     11       30
  SINCE MAR 1    471                       554    -83      640
  SINCE JUL 1   2968                      3114   -146     3456

 COOLING
  YESTERDAY        0                         8     -8       20
  MONTH TO DATE   68                       126    -58      202
  SINCE MAR 1    164                       216    -52      296
  SINCE JAN 1    164                       217    -53      296
..................................................................


WIND (MPH)
  RESULTANT WIND SPEED   8   RESULTANT WIND DIRECTION  NE (50)
  HIGHEST WIND SPEED    15   HIGHEST WIND DIRECTION     N (20)
  HIGHEST GUST SPEED    45   HIGHEST GUST DIRECTION    NE (30)
  AVERAGE WIND SPEED     8.0


SKY COVER
  AVERAGE SKY COVER 1.0


WEATHER CONDITIONS
 THE FOLLOWING WEATHER WAS RECORDED YESTERDAY.
  LIGHT RAIN
  FOG


RELATIVE HUMIDITY (PERCENT)
 HIGHEST    86          1000 PM
 LOWEST     56           300 PM
 AVERAGE    71

..........................................................


THE CHILDRESS CLIMATE NORMALS FOR TODAY
                         NORMAL    RECORD    YEAR
 MAXIMUM TEMPERATURE (F)   86       107      1939
 MINIMUM TEMPERATURE (F)   60        40      1931


SUNRISE AND SUNSET
MAY 22 2015...........SUNRISE   634 AM CDT   SUNSET   842 PM CDT
MAY 23 2015...........SUNRISE   634 AM CDT   SUNSET   842 PM CDT


-  INDICATES NEGATIVE NUMBERS.
R  INDICATES RECORD WAS SET OR TIED.
MM INDICATES DATA IS MISSING.
T  INDICATES TRACE AMOUNT.




$$
