000
CDUS44 KLUB 240626
CLICDS


CLIMATE REPORT
NATIONAL WEATHER SERVICE LUBBOCK, TX
1225 AM CST MON NOV 24 2014


...................................

...THE CHILDRESS CLIMATE SUMMARY FOR NOVEMBER 23 2014...

CLIMATE NORMAL PERIOD 1981 TO 2010
CLIMATE RECORD PERIOD 1893 TO 2014


WEATHER ITEM   OBSERVED TIME   RECORD YEAR NORMAL DEPARTURE LAST
                VALUE   (LST)  VALUE       VALUE  FROM      YEAR
                                                  NORMAL
..................................................................
TEMPERATURE (F)
 YESTERDAY
  MAXIMUM         64   1020 AM  86    1965  61      3       38
  MINIMUM         39   1159 PM  16    1938  35      4       30
  AVERAGE         52                        48      4       34

PRECIPITATION (IN)
  YESTERDAY        T             0.75 2004   0.04  -0.04      T
  MONTH TO DATE    0.64                      0.99  -0.35     0.20
  SINCE SEP 1      2.59                      5.66  -3.07     1.48
  SINCE JAN 1     18.20                     22.75  -4.55    14.72

SNOWFALL (IN)
  YESTERDAY       MM            MM      MM   0.0   MM         T
  MONTH TO DATE    0.0                       0.4   -0.4      0.2
  SINCE SEP 1      0.0                       0.6   -0.6      0.2
  SINCE JUL 1      0.0                       0.6   -0.6      0.2
  SNOW DEPTH       0

DEGREE DAYS
 HEATING
  YESTERDAY       13                        17     -4       31
  MONTH TO DATE  399                       280    119      298
  SINCE SEP 1    462                       432     30      424
  SINCE JUL 1    462                       432     30      424

 COOLING
  YESTERDAY        0                         0      0        0
  MONTH TO DATE    0                         7     -7        9
  SINCE SEP 1    457                       376     81      476
  SINCE JAN 1   2316                      2207    109     2407
..................................................................


WIND (MPH)
  RESULTANT WIND SPEED  11   RESULTANT WIND DIRECTION  NW (310)
  HIGHEST WIND SPEED    37   HIGHEST WIND DIRECTION     N (340)
  HIGHEST GUST SPEED    46   HIGHEST GUST DIRECTION    NW (330)
  AVERAGE WIND SPEED    17.2


SKY COVER
  AVERAGE SKY COVER 0.3


WEATHER CONDITIONS
 THE FOLLOWING WEATHER WAS RECORDED YESTERDAY.
  LIGHT RAIN
  FOG


RELATIVE HUMIDITY (PERCENT)
 HIGHEST   100           100 AM
 LOWEST     30          1000 AM
 AVERAGE    65

..........................................................


THE CHILDRESS CLIMATE NORMALS FOR TODAY
                         NORMAL    RECORD    YEAR
 MAXIMUM TEMPERATURE (F)   61        83      1988
 MINIMUM TEMPERATURE (F)   35        14      1938


SUNRISE AND SUNSET
NOVEMBER 24 2014......SUNRISE   723 AM CST   SUNSET   532 PM CST
NOVEMBER 25 2014......SUNRISE   724 AM CST   SUNSET   532 PM CST


-  INDICATES NEGATIVE NUMBERS.
R  INDICATES RECORD WAS SET OR TIED.
MM INDICATES DATA IS MISSING.
T  INDICATES TRACE AMOUNT.




$$
