000
CDUS44 KLUB 230625
CLICDS


CLIMATE REPORT
NATIONAL WEATHER SERVICE LUBBOCK, TX
125 AM CDT THU OCT 23 2014


...................................

...THE CHILDRESS CLIMATE SUMMARY FOR OCTOBER 22 2014...

CLIMATE NORMAL PERIOD 1981 TO 2010
CLIMATE RECORD PERIOD 1893 TO 2014


WEATHER ITEM   OBSERVED TIME   RECORD YEAR NORMAL DEPARTURE LAST
                VALUE   (LST)  VALUE       VALUE  FROM      YEAR
                                                  NORMAL
..................................................................
TEMPERATURE (F)
 YESTERDAY
  MAXIMUM         67   1111 AM  92    1939  75     -8       79
  MINIMUM         56    535 AM  34    2006  48      8       41
                                      1990
                                      1898
  AVERAGE         62                        61      1       60

PRECIPITATION (IN)
  YESTERDAY        0.04          2.25 1941   0.07  -0.03     0.00
  MONTH TO DATE    0.32                      1.67  -1.35     0.51
  SINCE SEP 1      1.95                      4.09  -2.14     1.20
  SINCE JAN 1     17.56                     21.18  -3.62    14.44

SNOWFALL (IN)
  YESTERDAY        0.0          MM      MM   0.0    0.0      0.0
  MONTH TO DATE    0.0                       0.1   -0.1      0.0
  SINCE SEP 1      0.0                       0.1   -0.1      0.0
  SINCE JUL 1      0.0                       0.1   -0.1      0.0
  SNOW DEPTH       0

DEGREE DAYS
 HEATING
  YESTERDAY        3                         5     -2        5
  MONTH TO DATE   30                        75    -45       89
  SINCE SEP 1     40                        92    -52       89
  SINCE JUL 1     40                        92    -52       89

 COOLING
  YESTERDAY        0                         1     -1        0
  MONTH TO DATE   91                        66     25       77
  SINCE SEP 1    410                       359     51      452
  SINCE JAN 1   2269                      2190     79     2383
..................................................................


WIND (MPH)
  RESULTANT WIND SPEED   7   RESULTANT WIND DIRECTION   S (160)
  HIGHEST WIND SPEED    14   HIGHEST WIND DIRECTION     S (160)
  HIGHEST GUST SPEED    17   HIGHEST GUST DIRECTION    SE (150)
  AVERAGE WIND SPEED     7.4


SKY COVER
  AVERAGE SKY COVER 0.6


WEATHER CONDITIONS
 THE FOLLOWING WEATHER WAS RECORDED YESTERDAY.
  HEAVY RAIN
  RAIN
  LIGHT RAIN
  FOG


RELATIVE HUMIDITY (PERCENT)
 HIGHEST    93           700 PM
 LOWEST     58          1000 AM
 AVERAGE    76

..........................................................


THE CHILDRESS CLIMATE NORMALS FOR TODAY
                         NORMAL    RECORD    YEAR
 MAXIMUM TEMPERATURE (F)   74        90      2012
                                             2003
 MINIMUM TEMPERATURE (F)   48        31      1906


SUNRISE AND SUNSET
OCTOBER 23 2014.......SUNRISE   753 AM CDT   SUNSET   657 PM CDT
OCTOBER 24 2014.......SUNRISE   754 AM CDT   SUNSET   656 PM CDT


-  INDICATES NEGATIVE NUMBERS.
R  INDICATES RECORD WAS SET OR TIED.
MM INDICATES DATA IS MISSING.
T  INDICATES TRACE AMOUNT.




$$
