158
CDUS44 KLUB 120225
CLICDS


CLIMATE REPORT
NATIONAL WEATHER SERVICE LUBBOCK, TX
825 PM CST THU FEB 11 2016


...................................

...THE CHILDRESS CLIMATE SUMMARY FOR FEBRUARY 11 2016...
VALID TODAY AS OF 0800 PM LOCAL TIME.

CLIMATE NORMAL PERIOD 1981 TO 2010
CLIMATE RECORD PERIOD 1893 TO 2016


WEATHER ITEM   OBSERVED TIME   RECORD YEAR NORMAL DEPARTURE LAST
                VALUE   (LST)  VALUE       VALUE  FROM      YEAR
                                                  NORMAL
..................................................................
TEMPERATURE (F)
 TODAY
  MAXIMUM         67    422 PM  92    1962  57     10       53
  MINIMUM         39    631 AM  -3    1986  31      8       38
  AVERAGE         53                        44      9       46

PRECIPITATION (IN)
  TODAY            0.00          1.33 1977   0.04  -0.04      T
  MONTH TO DATE    T                         0.39  -0.39      T
  SINCE DEC 1      1.36                      2.03  -0.67     1.28
  SINCE JAN 1      0.51                      1.12  -0.61     1.08

SNOWFALL (IN)
  TODAY            0.0          MM      MM   0.1   -0.1      0.0
  MONTH TO DATE    0.0                       0.6   -0.6      0.0
  SINCE DEC 1      6.2                       5.0    1.2      1.5
  SINCE JUL 1      7.0                       5.9    1.1      3.5
  SNOW DEPTH       0

DEGREE DAYS
 HEATING
  TODAY           12                        21     -9       19
  MONTH TO DATE  222                       238    -16      182
  SINCE DEC 1   1515                      1681   -166     1507
  SINCE JUL 1   1968                      2241   -273     2062

 COOLING
  TODAY            0                         0      0        0
  MONTH TO DATE    0                         0      0        0
  SINCE DEC 1      0                         0      0        0
  SINCE JAN 1      0                         0      0        0
..................................................................


WIND (MPH)
  RESULTANT WIND SPEED   4   RESULTANT WIND DIRECTION   N (20)
  HIGHEST WIND SPEED    16   HIGHEST WIND DIRECTION    NE (50)
  HIGHEST GUST SPEED    22   HIGHEST GUST DIRECTION    NE (30)
  AVERAGE WIND SPEED     7.8


SKY COVER
  AVERAGE SKY COVER 0.0


WEATHER CONDITIONS
 THE FOLLOWING WEATHER WAS RECORDED TODAY.
  NO SIGNIFICANT WEATHER WAS OBSERVED.


RELATIVE HUMIDITY (PERCENT)
 HIGHEST    49           800 AM
 LOWEST     24           300 PM
 AVERAGE    37

..........................................................


THE CHILDRESS CLIMATE NORMALS FOR TOMORROW
                         NORMAL    RECORD    YEAR
 MAXIMUM TEMPERATURE (F)   57        91      1962
 MINIMUM TEMPERATURE (F)   31        -5      1986


SUNRISE AND SUNSET
FEBRUARY 11 2016......SUNRISE   731 AM CST   SUNSET   620 PM CST
FEBRUARY 12 2016......SUNRISE   730 AM CST   SUNSET   621 PM CST


-  INDICATES NEGATIVE NUMBERS.
R  INDICATES RECORD WAS SET OR TIED.
MM INDICATES DATA IS MISSING.
T  INDICATES TRACE AMOUNT.




$$
