000
CDUS46 KEKA 221217
CLICEC


CLIMATE REPORT
NATIONAL WEATHER SERVICE EUREKA CA
517 AM PDT MON MAY 22 2017


...................................

...THE CRESCENT CITY CA CLIMATE SUMMARY FOR MAY 21 2017...

CLIMATE NORMAL PERIOD 1981 TO 2010
CLIMATE RECORD PERIOD 1894 TO 2017


WEATHER ITEM   OBSERVED TIME   RECORD YEAR NORMAL DEPARTURE LAST
                VALUE   (LST)  VALUE       VALUE  FROM      YEAR
                                                  NORMAL
..................................................................
TEMPERATURE (F)
 YESTERDAY
  MAXIMUM         57    343 PM  77    2001  59     -2       57
  MINIMUM         49   1159 PM  36    1962  47      2       50
  AVERAGE         53                        53      0       54

PRECIPITATION (IN)
  YESTERDAY        0.00          1.09 1953   0.09  -0.09     0.07
  MONTH TO DATE    1.80                      2.18  -0.38     0.09
  SINCE OCT 1     92.65                     59.75  32.90    65.86
  SINCE JAN 1     47.55                     34.51  13.04    31.18

SNOWFALL (IN)
  YESTERDAY        0.0          MM      MM  MM     MM        0.0
  MONTH TO DATE    0.0                      MM     MM        0.0
  SINCE MAR 1      0.0                      MM     MM        0.0
  SINCE JUL 1      0.0                      MM     MM        0.0
  SNOW DEPTH       0

DEGREE DAYS
 HEATING
  YESTERDAY       12                        12      0       11
  MONTH TO DATE  283                       277      6      233
  SINCE MAR 1   1149                      1261   -112      982
  SINCE JUL 1   4080                      4434   -354     3460

 COOLING
  YESTERDAY        0                         0      0        0
  MONTH TO DATE    0                         0      0        0
  SINCE MAR 1      0                         0      0        0
  SINCE JAN 1      0                         0      0        0
..................................................................


WIND (MPH)
  HIGHEST WIND SPEED    16   HIGHEST WIND DIRECTION     S (180)
  HIGHEST GUST SPEED    20   HIGHEST GUST DIRECTION     S (180)
  AVERAGE WIND SPEED     6.2


SKY COVER
  AVERAGE SKY COVER 0.5


WEATHER CONDITIONS
 THE FOLLOWING WEATHER WAS RECORDED YESTERDAY.
  FOG W/VISIBILITY <= 1/4 MILE


RELATIVE HUMIDITY (PERCENT)
 HIGHEST   100
 LOWEST     83
 AVERAGE    92

..........................................................


THE CRESCENT CITY CA CLIMATE NORMALS FOR TODAY
                         NORMAL    RECORD    YEAR
 MAXIMUM TEMPERATURE (F)   59        73      1985
 MINIMUM TEMPERATURE (F)   47        37      2002


SUNRISE AND SUNSET
MAY 22 2017...........SUNRISE   451 AM PST   SUNSET   737 PM PST
MAY 23 2017...........SUNRISE   450 AM PST   SUNSET   738 PM PST


-  INDICATES NEGATIVE NUMBERS.
R  INDICATES RECORD WAS SET OR TIED.
MM INDICATES DATA IS MISSING.
T  INDICATES TRACE AMOUNT.




$$
