000
CDUS46 KEKA 011221
CLICEC


CLIMATE REPORT
NATIONAL WEATHER SERVICE EUREKA CA
421 AM PST SUN MAR 1 2015


...................................

...THE CRESCENT CITY CA CLIMATE SUMMARY FOR FEBRUARY 28 2015...

CLIMATE NORMAL PERIOD 1981 TO 2010
CLIMATE RECORD PERIOD 1894 TO 2015


WEATHER ITEM   OBSERVED TIME   RECORD YEAR NORMAL DEPARTURE LAST
                VALUE   (LST)  VALUE       VALUE  FROM      YEAR
                                                  NORMAL
..................................................................
TEMPERATURE (F)
 YESTERDAY
  MAXIMUM         62    350 PM  67    1981  54      8       63
  MINIMUM         41    651 AM  30    1997  42     -1       48
  AVERAGE         52                        48      4       56

PRECIPITATION (IN)
  YESTERDAY        T             1.92 1974   0.31  -0.31     0.06
  MONTH TO DATE    7.93                      8.88  -0.95     9.49
  SINCE OCT 1     30.49                     44.51 -14.02    15.58
  SINCE JAN 1      9.66                     19.27  -9.61    11.64

SNOWFALL (IN)
  YESTERDAY       MM            MM      MM  MM     MM       MM
  MONTH TO DATE    0.0                      MM     MM        0.0
  SINCE DEC 1      0.0                      MM     MM        0.0
  SINCE JUL 1      0.0                      MM     MM        0.0
  SNOW DEPTH       0

DEGREE DAYS
 HEATING
  YESTERDAY       13                        17     -4        9
  MONTH TO DATE  321                       490   -169      445
  SINCE DEC 1   1114                      1556   -442     1574
  SINCE JUL 1   2221                      3173   -952     3166

 COOLING
  YESTERDAY        0                         0      0        0
  MONTH TO DATE    0                         0      0        0
  SINCE DEC 1      0                         0      0        0
  SINCE JAN 1      0                         0      0        0
..................................................................


WIND (MPH)
  HIGHEST WIND SPEED    18   HIGHEST WIND DIRECTION    NE (40)
  HIGHEST GUST SPEED    28   HIGHEST GUST DIRECTION    NE (30)
  AVERAGE WIND SPEED     8.3


SKY COVER
  AVERAGE SKY COVER 0.2


WEATHER CONDITIONS
 THE FOLLOWING WEATHER WAS RECORDED YESTERDAY.
  LIGHT RAIN
  FOG
  HAZE


RELATIVE HUMIDITY (PERCENT)
 HIGHEST   100
 LOWEST     39
 AVERAGE    70

..........................................................


THE CRESCENT CITY CA CLIMATE NORMALS FOR TODAY
                         NORMAL    RECORD    YEAR
 MAXIMUM TEMPERATURE (F)   54        70      1954
 MINIMUM TEMPERATURE (F)   42        29      1971


SUNRISE AND SUNSET
MARCH  1 2015.........SUNRISE   652 AM PST   SUNSET   607 PM PST
MARCH  2 2015.........SUNRISE   650 AM PST   SUNSET   608 PM PST


-  INDICATES NEGATIVE NUMBERS.
R  INDICATES RECORD WAS SET OR TIED.
MM INDICATES DATA IS MISSING.
T  INDICATES TRACE AMOUNT.




$$
