000
CDUS46 KEKA 160009
CLICEC


CLIMATE REPORT
NATIONAL WEATHER SERVICE EUREKA CA
409 PM PST SUN JAN 15 2017


...................................

...THE CRESCENT CITY CA CLIMATE SUMMARY FOR JANUARY 15 2017...
VALID TODAY AS OF 0400 PM LOCAL TIME.

CLIMATE NORMAL PERIOD 1981 TO 2010
CLIMATE RECORD PERIOD 1894 TO 2017


WEATHER ITEM   OBSERVED TIME   RECORD YEAR NORMAL DEPARTURE LAST
                VALUE   (LST)  VALUE       VALUE  FROM      YEAR
                                                  NORMAL
..................................................................
TEMPERATURE (F)
 TODAY
  MAXIMUM         51    234 PM  66    1981  55     -4       56
  MINIMUM         36    815 AM  29    1960  41     -5       42
  AVERAGE         44                        48     -4       49

PRECIPITATION (IN)
  TODAY            0.00          3.15 1974   0.32  -0.32     0.26
  MONTH TO DATE    7.22                      5.99   1.23     5.09
  SINCE OCT 1     52.32                     31.23  21.09    39.77
  SINCE JAN 1      7.22                      5.99   1.23     5.09

SNOWFALL (IN)
  TODAY            0.0          MM      MM  MM     MM       MM
  MONTH TO DATE    0.0                      MM     MM        0.0
  SINCE DEC 1      0.0                      MM     MM        0.0
  SINCE JUL 1      0.0                      MM     MM        0.0
  SNOW DEPTH       0

..................................................................


WIND (MPH)
  HIGHEST WIND SPEED     9   HIGHEST WIND DIRECTION     W (250)
  HIGHEST GUST SPEED    11   HIGHEST GUST DIRECTION     S (190)
  AVERAGE WIND SPEED     3.7


SKY COVER
  AVERAGE SKY COVER 0.0


WEATHER CONDITIONS
 THE FOLLOWING WEATHER WAS RECORDED TODAY.
  HAZE


RELATIVE HUMIDITY (PERCENT)
 HIGHEST    93
 LOWEST     71
 AVERAGE    82

..........................................................


THE CRESCENT CITY CA CLIMATE NORMALS FOR TOMORROW
                         NORMAL    RECORD    YEAR
 MAXIMUM TEMPERATURE (F)   55        73      2014
                                             1985
 MINIMUM TEMPERATURE (F)   41        28      2001


SUNRISE AND SUNSET
JANUARY 15 2017.......SUNRISE   742 AM PST   SUNSET   512 PM PST
JANUARY 16 2017.......SUNRISE   741 AM PST   SUNSET   513 PM PST


-  INDICATES NEGATIVE NUMBERS.
R  INDICATES RECORD WAS SET OR TIED.
MM INDICATES DATA IS MISSING.
T  INDICATES TRACE AMOUNT.




$$
