000
CDUS46 KEKA 071212
CLICEC


CLIMATE REPORT
NATIONAL WEATHER SERVICE EUREKA CA
411 AM PST SUN FEB 7 2016


...................................

...THE CRESCENT CITY CA CLIMATE SUMMARY FOR FEBRUARY 6 2016...

CLIMATE NORMAL PERIOD 1981 TO 2010
CLIMATE RECORD PERIOD 1894 TO 2016


WEATHER ITEM   OBSERVED TIME   RECORD YEAR NORMAL DEPARTURE LAST
                VALUE   (LST)  VALUE       VALUE  FROM      YEAR
                                                  NORMAL
..................................................................
TEMPERATURE (F)
 YESTERDAY
  MAXIMUM         58    519 PM  71    1987  53      5       63
  MINIMUM         49   1049 PM  30    1989  42      7       56
  AVERAGE         54                        47      7       60

PRECIPITATION (IN)
  YESTERDAY        0.02          2.53 2015   0.35  -0.33     2.53
  MONTH TO DATE    0.66                      2.06  -1.40     6.44
  SINCE OCT 1     49.77                     37.69  12.08    29.00
  SINCE JAN 1     15.09                     12.45   2.64     8.17

SNOWFALL (IN)
  YESTERDAY       MM            MM      MM  MM     MM        0.0
  MONTH TO DATE    0.0                      MM     MM        0.0
  SINCE DEC 1      0.0                      MM     MM        0.0
  SINCE JUL 1      0.0                      MM     MM        0.0
  SNOW DEPTH       0

DEGREE DAYS
 HEATING
  YESTERDAY       11                        18     -7        5
  MONTH TO DATE  102                       108     -6       52
  SINCE DEC 1   1030                      1177   -147      845
  SINCE JUL 1   2199                      2794   -595     1952

 COOLING
  YESTERDAY        0                         0      0        0
  MONTH TO DATE    0                         0      0        0
  SINCE DEC 1      0                         0      0        0
  SINCE JAN 1      0                         0      0        0
..................................................................


WIND (MPH)
  HIGHEST WIND SPEED     8   HIGHEST WIND DIRECTION     S (170)
  HIGHEST GUST SPEED    11   HIGHEST GUST DIRECTION    SE (150)
  AVERAGE WIND SPEED     2.5


SKY COVER
  AVERAGE SKY COVER 0.9


WEATHER CONDITIONS
 THE FOLLOWING WEATHER WAS RECORDED YESTERDAY.
  LIGHT RAIN
  FOG
  HAZE


RELATIVE HUMIDITY (PERCENT)
 HIGHEST   100
 LOWEST     67
 AVERAGE    84

..........................................................


THE CRESCENT CITY CA CLIMATE NORMALS FOR TODAY
                         NORMAL    RECORD    YEAR
 MAXIMUM TEMPERATURE (F)   53        72      1987
 MINIMUM TEMPERATURE (F)   42        27      1989


SUNRISE AND SUNSET
FEBRUARY  7 2016......SUNRISE   723 AM PST   SUNSET   540 PM PST
FEBRUARY  8 2016......SUNRISE   722 AM PST   SUNSET   541 PM PST


-  INDICATES NEGATIVE NUMBERS.
R  INDICATES RECORD WAS SET OR TIED.
MM INDICATES DATA IS MISSING.
T  INDICATES TRACE AMOUNT.




$$
