000
CDUS46 KEKA 241212
CLICEC


CLIMATE REPORT
NATIONAL WEATHER SERVICE EUREKA CA
511 AM PDT MON APR 24 2017


...................................

...THE CRESCENT CITY CA CLIMATE SUMMARY FOR APRIL 23 2017...

CLIMATE NORMAL PERIOD 1981 TO 2010
CLIMATE RECORD PERIOD 1894 TO 2017


WEATHER ITEM   OBSERVED TIME   RECORD YEAR NORMAL DEPARTURE LAST
                VALUE   (LST)  VALUE       VALUE  FROM      YEAR
                                                  NORMAL
..................................................................
TEMPERATURE (F)
 YESTERDAY
  MAXIMUM         55   1049 AM  71    1995  55      0       57
  MINIMUM         49   1159 PM  33    1961  45      4       50
  AVERAGE         52                        50      2       54

PRECIPITATION (IN)
  YESTERDAY        0.40          0.95 1993   0.14   0.26     0.08
  MONTH TO DATE    7.10                      4.32   2.78     2.20
  SINCE OCT 1     89.19                     56.69  32.50    65.23
  SINCE JAN 1     44.09                     31.45  12.64    30.55

SNOWFALL (IN)
  YESTERDAY       MM            MM      MM  MM     MM        0.0
  MONTH TO DATE    0.0                      MM     MM        0.0
  SINCE MAR 1      0.0                      MM     MM        0.0
  SINCE JUL 1      0.0                      MM     MM        0.0
  SNOW DEPTH       0

DEGREE DAYS
 HEATING
  YESTERDAY       13                        15     -2       11
  MONTH TO DATE  326                       365    -39      236
  SINCE MAR 1    769                       878   -109      653
  SINCE JUL 1   3700                      4051   -351     3131

 COOLING
  YESTERDAY        0                         0      0        0
  MONTH TO DATE    0                         0      0        0
  SINCE MAR 1      0                         0      0        0
  SINCE JAN 1      0                         0      0        0
..................................................................


WIND (MPH)
  HIGHEST WIND SPEED    22   HIGHEST WIND DIRECTION     S (190)
  HIGHEST GUST SPEED    26   HIGHEST GUST DIRECTION     S (190)
  AVERAGE WIND SPEED    11.5


SKY COVER
  AVERAGE SKY COVER 1.0


WEATHER CONDITIONS
 THE FOLLOWING WEATHER WAS RECORDED YESTERDAY.
  RAIN
  LIGHT RAIN
  FOG


RELATIVE HUMIDITY (PERCENT)
 HIGHEST    96
 LOWEST     77
 AVERAGE    87

..........................................................


THE CRESCENT CITY CA CLIMATE NORMALS FOR TODAY
                         NORMAL    RECORD    YEAR
 MAXIMUM TEMPERATURE (F)   55        70      1982
 MINIMUM TEMPERATURE (F)   45        32      1971


SUNRISE AND SUNSET
APRIL 24 2017.........SUNRISE   523 AM PST   SUNSET   708 PM PST
APRIL 25 2017.........SUNRISE   521 AM PST   SUNSET   709 PM PST


-  INDICATES NEGATIVE NUMBERS.
R  INDICATES RECORD WAS SET OR TIED.
MM INDICATES DATA IS MISSING.
T  INDICATES TRACE AMOUNT.




$$
