000
CDUS44 KMRX 300820
CLICHA


CLIMATE REPORT
NATIONAL WEATHER SERVICE MORRISTOWN TN
418 AM EDT FRI SEP 30 2016


...................................

...THE CHATTANOOGA  ASOS CLIMATE SUMMARY FOR SEPTEMBER 29 2016...

CLIMATE NORMAL PERIOD 1981 TO 2010
CLIMATE RECORD PERIOD 1879 TO 2016


WEATHER ITEM   OBSERVED TIME   RECORD YEAR NORMAL DEPARTURE LAST
                VALUE   (LST)  VALUE       VALUE  FROM      YEAR
                                                  NORMAL
..................................................................
TEMPERATURE (F)
 YESTERDAY
  MAXIMUM         74    215 PM  94    1904  79     -5       79
  MINIMUM         56   1151 PM  37    1942  56      0       67
  AVERAGE         65                        68     -3       73

PRECIPITATION (IN)
  YESTERDAY        0.00          2.24 1989   0.15  -0.15     0.08
  MONTH TO DATE    1.63                      3.90  -2.27     2.38
  SINCE SEP 1      1.63                      3.90  -2.27     2.38
  SINCE JAN 1     24.97                     39.16 -14.19    43.06

DEGREE DAYS
 HEATING
  YESTERDAY        0                         2     -2        0
  MONTH TO DATE    0                        12    -12        3
  SINCE SEP 1      0                        12    -12        3
  SINCE JUL 1      0                        12    -12        3

 COOLING
  YESTERDAY        0                         4     -4        8
  MONTH TO DATE  419                       236    183      267
  SINCE SEP 1    419                       236    183      267
  SINCE JAN 1   2328                      1686    642     1914
..................................................................


WIND (MPH)
  HIGHEST WIND SPEED    15   HIGHEST WIND DIRECTION     N (340)
  HIGHEST GUST SPEED    20   HIGHEST GUST DIRECTION    NW (320)
  AVERAGE WIND SPEED     8.1


SKY COVER
  POSSIBLE SUNSHINE  MM
  AVERAGE SKY COVER 0.5


WEATHER CONDITIONS
 THE FOLLOWING WEATHER WAS RECORDED YESTERDAY.
  NO SIGNIFICANT WEATHER WAS OBSERVED.


RELATIVE HUMIDITY (PERCENT)
 HIGHEST    83           700 AM
 LOWEST     35           200 PM
 AVERAGE    59

..........................................................


THE CHATTANOOGA  ASOS CLIMATE NORMALS FOR TODAY
                         NORMAL    RECORD    YEAR
 MAXIMUM TEMPERATURE (F)   78        93      1941
 MINIMUM TEMPERATURE (F)   56        36      1967


SUNRISE AND SUNSET
SEPTEMBER 30 2016.....SUNRISE   735 AM EDT   SUNSET   725 PM EDT
OCTOBER  1 2016.......SUNRISE   736 AM EDT   SUNSET   724 PM EDT


-  INDICATES NEGATIVE NUMBERS.
R  INDICATES RECORD WAS SET OR TIED.
MM INDICATES DATA IS MISSING.
T  INDICATES TRACE AMOUNT.




$$
