000
CDUS44 KMRX 222224
CLICHA

CLIMATE REPORT
NATIONAL WEATHER SERVICE MORRISTOWN TN
524 PM EST MON DEC 22 2014

...................................

...THE CHATTANOOGA CLIMATE SUMMARY FOR DECEMBER 22 2014...
VALID TODAY AS OF 0500 PM LOCAL TIME.

CLIMATE NORMAL PERIOD 1981 TO 2010
CLIMATE RECORD PERIOD 1879 TO 2014


WEATHER ITEM   OBSERVED TIME   RECORD YEAR NORMAL DEPARTURE LAST
                VALUE   (LST)  VALUE       VALUE  FROM      YEAR
                                                  NORMAL
..................................................................
TEMPERATURE (F)
 TODAY
  MAXIMUM         50    452 PM  71    2013  51     -1       71
  MINIMUM         46    716 AM   4    1989  32     14       56
  AVERAGE         48                        41      7       64

PRECIPITATION (IN)
  TODAY            0.04          2.80 1990   0.14  -0.10     1.88
  MONTH TO DATE    1.29                      3.57  -2.28     6.57
  SINCE DEC 1      1.29                      3.57  -2.28     6.57
  SINCE JAN 1     42.17                     51.15  -8.98    67.36

SNOWFALL (IN)
  TODAY            0.0                       0.0    0.0      0.0
  MONTH TO DATE    0.0                       0.1   -0.1      0.0
  SINCE DEC 1      0.0                       0.1   -0.1      0.0
  SINCE JUL 1      T                         0.1   -0.1       T
  SNOW DEPTH       0

DEGREE DAYS
 HEATING
  TODAY           17                        24     -7        1
  MONTH TO DATE  418                       478    -60      385
  SINCE DEC 1    418                       478    -60      385
  SINCE JUL 1   1094                      1067     27     1016

 COOLING
  TODAY            0                         0      0        0
  MONTH TO DATE    0                         0      0        4
  SINCE DEC 1      0                         0      0        4
  SINCE JAN 1   1910                      1741    169     1756
..................................................................


WIND (MPH)
  HIGHEST WIND SPEED    12   HIGHEST WIND DIRECTION    SW (220)
  HIGHEST GUST SPEED    14   HIGHEST GUST DIRECTION     S (190)
  AVERAGE WIND SPEED     1.2


SKY COVER
  POSSIBLE SUNSHINE  MM
  AVERAGE SKY COVER  MM


WEATHER CONDITIONS
 THE FOLLOWING WEATHER WAS RECORDED TODAY.
  LIGHT RAIN
  FOG
  HAZE


RELATIVE HUMIDITY (PERCENT)
 HIGHEST    86          1100 AM
 LOWEST     76          1200 AM
 AVERAGE    81

..........................................................


THE CHATTANOOGA  ASOS CLIMATE NORMALS FOR TOMORROW
                         NORMAL    RECORD    YEAR
 MAXIMUM TEMPERATURE (F)   50        74      1970
 MINIMUM TEMPERATURE (F)   32         5      1989


SUNRISE AND SUNSET
DECEMBER 22 2014......SUNRISE   745 AM EST   SUNSET   533 PM EST
DECEMBER 23 2014......SUNRISE   746 AM EST   SUNSET   534 PM EST


-  INDICATES NEGATIVE NUMBERS.
R  INDICATES RECORD WAS SET OR TIED.
MM INDICATES DATA IS MISSING.
T  INDICATES TRACE AMOUNT.




$$
