000
CDUS44 KMRX 192136
CLICHA


CLIMATE REPORT
NATIONAL WEATHER SERVICE MORRISTOWN TN
536 PM EDT THU OCT 19 2017


...................................

...THE CHATTANOOGA  ASOS CLIMATE SUMMARY FOR OCTOBER 19 2017...
VALID TODAY AS OF 0500 PM LOCAL TIME.

CLIMATE NORMAL PERIOD 1981 TO 2010
CLIMATE RECORD PERIOD 1879 TO 2017


WEATHER ITEM   OBSERVED TIME   RECORD YEAR NORMAL DEPARTURE LAST
                VALUE   (LST)  VALUE       VALUE  FROM      YEAR
                                                  NORMAL
..................................................................
TEMPERATURE (F)
 TODAY
  MAXIMUM         75    352 PM  90    2016  72      3       90
  MINIMUM         45    726 AM  27    1948  49     -4       63
  AVERAGE         60                        60      0       77

PRECIPITATION (IN)
  TODAY            0.00          2.17 2004   0.10  -0.10     0.00
  MONTH TO DATE    4.01                      2.00   2.01     0.00
  SINCE SEP 1      7.65                      6.04   1.61     1.63
  SINCE JAN 1     51.40                     41.30  10.10    24.97

SNOWFALL (IN)
  TODAY            0.0                       0.0    0.0      0.0
  MONTH TO DATE    0.0                       0.0    0.0      0.0
  SINCE SEP 1      0.0                       0.0    0.0      0.0
  SINCE JUL 1      0.0                       0.0    0.0      0.0
  SNOW DEPTH       0

DEGREE DAYS
 HEATING
  TODAY            5                         6     -1        0
  MONTH TO DATE   26                        69    -43        4
  SINCE SEP 1     35                        84    -49        6
  SINCE JUL 1     35                        84    -49        6

 COOLING
  TODAY            0                         1     -1       12
  MONTH TO DATE  103                        40     63       97
  SINCE SEP 1    342                       279     63      516
  SINCE JAN 1   1946                      1729    217     2425
..................................................................


WIND (MPH)
  HIGHEST WIND SPEED     9   HIGHEST WIND DIRECTION     N (20)
  HIGHEST GUST SPEED    10   HIGHEST GUST DIRECTION     N (20)
  AVERAGE WIND SPEED     0.7


SKY COVER
  POSSIBLE SUNSHINE  MM
  AVERAGE SKY COVER 0.1


WEATHER CONDITIONS
 THE FOLLOWING WEATHER WAS RECORDED TODAY.
  FOG


RELATIVE HUMIDITY (PERCENT)
 HIGHEST    93           200 AM
 LOWEST     31           400 PM
 AVERAGE    62

..........................................................


THE CHATTANOOGA  ASOS CLIMATE NORMALS FOR TOMORROW
                         NORMAL    RECORD    YEAR
 MAXIMUM TEMPERATURE (F)   72        89      2016
 MINIMUM TEMPERATURE (F)   48        31      1948


SUNRISE AND SUNSET
OCTOBER 19 2017.......SUNRISE   750 AM EDT   SUNSET   701 PM EDT
OCTOBER 20 2017.......SUNRISE   751 AM EDT   SUNSET   659 PM EDT


-  INDICATES NEGATIVE NUMBERS.
R  INDICATES RECORD WAS SET OR TIED.
MM INDICATES DATA IS MISSING.
T  INDICATES TRACE AMOUNT.




$$
