000
CDUS44 KMRX 230833
CLICHA


CLIMATE REPORT
NATIONAL WEATHER SERVICE MORRISTOWN TN
433 AM EDT TUE AUG 23 2016


...................................

...THE CHATTANOOGA  ASOS CLIMATE SUMMARY FOR AUGUST 22 2016...

CLIMATE NORMAL PERIOD 1981 TO 2010
CLIMATE RECORD PERIOD 1879 TO 2016


WEATHER ITEM   OBSERVED TIME   RECORD YEAR NORMAL DEPARTURE LAST
                VALUE   (LST)  VALUE       VALUE  FROM      YEAR
                                                  NORMAL
..................................................................
TEMPERATURE (F)
 YESTERDAY
  MAXIMUM         89    325 PM 103    2007  89      0       90
  MINIMUM         65    614 AM  55    1956  69     -4       68
                                      1930
  AVERAGE         77                        79     -2       79

PRECIPITATION (IN)
  YESTERDAY        0.00          2.98 1912   0.11  -0.11     0.15
  MONTH TO DATE    1.31                      2.56  -1.25     5.73
  SINCE JUN 1      5.03                     11.52  -6.49    16.12
  SINCE JAN 1     22.27                     34.34 -12.07    39.32

DEGREE DAYS
 COOLING
  YESTERDAY       12                        14     -2       14
  MONTH TO DATE  410                       326     84      318
  SINCE JUN 1   1472                      1134    338     1274
  SINCE JAN 1   1748                      1330    418     1550
..................................................................


WIND (MPH)
  HIGHEST WIND SPEED    10   HIGHEST WIND DIRECTION     N (20)
  HIGHEST GUST SPEED    16   HIGHEST GUST DIRECTION    NE (50)
  AVERAGE WIND SPEED     4.6


SKY COVER
  POSSIBLE SUNSHINE  MM
  AVERAGE SKY COVER 0.5


WEATHER CONDITIONS
 THE FOLLOWING WEATHER WAS RECORDED YESTERDAY.
  NO SIGNIFICANT WEATHER WAS OBSERVED.


RELATIVE HUMIDITY (PERCENT)
 HIGHEST    87           400 AM
 LOWEST     26           400 PM
 AVERAGE    57

..........................................................


THE CHATTANOOGA  ASOS CLIMATE NORMALS FOR TODAY
                         NORMAL    RECORD    YEAR
 MAXIMUM TEMPERATURE (F)   89       105      2007
 MINIMUM TEMPERATURE (F)   69        55      1969
                                             1956


SUNRISE AND SUNSET
AUGUST 23 2016........SUNRISE   707 AM EDT   SUNSET   819 PM EDT
AUGUST 24 2016........SUNRISE   708 AM EDT   SUNSET   817 PM EDT


-  INDICATES NEGATIVE NUMBERS.
R  INDICATES RECORD WAS SET OR TIED.
MM INDICATES DATA IS MISSING.
T  INDICATES TRACE AMOUNT.




$$
