000
CDUS44 KMRX 262132
CLICHA


CLIMATE REPORT
NATIONAL WEATHER SERVICE MORRISTOWN TN
532 PM EDT WED APR 26 2017


...................................

...THE CHATTANOOGA  ASOS CLIMATE SUMMARY FOR APRIL 26 2017...
VALID TODAY AS OF 0500 PM LOCAL TIME.

CLIMATE NORMAL PERIOD 1981 TO 2010
CLIMATE RECORD PERIOD 1879 TO 2017


WEATHER ITEM   OBSERVED TIME   RECORD YEAR NORMAL DEPARTURE LAST
                VALUE   (LST)  VALUE       VALUE  FROM      YEAR
                                                  NORMAL
..................................................................
TEMPERATURE (F)
 TODAY
  MAXIMUM         82    304 PM  91    1986  75      7       84
  MINIMUM         55    629 AM  35    1983  51      4       55
                                      1972
  AVERAGE         69                        63      6       70

PRECIPITATION (IN)
  TODAY            0.00          2.37 1973   0.13  -0.13     0.00
  MONTH TO DATE    9.19                      3.47   5.72     1.33
  SINCE MAR 1     13.32                      8.45   4.87     4.97
  SINCE JAN 1     21.75                     18.20   3.55    15.71

SNOWFALL (IN)
  TODAY            0.0                       0.0    0.0      0.0
  MONTH TO DATE    0.0                       0.1   -0.1      0.0
  SINCE MAR 1      T                         1.3   -1.3       T
  SINCE JUL 1      0.3                       3.9   -3.6      0.5
  SNOW DEPTH       0

DEGREE DAYS
 HEATING
  TODAY            0                         4     -4        0
  MONTH TO DATE   55                       163   -108      125
  SINCE MAR 1    383                       567   -184      370
  SINCE JUL 1   2194                      3189   -995     2455

 COOLING
  TODAY            4                         2      2        5
  MONTH TO DATE   76                        32     44       34
  SINCE MAR 1     95                        39     56       46
  SINCE JAN 1     95                        39     56       46
..................................................................


WIND (MPH)
  HIGHEST WIND SPEED    17   HIGHEST WIND DIRECTION     S (200)
  HIGHEST GUST SPEED    24   HIGHEST GUST DIRECTION    SW (210)
  AVERAGE WIND SPEED     2.8


SKY COVER
  POSSIBLE SUNSHINE  MM
  AVERAGE SKY COVER 0.2


WEATHER CONDITIONS
 THE FOLLOWING WEATHER WAS RECORDED TODAY.
  NO SIGNIFICANT WEATHER WAS OBSERVED.


RELATIVE HUMIDITY (PERCENT)
 HIGHEST    93           200 AM
 LOWEST     45           300 PM
 AVERAGE    69

..........................................................


THE CHATTANOOGA  ASOS CLIMATE NORMALS FOR TOMORROW
                         NORMAL    RECORD    YEAR
 MAXIMUM TEMPERATURE (F)   76        92      1986
 MINIMUM TEMPERATURE (F)   52        34      1972


SUNRISE AND SUNSET
APRIL 26 2017.........SUNRISE   655 AM EDT   SUNSET   822 PM EDT
APRIL 27 2017.........SUNRISE   654 AM EDT   SUNSET   823 PM EDT


-  INDICATES NEGATIVE NUMBERS.
R  INDICATES RECORD WAS SET OR TIED.
MM INDICATES DATA IS MISSING.
T  INDICATES TRACE AMOUNT.




$$
