000
CDUS44 KMRX 270816
CLICHA


CLIMATE REPORT
NATIONAL WEATHER SERVICE MORRISTOWN TN
415 AM EDT MON MAR 27 2017


...................................

...THE CHATTANOOGA  ASOS CLIMATE SUMMARY FOR MARCH 26 2017...

CLIMATE NORMAL PERIOD 1981 TO 2010
CLIMATE RECORD PERIOD 1879 TO 2017


WEATHER ITEM   OBSERVED TIME   RECORD YEAR NORMAL DEPARTURE LAST
                VALUE   (LST)  VALUE       VALUE  FROM      YEAR
                                                  NORMAL
..................................................................
TEMPERATURE (F)
 YESTERDAY
  MAXIMUM         77    423 PM  84    2007  67     10       72
                                      1991
                                      1910
  MINIMUM         58   1159 PM  19    1894  43     15       43
  AVERAGE         68                        55     13       58

PRECIPITATION (IN)
  YESTERDAY        0.29          2.93 2011   0.16   0.13     0.00
  MONTH TO DATE    2.84                      4.18  -1.34     2.39
  SINCE MAR 1      2.84                      4.18  -1.34     2.39
  SINCE JAN 1     11.27                     13.93  -2.66    13.13

SNOWFALL (IN)
  YESTERDAY        0.0                       0.0    0.0      0.0
  MONTH TO DATE    T                         1.1   -1.1       T
  SINCE MAR 1      T                         1.1   -1.1       T
  SINCE JUL 1      0.3                       3.7   -3.4      0.5
  SNOW DEPTH       0

DEGREE DAYS
 HEATING
  YESTERDAY        0                        10    -10        7
  MONTH TO DATE  326                       355    -29      219
  SINCE MAR 1    326                       355    -29      219
  SINCE JUL 1   2137                      2977   -840     2304

 COOLING
  YESTERDAY        3                         0      3        0
  MONTH TO DATE   11                         0     11       12
  SINCE MAR 1     11                         0     11       12
  SINCE JAN 1     11                         0     11       12
..................................................................


WIND (MPH)
  HIGHEST WIND SPEED    24   HIGHEST WIND DIRECTION     S (200)
  HIGHEST GUST SPEED    30   HIGHEST GUST DIRECTION     S (200)
  AVERAGE WIND SPEED     7.9


SKY COVER
  POSSIBLE SUNSHINE  MM
  AVERAGE SKY COVER 0.7


WEATHER CONDITIONS
 THE FOLLOWING WEATHER WAS RECORDED YESTERDAY.
  HEAVY RAIN
  RAIN
  LIGHT RAIN


RELATIVE HUMIDITY (PERCENT)
 HIGHEST   100           100 AM
 LOWEST     43           500 PM
 AVERAGE    72

..........................................................


THE CHATTANOOGA  ASOS CLIMATE NORMALS FOR TODAY
                         NORMAL    RECORD    YEAR
 MAXIMUM TEMPERATURE (F)   67        86      1910
 MINIMUM TEMPERATURE (F)   43        17      1955


SUNRISE AND SUNSET
MARCH 27 2017.........SUNRISE   734 AM EDT   SUNSET   758 PM EDT
MARCH 28 2017.........SUNRISE   733 AM EDT   SUNSET   759 PM EDT


-  INDICATES NEGATIVE NUMBERS.
R  INDICATES RECORD WAS SET OR TIED.
MM INDICATES DATA IS MISSING.
T  INDICATES TRACE AMOUNT.




$$
