000
CDUS44 KMRX 160817
CLICHA

CLIMATE REPORT
NATIONAL WEATHER SERVICE MORRISTOWN TN
415 AM EDT WED APR 16 2014


...................................

...THE CHATTANOOGA  ASOS CLIMATE SUMMARY FOR APRIL 15 2014...

CLIMATE NORMAL PERIOD 1981 TO 2010
CLIMATE RECORD PERIOD 1879 TO 2014


WEATHER ITEM   OBSERVED TIME   RECORD YEAR NORMAL DEPARTURE LAST
                VALUE   (LST)  VALUE       VALUE  FROM      YEAR
                                                  NORMAL
..................................................................
TEMPERATURE (F)
 YESTERDAY
  MAXIMUM         63   1229 AM  87    2006  73    -10       78
                                      1972
                                      1954
  MINIMUM         37   1159 PM  27    1943  48    -11       56
  AVERAGE         50                        60    -10       67

PRECIPITATION (IN)
  YESTERDAY        0.16          3.13 2011   0.12   0.04     0.00
  MONTH TO DATE    2.87                      2.05   0.82     2.63
  SINCE MAR 1      5.25                      7.03  -1.78     7.34
  SINCE JAN 1     12.84                     16.78  -3.94    21.02

SNOWFALL (IN)
  YESTERDAY        0.0                       0.0    0.0      0.0
  MONTH TO DATE    0.0                       0.1   -0.1      0.0
  SINCE MAR 1      T                         1.3   -1.3       T
  SINCE JUL 1      8.4                       3.9    4.5      0.3
  SNOW DEPTH       0

DEGREE DAYS
 HEATING
  YESTERDAY       15                         6      9        0
  MONTH TO DATE   82                       112    -30       95
  SINCE MAR 1    517                       516      1      646
  SINCE JUL 1   3311                      3138    173     2962

 COOLING
  YESTERDAY        0                         1     -1        2
  MONTH TO DATE   15                        15      0       16
  SINCE MAR 1     15                        22     -7       19
  SINCE JAN 1     15                        22     -7       21
..................................................................


WIND (MPH)
  HIGHEST WIND SPEED    26   HIGHEST WIND DIRECTION     N (360)
  HIGHEST GUST SPEED    33   HIGHEST GUST DIRECTION     N (360)
  AVERAGE WIND SPEED    12.7


SKY COVER
  POSSIBLE SUNSHINE  MM
  AVERAGE SKY COVER  MM


WEATHER CONDITIONS
 THE FOLLOWING WEATHER WAS RECORDED YESTERDAY.
  RAIN
  LIGHT RAIN
  FOG


RELATIVE HUMIDITY (PERCENT)
 HIGHEST    97           100 AM
 LOWEST     41           800 PM
 AVERAGE    69

..........................................................


THE CHATTANOOGA  ASOS CLIMATE NORMALS FOR TODAY
                         NORMAL    RECORD    YEAR
 MAXIMUM TEMPERATURE (F)   73        89      2002
 MINIMUM TEMPERATURE (F)   48        31      1975
                                             1950


SUNRISE AND SUNSET
APRIL 16 2014.........SUNRISE   708 AM EDT   SUNSET   814 PM EDT
APRIL 17 2014.........SUNRISE   706 AM EDT   SUNSET   815 PM EDT


-  INDICATES NEGATIVE NUMBERS.
R  INDICATES RECORD WAS SET OR TIED.
MM INDICATES DATA IS MISSING.
T  INDICATES TRACE AMOUNT.

$$
