000
CDUS44 KMRX 240829
CLICHA


CLIMATE REPORT
NATIONAL WEATHER SERVICE MORRISTOWN TN
428 AM EDT SAT JUN 24 2017


...................................

...THE CHATTANOOGA  ASOS CLIMATE SUMMARY FOR JUNE 23 2017...

CLIMATE NORMAL PERIOD 1981 TO 2010
CLIMATE RECORD PERIOD 1879 TO 2017


WEATHER ITEM   OBSERVED TIME   RECORD YEAR NORMAL DEPARTURE LAST
                VALUE   (LST)  VALUE       VALUE  FROM      YEAR
                                                  NORMAL
..................................................................
TEMPERATURE (F)
 YESTERDAY
  MAXIMUM         89    254 PM 100    1988  89      0       97
  MINIMUM         74    952 PM  52    1972  68      6       79
  AVERAGE         82                        78      4       88

PRECIPITATION (IN)
  YESTERDAY        0.12          1.76 1929   0.14  -0.02     0.00
  MONTH TO DATE    3.09                      3.04   0.05     1.08
  SINCE JUN 1      3.09                      3.04   0.05     1.08
  SINCE JAN 1     31.95                     25.86   6.09    18.32

DEGREE DAYS
 COOLING
  YESTERDAY       17                        13      4       23
  MONTH TO DATE  272                       249     23      343
  SINCE JUN 1    272                       249     23      343
  SINCE JAN 1    598                       445    153      619
..................................................................


WIND (MPH)
  HIGHEST WIND SPEED    28   HIGHEST WIND DIRECTION     S (180)
  HIGHEST GUST SPEED    41   HIGHEST GUST DIRECTION     S (190)
  AVERAGE WIND SPEED    10.9


SKY COVER
  POSSIBLE SUNSHINE  MM
  AVERAGE SKY COVER 0.7


WEATHER CONDITIONS
 THE FOLLOWING WEATHER WAS RECORDED YESTERDAY.
  HEAVY RAIN
  RAIN
  LIGHT RAIN
  FOG


RELATIVE HUMIDITY (PERCENT)
 HIGHEST    94           200 AM
 LOWEST     52           300 PM
 AVERAGE    73

..........................................................


THE CHATTANOOGA  ASOS CLIMATE NORMALS FOR TODAY
                         NORMAL    RECORD    YEAR
 MAXIMUM TEMPERATURE (F)   89       101      1988
 MINIMUM TEMPERATURE (F)   68        47      1972


SUNRISE AND SUNSET
JUNE 24 2017..........SUNRISE   628 AM EDT   SUNSET   859 PM EDT
JUNE 25 2017..........SUNRISE   628 AM EDT   SUNSET   859 PM EDT


-  INDICATES NEGATIVE NUMBERS.
R  INDICATES RECORD WAS SET OR TIED.
MM INDICATES DATA IS MISSING.
T  INDICATES TRACE AMOUNT.




$$
