000
CDUS44 KMRX 310842
CLICHA


CLIMATE REPORT
NATIONAL WEATHER SERVICE MORRISTOWN TN
442 AM EDT FRI JUL 31 2015


...................................

...THE CHATTANOOGA  ASOS CLIMATE SUMMARY FOR JULY 30 2015...

CLIMATE NORMAL PERIOD 1981 TO 2010
CLIMATE RECORD PERIOD 1879 TO 2015


WEATHER ITEM   OBSERVED TIME   RECORD YEAR NORMAL DEPARTURE LAST
                VALUE   (LST)  VALUE       VALUE  FROM      YEAR
                                                  NORMAL
..................................................................
TEMPERATURE (F)
 YESTERDAY
  MAXIMUM         93    507 PM  99    1999  90      3       81
                                      1952
  MINIMUM         76    626 AM  58    2014  70      6       58
                                      1969
                                      1965
  AVERAGE         85                        80      5       70

PRECIPITATION (IN)
  YESTERDAY        0.00          2.24 1918   0.15  -0.15     0.00
  MONTH TO DATE    6.28                      4.77   1.51     2.57
  SINCE JUN 1     10.39                      8.82   1.57     7.56
  SINCE JAN 1     33.59                     31.64   1.95    24.85

DEGREE DAYS
 COOLING
  YESTERDAY       20                        15      5        5
  MONTH TO DATE  500                       446     54      387
  SINCE JUN 1    941                       791    150      788
  SINCE JAN 1   1217                       987    230     1046
..................................................................


WIND (MPH)
  HIGHEST WIND SPEED    17   HIGHEST WIND DIRECTION     N (350)
  HIGHEST GUST SPEED    22   HIGHEST GUST DIRECTION     N (340)
  AVERAGE WIND SPEED     8.7


SKY COVER
  POSSIBLE SUNSHINE  MM
  AVERAGE SKY COVER 0.4


WEATHER CONDITIONS
 THE FOLLOWING WEATHER WAS RECORDED YESTERDAY.
  NO SIGNIFICANT WEATHER WAS OBSERVED.


RELATIVE HUMIDITY (PERCENT)
 HIGHEST    88           400 AM
 LOWEST     49           500 PM
 AVERAGE    69

..........................................................


THE CHATTANOOGA  ASOS CLIMATE NORMALS FOR TODAY
                         NORMAL    RECORD    YEAR
 MAXIMUM TEMPERATURE (F)   90        99      1999
 MINIMUM TEMPERATURE (F)   70        56      1969


SUNRISE AND SUNSET
JULY 31 2015..........SUNRISE   649 AM EDT   SUNSET   845 PM EDT
AUGUST  1 2015........SUNRISE   650 AM EDT   SUNSET   844 PM EDT


-  INDICATES NEGATIVE NUMBERS.
R  INDICATES RECORD WAS SET OR TIED.
MM INDICATES DATA IS MISSING.
T  INDICATES TRACE AMOUNT.




$$
