000
CDUS44 KMRX 172207
CLICHA


CLIMATE REPORT
NATIONAL WEATHER SERVICE MORRISTOWN TN
507 PM EST SUN DEC 17 2017


...................................

...THE CHATTANOOGA  ASOS CLIMATE SUMMARY FOR DECEMBER 17 2017...
VALID TODAY AS OF 0500 PM LOCAL TIME.

CLIMATE NORMAL PERIOD 1981 TO 2010
CLIMATE RECORD PERIOD 1879 TO 2017


WEATHER ITEM   OBSERVED TIME   RECORD YEAR NORMAL DEPARTURE LAST
                VALUE   (LST)  VALUE       VALUE  FROM      YEAR
                                                  NORMAL
..................................................................
TEMPERATURE (F)
 TODAY
  MAXIMUM         43    359 PM  75    1924  51     -8       59
  MINIMUM         29    601 AM  11    1945  33     -4       39
  AVERAGE         36                        42     -6       49

PRECIPITATION (IN)
  TODAY            0.12          4.65 1961   0.16  -0.04     0.08
  MONTH TO DATE    1.02                      2.85  -1.83     3.43
  SINCE DEC 1      1.02                      2.85  -1.83     3.43
  SINCE JAN 1     56.16                     50.43   5.73    33.96

SNOWFALL (IN)
  TODAY            0.0                       0.0    0.0      0.0
  MONTH TO DATE    0.4                       0.1    0.3      0.0
  SINCE DEC 1      0.4                       0.1    0.3      0.0
  SINCE JUL 1      0.4                       0.1    0.3      0.0
  SNOW DEPTH       0

DEGREE DAYS
 HEATING
  TODAY           29                        23      6       16
  MONTH TO DATE  380                       361     19      376
  SINCE DEC 1    380                       361     19      376
  SINCE JUL 1    891                       950    -59      696

 COOLING
  TODAY            0                         0      0        0
  MONTH TO DATE    0                         0      0        0
  SINCE DEC 1      0                         0      0        0
  SINCE JAN 1   1965                      1741    224     2477
..................................................................


WIND (MPH)
  HIGHEST WIND SPEED    13   HIGHEST WIND DIRECTION    SE (130)
  HIGHEST GUST SPEED    16   HIGHEST GUST DIRECTION     E (110)
  AVERAGE WIND SPEED     1.2


SKY COVER
  POSSIBLE SUNSHINE  MM
  AVERAGE SKY COVER 0.6


WEATHER CONDITIONS
 THE FOLLOWING WEATHER WAS RECORDED TODAY.
  LIGHT RAIN
  FOG


RELATIVE HUMIDITY (PERCENT)
 HIGHEST    92           100 AM
 LOWEST     70          1200 PM
 AVERAGE    81

..........................................................


THE CHATTANOOGA  ASOS CLIMATE NORMALS FOR TOMORROW
                         NORMAL    RECORD    YEAR
 MAXIMUM TEMPERATURE (F)   51        73      2006
 MINIMUM TEMPERATURE (F)   33        10      1901


SUNRISE AND SUNSET
DECEMBER 17 2017......SUNRISE   743 AM EST   SUNSET   531 PM EST
DECEMBER 18 2017......SUNRISE   743 AM EST   SUNSET   532 PM EST


-  INDICATES NEGATIVE NUMBERS.
R  INDICATES RECORD WAS SET OR TIED.
MM INDICATES DATA IS MISSING.
T  INDICATES TRACE AMOUNT.




$$
