000
CDUS44 KMRX 292109
CLICHA

CLIMATE REPORT
NATIONAL WEATHER SERVICE MORRISTOWN TN
508 PM EDT MON JUN 29 2015


...................................

...THE CHATTANOOGA CLIMATE SUMMARY FOR JUNE 29 2015...
VALID TODAY AS OF 0500 PM LOCAL TIME.

CLIMATE NORMAL PERIOD 1981 TO 2010
CLIMATE RECORD PERIOD 1879 TO 2015


WEATHER ITEM   OBSERVED TIME   RECORD YEAR NORMAL DEPARTURE LAST
                VALUE   (LST)  VALUE       VALUE  FROM      YEAR
                                                  NORMAL
..................................................................
TEMPERATURE (F)
 TODAY
  MAXIMUM         86    337 PM 106    2012  89     -3       85
  MINIMUM         61    603 AM  52    1974  69     -8       70
  AVERAGE         74                        79     -5       78

PRECIPITATION (IN)
  TODAY            0.00          1.21 1935   0.15  -0.15     0.23
  MONTH TO DATE    3.57                      3.90  -0.33     4.38
  SINCE JUN 1      3.57                      3.90  -0.33     4.38
  SINCE JAN 1     26.77                     26.72   0.05    21.67

SNOWFALL (IN)
  TODAY            0.0                       0.0    0.0      0.0
  MONTH TO DATE    0.0                       0.0    0.0      0.0
  SINCE JUN 1      0.0                       0.0    0.0      0.0
  SINCE JUL 1      9.5                       3.9    5.6      8.4
  SNOW DEPTH       0

DEGREE DAYS
 HEATING
  TODAY            0                         0      0        0
  MONTH TO DATE    0                         0      0        0
  SINCE JUN 1      0                         0      0        0
  SINCE JUL 1   3261                      3238     23     3396

 COOLING
  TODAY            9                        14     -5       13
  MONTH TO DATE  428                       331     97      389
  SINCE JUN 1    428                       331     97      389
  SINCE JAN 1    704                       527    177      647
..................................................................


WIND (MPH)
  HIGHEST WIND SPEED    18   HIGHEST WIND DIRECTION    SW (240)
  HIGHEST GUST SPEED    25   HIGHEST GUST DIRECTION    SW (240)
  AVERAGE WIND SPEED     4.7


SKY COVER
  POSSIBLE SUNSHINE  MM
  AVERAGE SKY COVER 0.5


WEATHER CONDITIONS
 THE FOLLOWING WEATHER WAS RECORDED TODAY.
  NO SIGNIFICANT WEATHER WAS OBSERVED.


RELATIVE HUMIDITY (PERCENT)
 HIGHEST    90           200 AM
 LOWEST     48           400 PM
 AVERAGE    69

..........................................................


THE CHATTANOOGA CLIMATE NORMALS FOR TOMORROW
                         NORMAL    RECORD    YEAR
 MAXIMUM TEMPERATURE (F)   90       107      2012
 MINIMUM TEMPERATURE (F)   69        54      1974
                                             1923


SUNRISE AND SUNSET
JUNE 29 2015..........SUNRISE   629 AM EDT   SUNSET   859 PM EDT
JUNE 30 2015..........SUNRISE   630 AM EDT   SUNSET   859 PM EDT


-  INDICATES NEGATIVE NUMBERS.
R  INDICATES RECORD WAS SET OR TIED.
MM INDICATES DATA IS MISSING.
T  INDICATES TRACE AMOUNT.




$$
