984
CDUS41 KLWX 010523
CLICHO


CLIMATE REPORT
NATIONAL WEATHER SERVICE BALTIMORE MD/WASHINGTON DC
123 AM EDT SUN MAY 1 2016


...................................

...THE CHARLOTTESVILLE VA CLIMATE SUMMARY FOR APRIL 30 2016...

CLIMATE NORMAL PERIOD 1981 TO 2010
CLIMATE RECORD PERIOD 1889 TO 2016


WEATHER ITEM   OBSERVED TIME   RECORD YEAR NORMAL DEPARTURE LAST
                VALUE   (LST)  VALUE       VALUE  FROM      YEAR
                                                  NORMAL
..................................................................
TEMPERATURE (F)
 YESTERDAY
  MAXIMUM         59    437 PM  MM      MM  71    -12       73
  MINIMUM         53    516 AM  MM      MM  47      6       47
  AVERAGE         56                        59     -3       60

PRECIPITATION (IN)
  YESTERDAY        0.05                      0.10  -0.05     0.23
  MONTH TO DATE    3.37                      3.36   0.01     4.67
  SINCE MAR 1      4.86                      7.02  -2.16     8.18
  SINCE JAN 1     10.98                     12.49  -1.51    10.84

DEGREE DAYS
 HEATING
  YESTERDAY        9                         7      2        5
  MONTH TO DATE  260                       308    -48      243
  SINCE MAR 1    603                       900   -297      850
  SINCE JUL 1   3361                      4312   -951     4365

 COOLING
  YESTERDAY        0                         1     -1        0
  MONTH TO DATE   23                        19      4        8
  SINCE MAR 1     27                        21      6        8
  SINCE JAN 1     27                        21      6        8
..................................................................


WIND (MPH)
  HIGHEST WIND SPEED     8   HIGHEST WIND DIRECTION     S (170)
  HIGHEST GUST SPEED    11   HIGHEST GUST DIRECTION     S (170)
  AVERAGE WIND SPEED     3.0


SKY COVER
  POSSIBLE SUNSHINE  MM
  AVERAGE SKY COVER 1.0


WEATHER CONDITIONS
 THE FOLLOWING WEATHER WAS RECORDED YESTERDAY.
  LIGHT RAIN
  FOG


RELATIVE HUMIDITY (PERCENT)
 HIGHEST    93          1200 AM
 LOWEST     72           100 PM
 AVERAGE    83

..........................................................


THE CHARLOTTESVILLE VA CLIMATE NORMALS FOR TODAY
                         NORMAL    RECORD    YEAR
 MAXIMUM TEMPERATURE (F)   71        MM        MM
 MINIMUM TEMPERATURE (F)   47        MM        MM


SUNRISE AND SUNSET
MAY  1 2016...........SUNRISE   617 AM EDT   SUNSET   805 PM EDT
MAY  2 2016...........SUNRISE   616 AM EDT   SUNSET   806 PM EDT


-  INDICATES NEGATIVE NUMBERS.
R  INDICATES RECORD WAS SET OR TIED.
MM INDICATES DATA IS MISSING.
T  INDICATES TRACE AMOUNT.




$$
