000
CDUS41 KLWX 130523
CLICHO


CLIMATE REPORT
NATIONAL WEATHER SERVICE BALTIMORE MD/WASHINGTON DC
122 AM EDT SUN JUL 13 2014


...................................

...THE CHARLOTTESVILLE VA CLIMATE SUMMARY FOR JULY 12 2014...

CLIMATE NORMAL PERIOD 1981 TO 2010
CLIMATE RECORD PERIOD 1889 TO 2014


WEATHER ITEM   OBSERVED TIME   RECORD YEAR NORMAL DEPARTURE LAST
                VALUE   (LST)  VALUE       VALUE  FROM      YEAR
                                                  NORMAL
..................................................................
TEMPERATURE (F)
 YESTERDAY
  MAXIMUM         88    509 PM  MM      MM  87      1       72
  MINIMUM         68    518 AM  MM      MM  65      3       65
  AVERAGE         78                        76      2       69

PRECIPITATION (IN)
  YESTERDAY        0.00                      0.13  -0.13     0.57
  MONTH TO DATE    1.42                      1.56  -0.14     3.34
  SINCE JUN 1      4.27                      5.29  -1.02    10.40
  SINCE JAN 1     22.54                     21.76   0.78    27.03

DEGREE DAYS
 HEATING
  YESTERDAY        0                         0      0        0
  MONTH TO DATE    0                         0      0        0
  SINCE JUN 1      2                        11     -9        2
  SINCE JUL 1      0                         0      0        0

 COOLING
  YESTERDAY       13                        11      2        4
  MONTH TO DATE  134                       127      7      146
  SINCE JUN 1    406                       346     60      392
  SINCE JAN 1    522                       432     90      539
..................................................................


WIND (MPH)
  HIGHEST WIND SPEED    14   HIGHEST WIND DIRECTION     S (170)
  HIGHEST GUST SPEED    19   HIGHEST GUST DIRECTION     S (170)
  AVERAGE WIND SPEED     4.3


SKY COVER
  POSSIBLE SUNSHINE  MM
  AVERAGE SKY COVER 0.5


WEATHER CONDITIONS
 THE FOLLOWING WEATHER WAS RECORDED YESTERDAY.
  FOG
  HAZE


RELATIVE HUMIDITY (PERCENT)
 HIGHEST    93           500 AM
 LOWEST     50           300 PM
 AVERAGE    72

..........................................................


THE CHARLOTTESVILLE VA CLIMATE NORMALS FOR TODAY
                         NORMAL    RECORD    YEAR
 MAXIMUM TEMPERATURE (F)   87        MM        MM
 MINIMUM TEMPERATURE (F)   65        MM        MM


SUNRISE AND SUNSET
JULY 13 2014..........SUNRISE   602 AM EDT   SUNSET   837 PM EDT
JULY 14 2014..........SUNRISE   602 AM EDT   SUNSET   837 PM EDT


-  INDICATES NEGATIVE NUMBERS.
R  INDICATES RECORD WAS SET OR TIED.
MM INDICATES DATA IS MISSING.
T  INDICATES TRACE AMOUNT.




$$
