000
CDUS41 KLWX 230524
CLICHO


CLIMATE REPORT
NATIONAL WEATHER SERVICE BALTIMORE MD/WASHINGTON DC
1223 AM EST TUE JAN 23 2018


...................................

...THE CHARLOTTESVILLE VA CLIMATE SUMMARY FOR JANUARY 22 2018...

CLIMATE NORMAL PERIOD 1981 TO 2010
CLIMATE RECORD PERIOD 1998 TO 2018


WEATHER ITEM   OBSERVED TIME   RECORD YEAR NORMAL DEPARTURE LAST
                VALUE   (LST)  VALUE       VALUE  FROM      YEAR
                                                  NORMAL
..................................................................
TEMPERATURE (F)
 YESTERDAY
  MAXIMUM         66    151 PM  MM      MM  45     21       54
  MINIMUM         48    656 AM  MM      MM  26     22       49
  AVERAGE         57                        35     22       52

PRECIPITATION (IN)
  YESTERDAY        0.00                      0.09  -0.09     0.17
  MONTH TO DATE    0.97                      1.97  -1.00     1.36
  SINCE DEC 1      1.32                      5.12  -3.80     3.08
  SINCE JAN 1      0.97                      1.97  -1.00     1.36

DEGREE DAYS
 HEATING
  YESTERDAY        8                        30    -22       13
  MONTH TO DATE  691                       660     31      520
  SINCE DEC 1   1499                      1505     -6     1253
  SINCE JUL 1   2161                      2396   -235     1778

 COOLING
  YESTERDAY        0                         0      0        0
  MONTH TO DATE    0                         0      0        0
  SINCE DEC 1      0                         0      0        0
  SINCE JAN 1      0                         0      0        0
..................................................................


WIND (MPH)
  HIGHEST WIND SPEED    20   HIGHEST WIND DIRECTION     S (190)
  HIGHEST GUST SPEED    26   HIGHEST GUST DIRECTION     S (190)
  AVERAGE WIND SPEED     9.4


SKY COVER
  POSSIBLE SUNSHINE  MM
  AVERAGE SKY COVER 0.5


WEATHER CONDITIONS
 THE FOLLOWING WEATHER WAS RECORDED YESTERDAY.
  NO SIGNIFICANT WEATHER WAS OBSERVED.


RELATIVE HUMIDITY (PERCENT)
 HIGHEST    77           700 AM
 LOWEST     43           100 PM
 AVERAGE    60

..........................................................


THE CHARLOTTESVILLE VA CLIMATE NORMALS FOR TODAY
                         NORMAL    RECORD    YEAR
 MAXIMUM TEMPERATURE (F)   45        MM        MM
 MINIMUM TEMPERATURE (F)   26        MM        MM


SUNRISE AND SUNSET
JANUARY 23 2018.......SUNRISE   725 AM EST   SUNSET   527 PM EST
JANUARY 24 2018.......SUNRISE   724 AM EST   SUNSET   528 PM EST


-  INDICATES NEGATIVE NUMBERS.
R  INDICATES RECORD WAS SET OR TIED.
MM INDICATES DATA IS MISSING.
T  INDICATES TRACE AMOUNT.




$$
