000
CDUS41 KLWX 290522
CLICHO


CLIMATE REPORT
NATIONAL WEATHER SERVICE BALTIMORE MD/WASHINGTON DC
122 AM EDT SUN MAY 29 2016


...................................

...THE CHARLOTTESVILLE VA CLIMATE SUMMARY FOR MAY 28 2016...

CLIMATE NORMAL PERIOD 1981 TO 2010
CLIMATE RECORD PERIOD 1889 TO 2016


WEATHER ITEM   OBSERVED TIME   RECORD YEAR NORMAL DEPARTURE LAST
                VALUE   (LST)  VALUE       VALUE  FROM      YEAR
                                                  NORMAL
..................................................................
TEMPERATURE (F)
 YESTERDAY
  MAXIMUM         88    255 PM  MM      MM  78     10       87
  MINIMUM         67   1159 PM  MM      MM  55     12       63
  AVERAGE         78                        67     11       75

PRECIPITATION (IN)
  YESTERDAY        0.00                      0.15  -0.15     0.00
  MONTH TO DATE    5.02                      3.52   1.50     1.65
  SINCE MAR 1      9.88                     10.54  -0.66     9.83
  SINCE JAN 1     16.00                     16.01  -0.01    12.49

DEGREE DAYS
 HEATING
  YESTERDAY        0                         2     -2        0
  MONTH TO DATE  119                       116      3       43
  SINCE MAR 1    722                      1016   -294      893
  SINCE JUL 1   3480                      4428   -948     4408

 COOLING
  YESTERDAY       13                         3     10       10
  MONTH TO DATE   61                        53      8      137
  SINCE MAR 1     88                        74     14      145
  SINCE JAN 1     88                        74     14      145
..................................................................


WIND (MPH)
  HIGHEST WIND SPEED    14   HIGHEST WIND DIRECTION     S (170)
  HIGHEST GUST SPEED    21   HIGHEST GUST DIRECTION     S (180)
  AVERAGE WIND SPEED     6.9


SKY COVER
  POSSIBLE SUNSHINE  MM
  AVERAGE SKY COVER 0.0


WEATHER CONDITIONS
 THE FOLLOWING WEATHER WAS RECORDED YESTERDAY.
  NO SIGNIFICANT WEATHER WAS OBSERVED.


RELATIVE HUMIDITY (PERCENT)
 HIGHEST    84           200 AM
 LOWEST     43           200 PM
 AVERAGE    64

..........................................................


THE CHARLOTTESVILLE VA CLIMATE NORMALS FOR TODAY
                         NORMAL    RECORD    YEAR
 MAXIMUM TEMPERATURE (F)   78        MM        MM
 MINIMUM TEMPERATURE (F)   56        MM        MM


SUNRISE AND SUNSET
MAY 29 2016...........SUNRISE   554 AM EDT   SUNSET   829 PM EDT
MAY 30 2016...........SUNRISE   553 AM EDT   SUNSET   830 PM EDT


-  INDICATES NEGATIVE NUMBERS.
R  INDICATES RECORD WAS SET OR TIED.
MM INDICATES DATA IS MISSING.
T  INDICATES TRACE AMOUNT.




$$
