000
CDUS41 KLWX 240520
CLICHO


CLIMATE REPORT
NATIONAL WEATHER SERVICE BALTIMORE MD/WASHINGTON DC
1220 AM EST MON NOV 24 2014


...................................

...THE CHARLOTTESVILLE VA CLIMATE SUMMARY FOR NOVEMBER 23 2014...

CLIMATE NORMAL PERIOD 1981 TO 2010
CLIMATE RECORD PERIOD 1889 TO 2014


WEATHER ITEM   OBSERVED TIME   RECORD YEAR NORMAL DEPARTURE LAST
                VALUE   (LST)  VALUE       VALUE  FROM      YEAR
                                                  NORMAL
..................................................................
TEMPERATURE (F)
 YESTERDAY
  MAXIMUM         56    321 PM  MM      MM  55      1       62
  MINIMUM         33    538 AM  MM      MM  34     -1       33
  AVERAGE         45                        44      1       48

PRECIPITATION (IN)
  YESTERDAY        0.83                      0.12   0.71     0.00
  MONTH TO DATE    1.56                      2.91  -1.35     0.49
  SINCE SEP 1      6.15                     10.50  -4.35     4.66
  SINCE JAN 1     34.65                     38.64  -3.99    38.18

DEGREE DAYS
 HEATING
  YESTERDAY       20                        21     -1       17
  MONTH TO DATE  480                       388     92      392
  SINCE SEP 1    711                       734    -23      702
  SINCE JUL 1    711                       737    -26      707

 COOLING
  YESTERDAY        0                         0      0        0
  MONTH TO DATE    0                         0      0        1
  SINCE SEP 1    168                       124     44      144
  SINCE JAN 1   1096                      1034     62     1146
..................................................................


WIND (MPH)
  HIGHEST WIND SPEED    12   HIGHEST WIND DIRECTION     S (200)
  HIGHEST GUST SPEED    13   HIGHEST GUST DIRECTION     S (190)
  AVERAGE WIND SPEED     5.8


SKY COVER
  POSSIBLE SUNSHINE  MM
  AVERAGE SKY COVER 0.5


WEATHER CONDITIONS
 THE FOLLOWING WEATHER WAS RECORDED YESTERDAY.
  HEAVY RAIN
  RAIN
  LIGHT RAIN
  FOG


RELATIVE HUMIDITY (PERCENT)
 HIGHEST    93           700 PM
 LOWEST     35           100 PM
 AVERAGE    64

..........................................................


THE CHARLOTTESVILLE VA CLIMATE NORMALS FOR TODAY
                         NORMAL    RECORD    YEAR
 MAXIMUM TEMPERATURE (F)   54        MM        MM
 MINIMUM TEMPERATURE (F)   34        MM        MM


SUNRISE AND SUNSET
NOVEMBER 24 2014......SUNRISE   704 AM EST   SUNSET   456 PM EST
NOVEMBER 25 2014......SUNRISE   705 AM EST   SUNSET   456 PM EST


-  INDICATES NEGATIVE NUMBERS.
R  INDICATES RECORD WAS SET OR TIED.
MM INDICATES DATA IS MISSING.
T  INDICATES TRACE AMOUNT.




$$
