000
CDUS41 KLWX 060530
CLICHO


CLIMATE REPORT
NATIONAL WEATHER SERVICE BALTIMORE MD/WASHINGTON DC
1226 AM EST TUE DEC 6 2016


...................................

...THE CHARLOTTESVILLE VA CLIMATE SUMMARY FOR DECEMBER 5 2016...

CLIMATE NORMAL PERIOD 1981 TO 2010
CLIMATE RECORD PERIOD 1889 TO 2016


WEATHER ITEM   OBSERVED TIME   RECORD YEAR NORMAL DEPARTURE LAST
                VALUE   (LST)  VALUE       VALUE  FROM      YEAR
                                                  NORMAL
..................................................................
TEMPERATURE (F)
 YESTERDAY
  MAXIMUM         59    258 PM  MM      MM  50      9       55
  MINIMUM         38    732 AM  MM      MM  31      7       26
  AVERAGE         49                        40      9       41

PRECIPITATION (IN)
  YESTERDAY        0.05                      0.12  -0.07     0.00
  MONTH TO DATE    0.15                      0.62  -0.47     1.05
  SINCE DEC 1      0.15                      0.62  -0.47     1.05
  SINCE JAN 1     32.01                     40.18  -8.17    43.98

DEGREE DAYS
 HEATING
  YESTERDAY       16                        25     -9       24
  MONTH TO DATE  101                       120    -19      102
  SINCE DEC 1    101                       120    -19      102
  SINCE JUL 1    626                      1011   -385      748

 COOLING
  YESTERDAY        0                         0      0        0
  MONTH TO DATE    0                         0      0        0
  SINCE DEC 1      0                         0      0        0
  SINCE JAN 1   1698                      1035    663     1356
..................................................................


WIND (MPH)
  HIGHEST WIND SPEED    13   HIGHEST WIND DIRECTION     S (180)
  HIGHEST GUST SPEED    16   HIGHEST GUST DIRECTION     S (180)
  AVERAGE WIND SPEED     3.2


SKY COVER
  POSSIBLE SUNSHINE  MM
  AVERAGE SKY COVER 0.5


WEATHER CONDITIONS
 THE FOLLOWING WEATHER WAS RECORDED YESTERDAY.
  LIGHT RAIN
  FOG


RELATIVE HUMIDITY (PERCENT)
 HIGHEST    92           200 AM
 LOWEST     47           200 PM
 AVERAGE    70

..........................................................


THE CHARLOTTESVILLE VA CLIMATE NORMALS FOR TODAY
                         NORMAL    RECORD    YEAR
 MAXIMUM TEMPERATURE (F)   49        MM        MM
 MINIMUM TEMPERATURE (F)   31        MM        MM


SUNRISE AND SUNSET
DECEMBER  6 2016......SUNRISE   716 AM EST   SUNSET   454 PM EST
DECEMBER  7 2016......SUNRISE   717 AM EST   SUNSET   454 PM EST


-  INDICATES NEGATIVE NUMBERS.
R  INDICATES RECORD WAS SET OR TIED.
MM INDICATES DATA IS MISSING.
T  INDICATES TRACE AMOUNT.




$$
