000
CDUS42 KCHS 230535
CLICHS

CLIMATE REPORT
NATIONAL WEATHER SERVICE CHARLESTON SC
133 AM EDT WED APR 23 2014


...................................

...THE NORTH CHARLESTON SC CLIMATE SUMMARY FOR APRIL 22 2014...

CLIMATE NORMAL PERIOD 1981 TO 2010
CLIMATE RECORD PERIOD 1938 TO 2014


WEATHER ITEM   OBSERVED TIME   RECORD YEAR NORMAL DEPARTURE LAST
                VALUE   (LST)  VALUE       VALUE  FROM      YEAR
                                                  NORMAL
..................................................................
TEMPERATURE (F)
 YESTERDAY
  MAXIMUM         85    400 PM  91    2002  78      7       72
                                      1988
  MINIMUM         55    625 AM  37    1950  55      0       50
  AVERAGE         70                        66      4       61

PRECIPITATION (IN)
  YESTERDAY        0.02          1.42 1984   0.10  -0.08     0.00
  MONTH TO DATE    4.90                      2.15   2.75     4.43
  SINCE MAR 1      9.83                      5.86   3.97     8.50
  SINCE JAN 1     14.68                     12.53   2.15    19.32

SNOWFALL (IN)
  YESTERDAY        0.0                       0.0    0.0
  SINCE MAR 1      0.0                       0.0    0.0
  SINCE JUL 1      T                         0.5   -0.5

DEGREE DAYS
 HEATING
  YESTERDAY        0                         2     -2        4
  MONTH TO DATE   38                        76    -38       67
  SINCE MAR 1    352                       315     37      447
  SINCE JUL 1   1875                      1951    -76     1832

 COOLING
  YESTERDAY        5                         3      2        0
  MONTH TO DATE   70                        52     18       63
  SINCE MAR 1     79                        79      0       73
  SINCE JAN 1     89                        86      3       94
..................................................................


WIND (MPH)
  HIGHEST WIND SPEED    20   HIGHEST WIND DIRECTION    NW (320)
  HIGHEST GUST SPEED    24   HIGHEST GUST DIRECTION    NW (310)
  AVERAGE WIND SPEED     7.4


SKY COVER
  POSSIBLE SUNSHINE  MM
  AVERAGE SKY COVER 0.5


WEATHER CONDITIONS
 THE FOLLOWING WEATHER WAS RECORDED YESTERDAY.
  RAIN
  LIGHT RAIN
  FOG


RELATIVE HUMIDITY (PERCENT)
 HIGHEST    93           200 AM
 LOWEST     34           100 PM
 AVERAGE    64

..........................................................


THE NORTH CHARLESTON SC CLIMATE NORMALS FOR TODAY
                         NORMAL    RECORD    YEAR
 MAXIMUM TEMPERATURE (F)   78        92      1963
 MINIMUM TEMPERATURE (F)   55        39      1993


SUNRISE AND SUNSET
APRIL 23 2014.........SUNRISE   641 AM EDT   SUNSET   756 PM EDT
APRIL 24 2014.........SUNRISE   640 AM EDT   SUNSET   757 PM EDT


-  INDICATES NEGATIVE NUMBERS.
R  INDICATES RECORD WAS SET OR TIED.
MM INDICATES DATA IS MISSING.
T  INDICATES TRACE AMOUNT.




$$
