000
CDUS42 KCHS 170635
CLICHS


CLIMATE REPORT
NATIONAL WEATHER SERVICE CHARLESTON SC
135 AM EST TUE JAN 17 2017


...................................

...THE NORTH CHARLESTON SC CLIMATE SUMMARY FOR JANUARY 16 2017...

CLIMATE NORMAL PERIOD 1981 TO 2010
CLIMATE RECORD PERIOD 1938 TO 2017


WEATHER ITEM   OBSERVED TIME   RECORD YEAR NORMAL DEPARTURE LAST
                VALUE   (LST)  VALUE       VALUE  FROM      YEAR
                                                  NORMAL
..................................................................
TEMPERATURE (F)
 YESTERDAY
  MAXIMUM         64    313 PM  83    1950  59      5       68
  MINIMUM         53   1159 PM  18    1994  37     16       49
                                      1972
  AVERAGE         59                        48     11       59

PRECIPITATION (IN)
  YESTERDAY        T             2.26 1946   0.13  -0.13     0.00
  MONTH TO DATE    0.90                      1.90  -1.00     1.79
  SINCE DEC 1      5.68                      5.01   0.67     4.93
  SINCE JAN 1      0.90                      1.90  -1.00     1.79

SNOWFALL (IN)
  YESTERDAY        0.0                       0.0    0.0
  SINCE DEC 1      T                         0.3   -0.3
  SINCE JUL 1      T                         0.3   -0.3

DEGREE DAYS
 HEATING
  YESTERDAY        6                        17    -11        6
  MONTH TO DATE  160                       272   -112      243
  SINCE DEC 1    475                       718   -243      376
  SINCE JUL 1    693                      1010   -317      522

 COOLING
  YESTERDAY        0                         0      0        0
  MONTH TO DATE    9                         0      9        0
  SINCE DEC 1     16                         7      9       97
  SINCE JAN 1      9                         0      9        0
..................................................................


WIND (MPH)
  HIGHEST WIND SPEED    10   HIGHEST WIND DIRECTION    NE (40)
  HIGHEST GUST SPEED    12   HIGHEST GUST DIRECTION    NE (30)
  AVERAGE WIND SPEED     5.1


SKY COVER
  POSSIBLE SUNSHINE  MM
  AVERAGE SKY COVER 1.0


WEATHER CONDITIONS
 THE FOLLOWING WEATHER WAS RECORDED YESTERDAY.
  LIGHT RAIN
  FOG
  FOG W/VISIBILITY <= 1/4 MILE
  HAZE


RELATIVE HUMIDITY (PERCENT)
 HIGHEST   100           100 AM
 LOWEST     84          1200 PM
 AVERAGE    92

..........................................................


THE NORTH CHARLESTON SC CLIMATE NORMALS FOR TODAY
                         NORMAL    RECORD    YEAR
 MAXIMUM TEMPERATURE (F)   59        78      2013
                                             1949
 MINIMUM TEMPERATURE (F)   37        17      1972
                                             1959


SUNRISE AND SUNSET
JANUARY 17 2017.......SUNRISE   722 AM EST   SUNSET   539 PM EST
JANUARY 18 2017.......SUNRISE   722 AM EST   SUNSET   540 PM EST


-  INDICATES NEGATIVE NUMBERS.
R  INDICATES RECORD WAS SET OR TIED.
MM INDICATES DATA IS MISSING.
T  INDICATES TRACE AMOUNT.




$$
