000
CDUS42 KCHS 310528
CLICHS


CLIMATE REPORT
NATIONAL WEATHER SERVICE CHARLESTON SC
128 AM EDT THU JUL 31 2014


...................................

...THE NORTH CHARLESTON SC CLIMATE SUMMARY FOR JULY 30 2014...

CLIMATE NORMAL PERIOD 1981 TO 2010
CLIMATE RECORD PERIOD 1938 TO 2014


WEATHER ITEM   OBSERVED TIME   RECORD YEAR NORMAL DEPARTURE LAST
                VALUE   (LST)  VALUE       VALUE  FROM      YEAR
                                                  NORMAL
..................................................................
TEMPERATURE (F)
 YESTERDAY
  MAXIMUM         89   1240 PM 100    1999  91     -2       91
  MINIMUM         72    550 AM  65    1960  73     -1       73
  AVERAGE         81                        82     -1       82

PRECIPITATION (IN)
  YESTERDAY        T             1.80 2007   0.21  -0.21      T
  MONTH TO DATE    5.36                      6.32  -0.96     4.97
  SINCE JUN 1      8.95                     11.97  -3.02    18.29
  SINCE JAN 1     26.20                     28.28  -2.08    41.73

DEGREE DAYS
 HEATING
  YESTERDAY        0                         0      0        0
  MONTH TO DATE    0                         0      0        0
  SINCE JUN 1      0                         1     -1        0
  SINCE JUL 1      0                         0      0        0

 COOLING
  YESTERDAY       16                        17     -1       17
  MONTH TO DATE  550                       507     43      512
  SINCE JUN 1   1068                       928    140      976
  SINCE JAN 1   1578                      1290    288     1323
..................................................................


WIND (MPH)
  HIGHEST WIND SPEED    17   HIGHEST WIND DIRECTION    SE (130)
  HIGHEST GUST SPEED    24   HIGHEST GUST DIRECTION    SE (120)
  AVERAGE WIND SPEED     7.1


SKY COVER
  POSSIBLE SUNSHINE  MM
  AVERAGE SKY COVER 0.5


WEATHER CONDITIONS
 THE FOLLOWING WEATHER WAS RECORDED YESTERDAY.
  LIGHT RAIN


RELATIVE HUMIDITY (PERCENT)
 HIGHEST    87           200 AM
 LOWEST     46           300 PM
 AVERAGE    67

..........................................................


THE NORTH CHARLESTON SC CLIMATE NORMALS FOR TODAY
                         NORMAL    RECORD    YEAR
 MAXIMUM TEMPERATURE (F)   91       101      1999
 MINIMUM TEMPERATURE (F)   73        63      1997


SUNRISE AND SUNSET
JULY 31 2014..........SUNRISE   633 AM EDT   SUNSET   820 PM EDT
AUGUST  1 2014........SUNRISE   634 AM EDT   SUNSET   819 PM EDT


-  INDICATES NEGATIVE NUMBERS.
R  INDICATES RECORD WAS SET OR TIED.
MM INDICATES DATA IS MISSING.
T  INDICATES TRACE AMOUNT.




$$
