824
CDUS42 KCHS 252106
CLICHS


CLIMATE REPORT
NATIONAL WEATHER SERVICE CHARLESTON SC
506 PM EDT SUN JUN 25 2017


...................................

...THE NORTH CHARLESTON SC CLIMATE SUMMARY FOR JUNE 25 2017...
VALID TODAY AS OF 0500 PM LOCAL TIME.

CLIMATE NORMAL PERIOD 1981 TO 2010
CLIMATE RECORD PERIOD 1938 TO 2017


WEATHER ITEM   OBSERVED TIME   RECORD YEAR NORMAL DEPARTURE LAST
                VALUE   (LST)  VALUE       VALUE  FROM      YEAR
                                                  NORMAL
..................................................................
TEMPERATURE (F)
 TODAY
  MAXIMUM         89    126 PM  99    2016  90     -1       99
                                      1977
                                      1952
  MINIMUM         74    359 PM  58    1947  71      3       76
  AVERAGE         82                        80      2       88

PRECIPITATION (IN)
  TODAY            0.17          2.60 1956   0.21  -0.04     0.00
  MONTH TO DATE    4.18                      4.58  -0.40     2.80
  SINCE JUN 1      4.18                      4.58  -0.40     2.80
  SINCE JAN 1     19.34                     20.89  -1.55    23.55

SNOWFALL (IN)
  TODAY            0.0                       0.0    0.0
  SINCE JUN 1      0.0                       0.0    0.0
  SINCE JUL 1      T                         0.5   -0.5

DEGREE DAYS
 HEATING
  TODAY            0                         0      0        0
  MONTH TO DATE    0                         0      0        0
  SINCE JUN 1      0                         0      0        0
  SINCE JUL 1   1228                      1975   -747     1357

 COOLING
  TODAY           17                        16      1       23
  MONTH TO DATE  343                       341      2      439
  SINCE JUN 1    343                       341      2      439
  SINCE JAN 1    918                       703    215      934
..................................................................


WIND (MPH)
  HIGHEST WIND SPEED    16   HIGHEST WIND DIRECTION     N (350)
  HIGHEST GUST SPEED    18   HIGHEST GUST DIRECTION     N (340)
  AVERAGE WIND SPEED     6.2


SKY COVER
  POSSIBLE SUNSHINE  MM
  AVERAGE SKY COVER 0.6


WEATHER CONDITIONS
 THE FOLLOWING WEATHER WAS RECORDED TODAY.
  THUNDERSTORM
  LIGHT RAIN
  FOG


RELATIVE HUMIDITY (PERCENT)
 HIGHEST    94           100 AM
 LOWEST     59          1000 AM
 AVERAGE    77

..........................................................


THE NORTH CHARLESTON SC CLIMATE NORMALS FOR TOMORROW
                         NORMAL    RECORD    YEAR
 MAXIMUM TEMPERATURE (F)   90       101      1952
 MINIMUM TEMPERATURE (F)   72        62      1946


SUNRISE AND SUNSET
JUNE 25 2017..........SUNRISE   613 AM EDT   SUNSET   832 PM EDT
JUNE 26 2017..........SUNRISE   614 AM EDT   SUNSET   832 PM EDT


-  INDICATES NEGATIVE NUMBERS.
R  INDICATES RECORD WAS SET OR TIED.
MM INDICATES DATA IS MISSING.
T  INDICATES TRACE AMOUNT.




$$
