812
CDUS42 KCHS 102204
CLICHS


CLIMATE REPORT
NATIONAL WEATHER SERVICE CHARLESTON SC
504 PM EST SAT DEC 10 2016


...................................

...THE NORTH CHARLESTON SC CLIMATE SUMMARY FOR DECEMBER 10 2016...
VALID TODAY AS OF 0500 PM LOCAL TIME.

CLIMATE NORMAL PERIOD 1981 TO 2010
CLIMATE RECORD PERIOD 1938 TO 2016


WEATHER ITEM   OBSERVED TIME   RECORD YEAR NORMAL DEPARTURE LAST
                VALUE   (LST)  VALUE       VALUE  FROM      YEAR
                                                  NORMAL
..................................................................
TEMPERATURE (F)
 TODAY
  MAXIMUM         52    313 PM  82    1972  63    -11       72
  MINIMUM         31    715 AM  23    1981  41    -10       43
                                      1968
  AVERAGE         42                        52    -10       58

PRECIPITATION (IN)
  TODAY            0.00          1.44 1969   0.10  -0.10     0.00
  MONTH TO DATE    4.13                      0.92   3.21     0.77
  SINCE DEC 1      4.13                      0.92   3.21     0.77
  SINCE JAN 1     58.98                     48.84  10.14    72.52

SNOWFALL (IN)
  TODAY            0.0                       0.0    0.0
  SINCE DEC 1      0.0                       0.0    0.0
  SINCE JUL 1      0.0                       0.0    0.0

DEGREE DAYS
 HEATING
  TODAY           23                        13     10        7
  MONTH TO DATE  109                       122    -13       74
  SINCE DEC 1    109                       122    -13       74
  SINCE JUL 1    327                       414    -87      220

 COOLING
  TODAY            0                         0      0        0
  MONTH TO DATE    0                         0      0        7
  SINCE DEC 1      0                         0      0        7
  SINCE JAN 1   2958                      2297    661     2614
..................................................................


WIND (MPH)
  HIGHEST WIND SPEED    13   HIGHEST WIND DIRECTION     N (20)
  HIGHEST GUST SPEED    16   HIGHEST GUST DIRECTION    NE (30)
  AVERAGE WIND SPEED     6.4


SKY COVER
  POSSIBLE SUNSHINE  MM
  AVERAGE SKY COVER 0.1


WEATHER CONDITIONS
 THE FOLLOWING WEATHER WAS RECORDED TODAY.
  NO SIGNIFICANT WEATHER WAS OBSERVED.


RELATIVE HUMIDITY (PERCENT)
 HIGHEST    72           500 AM
 LOWEST     24           300 PM
 AVERAGE    48

..........................................................


THE NORTH CHARLESTON SC CLIMATE NORMALS FOR TOMORROW
                         NORMAL    RECORD    YEAR
 MAXIMUM TEMPERATURE (F)   63        83      1972
 MINIMUM TEMPERATURE (F)   41        18      1981


SUNRISE AND SUNSET
DECEMBER 10 2016......SUNRISE   712 AM EST   SUNSET   514 PM EST
DECEMBER 11 2016......SUNRISE   713 AM EST   SUNSET   514 PM EST


-  INDICATES NEGATIVE NUMBERS.
R  INDICATES RECORD WAS SET OR TIED.
MM INDICATES DATA IS MISSING.
T  INDICATES TRACE AMOUNT.




$$
