000
CDUS42 KCHS 300615
CLICHS


CLIMATE REPORT
NATIONAL WEATHER SERVICE CHARLESTON SC
215 AM EDT SAT MAY 30 2015


...................................

...THE NORTH CHARLESTON SC CLIMATE SUMMARY FOR MAY 29 2015...

CLIMATE NORMAL PERIOD 1981 TO 2010
CLIMATE RECORD PERIOD 1938 TO 2015


WEATHER ITEM   OBSERVED TIME   RECORD YEAR NORMAL DEPARTURE LAST
                VALUE   (LST)  VALUE       VALUE  FROM      YEAR
                                                  NORMAL
..................................................................
TEMPERATURE (F)
 YESTERDAY
  MAXIMUM         84   1206 PM  95    1945  86     -2       94
  MINIMUM         62    423 AM  53    1961  66     -4       69
  AVERAGE         73                        76     -3       82

PRECIPITATION (IN)
  YESTERDAY        T             1.97 1992   0.11  -0.11      T
  MONTH TO DATE    1.36                      2.78  -1.42     1.22
  SINCE MAR 1      7.29                      9.40  -2.11    12.13
  SINCE JAN 1     15.22                     16.07  -0.85    16.98

DEGREE DAYS
 HEATING
  YESTERDAY        0                         0      0        0
  MONTH TO DATE    4                         8     -4        0
  SINCE MAR 1    210                       335   -125      352
  SINCE JUL 1   1947                      1971    -24     1875

 COOLING
  YESTERDAY        8                        11     -3       17
  MONTH TO DATE  245                       223     22      325
  SINCE MAR 1    405                       334     71      473
  SINCE JAN 1    409                       341     68      483
..................................................................


WIND (MPH)
  HIGHEST WIND SPEED    18   HIGHEST WIND DIRECTION    NE (50)
  HIGHEST GUST SPEED    23   HIGHEST GUST DIRECTION     E (80)
  AVERAGE WIND SPEED     6.8


SKY COVER
  POSSIBLE SUNSHINE  MM
  AVERAGE SKY COVER 0.4


WEATHER CONDITIONS
 THE FOLLOWING WEATHER WAS RECORDED YESTERDAY.
  LIGHT RAIN
  HAZE


RELATIVE HUMIDITY (PERCENT)
 HIGHEST    93           200 AM
 LOWEST     58           900 AM
 AVERAGE    76

..........................................................


THE NORTH CHARLESTON SC CLIMATE NORMALS FOR TODAY
                         NORMAL    RECORD    YEAR
 MAXIMUM TEMPERATURE (F)   86        95      2004
                                             1995
                                             1974
 MINIMUM TEMPERATURE (F)   66        55      1971
                                             1946


SUNRISE AND SUNSET
MAY 30 2015...........SUNRISE   613 AM EDT   SUNSET   822 PM EDT
MAY 31 2015...........SUNRISE   613 AM EDT   SUNSET   823 PM EDT


-  INDICATES NEGATIVE NUMBERS.
R  INDICATES RECORD WAS SET OR TIED.
MM INDICATES DATA IS MISSING.
T  INDICATES TRACE AMOUNT.




$$
