000
CDUS42 KCHS 010603
CLICHS


CLIMATE REPORT
NATIONAL WEATHER SERVICE CHARLESTON SC
201 AM EDT SUN MAY 1 2016


...................................

...THE NORTH CHARLESTON SC CLIMATE SUMMARY FOR APRIL 30 2016...

CLIMATE NORMAL PERIOD 1981 TO 2010
CLIMATE RECORD PERIOD 1938 TO 2016


WEATHER ITEM   OBSERVED TIME   RECORD YEAR NORMAL DEPARTURE LAST
                VALUE   (LST)  VALUE       VALUE  FROM      YEAR
                                                  NORMAL
..................................................................
TEMPERATURE (F)
 YESTERDAY
  MAXIMUM         84   1240 PM  91    1990  80      4       79
                                      1987
                                      1981
  MINIMUM         65    334 AM  41    2008  57      8       53
                                      1939
  AVERAGE         75                        68      7       66

PRECIPITATION (IN)
  YESTERDAY        0.00          1.67 1996   0.09  -0.09     0.00
  MONTH TO DATE    2.61                      2.91  -0.30     3.67
  SINCE MAR 1      5.80                      6.62  -0.82     5.93
  SINCE JAN 1     14.09                     13.29   0.80    13.86

SNOWFALL (IN)
  YESTERDAY        0.0                       0.0    0.0
  SINCE MAR 1      0.0                       0.0    0.0
  SINCE JUL 1      T                         0.5   -0.5

DEGREE DAYS
 HEATING
  YESTERDAY        0                         1     -1        0
  MONTH TO DATE   68                        88    -20       23
  SINCE MAR 1    176                       327   -151      206
  SINCE JUL 1   1353                      1963   -610     1943

 COOLING
  YESTERDAY       10                         5      5        1
  MONTH TO DATE  104                        84     20      127
  SINCE MAR 1    200                       111     89      160
  SINCE JAN 1    208                       118     90      164
..................................................................


WIND (MPH)
  HIGHEST WIND SPEED    17   HIGHEST WIND DIRECTION     S (160)
  HIGHEST GUST SPEED    21   HIGHEST GUST DIRECTION    SE (150)
  AVERAGE WIND SPEED     9.3


SKY COVER
  POSSIBLE SUNSHINE  MM
  AVERAGE SKY COVER 0.5


WEATHER CONDITIONS
 THE FOLLOWING WEATHER WAS RECORDED YESTERDAY.
  FOG


RELATIVE HUMIDITY (PERCENT)
 HIGHEST    97           100 AM
 LOWEST     63          1100 AM
 AVERAGE    80

..........................................................


THE NORTH CHARLESTON SC CLIMATE NORMALS FOR TODAY
                         NORMAL    RECORD    YEAR
 MAXIMUM TEMPERATURE (F)   80        93      1990
                                             1986
 MINIMUM TEMPERATURE (F)   57        43      1963


SUNRISE AND SUNSET
MAY  1 2016...........SUNRISE   632 AM EDT   SUNSET   802 PM EDT
MAY  2 2016...........SUNRISE   631 AM EDT   SUNSET   803 PM EDT


-  INDICATES NEGATIVE NUMBERS.
R  INDICATES RECORD WAS SET OR TIED.
MM INDICATES DATA IS MISSING.
T  INDICATES TRACE AMOUNT.




$$
