000
CDUS43 KDVN 260925
CLICID


CLIMATE REPORT
NATIONAL WEATHER SERVICE QUAD CITIES IA IL
422 AM CDT MON JUN 26 2017


...................................

...THE CEDAR RAPIDS IA CLIMATE SUMMARY FOR JUNE 25 2017...

CLIMATE NORMAL PERIOD 1981 TO 2010
CLIMATE RECORD PERIOD 1891 TO 2017


WEATHER ITEM   OBSERVED TIME   RECORD YEAR NORMAL DEPARTURE LAST
                VALUE   (LST)  VALUE       VALUE  FROM      YEAR
                                                  NORMAL
..................................................................
TEMPERATURE (F)
 YESTERDAY
  MAXIMUM         71    257 PM 102    1931  83    -12       91
  MINIMUM         45    353 AM  43    2004  61    -16       70
  AVERAGE         58                        72    -14       81

PRECIPITATION (IN)
  YESTERDAY        0.00         MM      MM   0.18  -0.18     0.00
  MONTH TO DATE    2.16                      4.04  -1.88     6.82
  SINCE JUN 1      2.16                      4.04  -1.88     6.82
  SINCE JAN 1     14.54                     15.48  -0.94    15.48

DEGREE DAYS
 HEATING
  YESTERDAY        7                         0      7        0
  MONTH TO DATE   12                        29    -17        4
  SINCE JUN 1     12                        29    -17        4
  SINCE JUL 1   5746                      6866  -1120     5653

 COOLING
  YESTERDAY        0                         7     -7       16
  MONTH TO DATE  188                       128     60      211
  SINCE JUN 1    188                       128     60      211
  SINCE JAN 1    226                       177     49      271
..................................................................


WIND (MPH)
  HIGHEST WIND SPEED    24   HIGHEST WIND DIRECTION    NW (330)
  HIGHEST GUST SPEED    31   HIGHEST GUST DIRECTION    NW (320)
  AVERAGE WIND SPEED    11.7


SKY COVER
  POSSIBLE SUNSHINE  MM
  AVERAGE SKY COVER 0.3


WEATHER CONDITIONS
 THE FOLLOWING WEATHER WAS RECORDED YESTERDAY.
  NO SIGNIFICANT WEATHER WAS OBSERVED.


RELATIVE HUMIDITY (PERCENT)
 HIGHEST   100           400 AM
 LOWEST     37           600 PM
 AVERAGE    69

..........................................................


THE CEDAR RAPIDS IA CLIMATE NORMALS FOR TODAY
                         NORMAL    RECORD    YEAR
 MAXIMUM TEMPERATURE (F)   83       103      1931
 MINIMUM TEMPERATURE (F)   61        46      1928


SUNRISE AND SUNSET
JUNE 26 2017..........SUNRISE   533 AM CDT   SUNSET   846 PM CDT
JUNE 27 2017..........SUNRISE   534 AM CDT   SUNSET   846 PM CDT


-  INDICATES NEGATIVE NUMBERS.
R  INDICATES RECORD WAS SET OR TIED.
MM INDICATES DATA IS MISSING.
T  INDICATES TRACE AMOUNT.




$$
