837
CDUS43 KDVN 222223
CLICID


CLIMATE REPORT
NATIONAL WEATHER SERVICE QUAD CITIES IA IL
421 PM CST THU FEB 22 2018


...................................

...THE CEDAR RAPIDS IA CLIMATE SUMMARY FOR FEBRUARY 22 2018...
VALID TODAY AS OF 0400 PM LOCAL TIME.

CLIMATE NORMAL PERIOD 1981 TO 2010
CLIMATE RECORD PERIOD 1891 TO 2018


WEATHER ITEM   OBSERVED TIME   RECORD YEAR NORMAL DEPARTURE LAST
                VALUE   (LST)  VALUE       VALUE  FROM      YEAR
                                                  NORMAL
..................................................................
TEMPERATURE (F)
 TODAY
  MAXIMUM         35    138 PM  76    2017  36     -1       76
  MINIMUM         25   1258 AM -11    1929  18      7       43
  AVERAGE         30                        27      3       60

PRECIPITATION (IN)
  TODAY            T            MM      MM   0.05  -0.05     0.00
  MONTH TO DATE    1.32                      0.90   0.42     0.45
  SINCE DEC 1      2.38                      3.24  -0.86     3.20
  SINCE JAN 1      1.77                      1.82  -0.05     1.95

DEGREE DAYS
 HEATING
  TODAY           35                        38     -3        5
  MONTH TO DATE  989                       915     74      657
  SINCE DEC 1   3641                      3617     24     3191
  SINCE JUL 1   4899                      5063   -164     4108

 COOLING
  TODAY            0                         0      0        0
  MONTH TO DATE    0                         0      0        0
  SINCE DEC 1      0                         0      0        0
  SINCE JAN 1      0                         0      0        0
..................................................................


WIND (MPH)
  HIGHEST WIND SPEED    20   HIGHEST WIND DIRECTION     E (90)
  HIGHEST GUST SPEED    24   HIGHEST GUST DIRECTION     E (110)
  AVERAGE WIND SPEED    13.0


SKY COVER
  POSSIBLE SUNSHINE  MM
  AVERAGE SKY COVER 1.0


WEATHER CONDITIONS
 THE FOLLOWING WEATHER WAS RECORDED TODAY.
  LIGHT RAIN
  FOG
  HAZE


RELATIVE HUMIDITY (PERCENT)
 HIGHEST    82           200 PM
 LOWEST     57           500 AM
 AVERAGE    70

..........................................................


THE CEDAR RAPIDS IA CLIMATE NORMALS FOR TOMORROW
                         NORMAL    RECORD    YEAR
 MAXIMUM TEMPERATURE (F)   36        64      1930
 MINIMUM TEMPERATURE (F)   19       -12      2015


SUNRISE AND SUNSET
FEBRUARY 22 2018......SUNRISE   652 AM CST   SUNSET   549 PM CST
FEBRUARY 23 2018......SUNRISE   651 AM CST   SUNSET   550 PM CST


-  INDICATES NEGATIVE NUMBERS.
R  INDICATES RECORD WAS SET OR TIED.
MM INDICATES DATA IS MISSING.
T  INDICATES TRACE AMOUNT.




$$
