340
CDUS43 KDVN 280931
CLICID


CLIMATE REPORT
NATIONAL WEATHER SERVICE QUAD CITIES IA IL
429 AM CDT FRI APR 28 2017


...................................

...THE CEDAR RAPIDS IA CLIMATE SUMMARY FOR APRIL 27 2017...

CLIMATE NORMAL PERIOD 1981 TO 2010
CLIMATE RECORD PERIOD 1891 TO 2017


WEATHER ITEM   OBSERVED TIME   RECORD YEAR NORMAL DEPARTURE LAST
                VALUE   (LST)  VALUE       VALUE  FROM      YEAR
                                                  NORMAL
..................................................................
TEMPERATURE (F)
 YESTERDAY
  MAXIMUM         45    531 PM  90    1981  65    -20       49
  MINIMUM         33   1036 PM  24    1933  42     -9       43
  AVERAGE         39                        54    -15       46

PRECIPITATION (IN)
  YESTERDAY        0.28         MM      MM   0.12   0.16     0.58
  MONTH TO DATE    3.11                      2.68   0.43     2.18
  SINCE MAR 1      5.36                      4.78   0.58     3.98
  SINCE JAN 1      7.53                      6.92   0.61     4.58

DEGREE DAYS
 HEATING
  YESTERDAY       26                        12     14       19
  MONTH TO DATE  310                       449   -139      408
  SINCE MAR 1   1166                      1330   -164     1100
  SINCE JUL 1   5442                      6613  -1171     5411

 COOLING
  YESTERDAY        0                         0      0        0
  MONTH TO DATE    9                         0      9        3
  SINCE MAR 1      9                         0      9        3
  SINCE JAN 1      9                         0      9        3
..................................................................


WIND (MPH)
  HIGHEST WIND SPEED    24   HIGHEST WIND DIRECTION     W (270)
  HIGHEST GUST SPEED    29   HIGHEST GUST DIRECTION     W (280)
  AVERAGE WIND SPEED    13.5


SKY COVER
  POSSIBLE SUNSHINE  MM
  AVERAGE SKY COVER 0.8


WEATHER CONDITIONS
 THE FOLLOWING WEATHER WAS RECORDED YESTERDAY.
  RAIN
  LIGHT RAIN
  FOG


RELATIVE HUMIDITY (PERCENT)
 HIGHEST   100          1200 AM
 LOWEST     70           500 PM
 AVERAGE    85

..........................................................


THE CEDAR RAPIDS IA CLIMATE NORMALS FOR TODAY
                         NORMAL    RECORD    YEAR
 MAXIMUM TEMPERATURE (F)   66        91      1970
 MINIMUM TEMPERATURE (F)   42        24      1928


SUNRISE AND SUNSET
APRIL 28 2017.........SUNRISE   607 AM CDT   SUNSET   802 PM CDT
APRIL 29 2017.........SUNRISE   605 AM CDT   SUNSET   804 PM CDT


-  INDICATES NEGATIVE NUMBERS.
R  INDICATES RECORD WAS SET OR TIED.
MM INDICATES DATA IS MISSING.
T  INDICATES TRACE AMOUNT.




$$
