000
CDUS43 KDVN 230914
CLICID


CLIMATE REPORT
NATIONAL WEATHER SERVICE QUAD CITIES IA IL
412 AM CDT SAT MAY 23 2015


...................................

...THE CEDAR RAPIDS IA CLIMATE SUMMARY FOR MAY 22 2015...

CLIMATE NORMAL PERIOD 1981 TO 2010
CLIMATE RECORD PERIOD 1891 TO 2015


WEATHER ITEM   OBSERVED TIME   RECORD YEAR NORMAL DEPARTURE LAST
                VALUE   (LST)  VALUE       VALUE  FROM      YEAR
                                                  NORMAL
..................................................................
TEMPERATURE (F)
 YESTERDAY
  MAXIMUM         75    336 PM 102    1925  73      2       74
  MINIMUM         42    503 AM  31    1963  51     -9       49
  AVERAGE         59                        62     -3       62

PRECIPITATION (IN)
  YESTERDAY        0.00         MM      MM   0.14  -0.14     0.00
  MONTH TO DATE    2.04                      2.91  -0.87     2.10
  SINCE MAR 1      6.28                      8.06  -1.78     9.36
  SINCE JAN 1      7.61                     10.20  -2.59    11.11

DEGREE DAYS
 HEATING
  YESTERDAY        6                         5      1        3
  MONTH TO DATE  123                       161    -38      185
  SINCE MAR 1   1414                      1523   -109     1772
  SINCE JUL 1   6941                      6806    135     7811

 COOLING
  YESTERDAY        0                         2     -2        0
  MONTH TO DATE   27                        21      6       25
  SINCE MAR 1     27                        28     -1       32
  SINCE JAN 1     27                        28     -1       32
..................................................................


WIND (MPH)
  HIGHEST WIND SPEED    12   HIGHEST WIND DIRECTION     S (190)
  HIGHEST GUST SPEED    17   HIGHEST GUST DIRECTION     S (190)
  AVERAGE WIND SPEED     5.1


SKY COVER
  POSSIBLE SUNSHINE  MM
  AVERAGE SKY COVER 0.0


WEATHER CONDITIONS
 THE FOLLOWING WEATHER WAS RECORDED YESTERDAY.
  NO SIGNIFICANT WEATHER WAS OBSERVED.


RELATIVE HUMIDITY (PERCENT)
 HIGHEST    82           500 AM
 LOWEST     25           100 PM
 AVERAGE    54

..........................................................


THE CEDAR RAPIDS IA CLIMATE NORMALS FOR TODAY
                         NORMAL    RECORD    YEAR
 MAXIMUM TEMPERATURE (F)   74        90      1972
 MINIMUM TEMPERATURE (F)   52        31      1931


SUNRISE AND SUNSET
MAY 23 2015...........SUNRISE   540 AM CDT   SUNSET   828 PM CDT
MAY 24 2015...........SUNRISE   539 AM CDT   SUNSET   829 PM CDT


-  INDICATES NEGATIVE NUMBERS.
R  INDICATES RECORD WAS SET OR TIED.
MM INDICATES DATA IS MISSING.
T  INDICATES TRACE AMOUNT.




$$
