000
CDUS43 KDVN 281022
CLICID


CLIMATE REPORT
NATIONAL WEATHER SERVICE QUAD CITIES IA IL
421 AM CST SUN DEC 28 2014


...................................

...THE CEDAR RAPIDS IA CLIMATE SUMMARY FOR DECEMBER 27 2014...

CLIMATE NORMAL PERIOD 1981 TO 2010
CLIMATE RECORD PERIOD 1891 TO 2014


WEATHER ITEM   OBSERVED TIME   RECORD YEAR NORMAL DEPARTURE LAST
                VALUE   (LST)  VALUE       VALUE  FROM      YEAR
                                                  NORMAL
..................................................................
TEMPERATURE (F)
 YESTERDAY
  MAXIMUM         39    133 AM  56    1959  29     10       41
  MINIMUM         15   1159 PM -20    1933  12      3       12
  AVERAGE         27                        20      7       27

PRECIPITATION (IN)
  YESTERDAY        0.02         MM      MM   0.03  -0.01     0.00
  MONTH TO DATE    0.65                      1.28  -0.63     0.59
  SINCE DEC 1      0.65                      1.28  -0.63     0.59
  SINCE JAN 1     38.54                     34.47   4.07    37.72

DEGREE DAYS
 HEATING
  YESTERDAY       38                        45     -7       38
  MONTH TO DATE  843                      1113   -270     1263
  SINCE DEC 1    843                      1113   -270     1263
  SINCE JUL 1   2504                      2559    -55     2706

 COOLING
  YESTERDAY        0                         0      0        0
  MONTH TO DATE    0                         0      0        0
  SINCE DEC 1      0                         0      0        0
  SINCE JAN 1    670                       748    -78      884
..................................................................


WIND (MPH)
  HIGHEST WIND SPEED    24   HIGHEST WIND DIRECTION     W (290)
  HIGHEST GUST SPEED    30   HIGHEST GUST DIRECTION     W (280)
  AVERAGE WIND SPEED    14.4


SKY COVER
  POSSIBLE SUNSHINE  MM
  AVERAGE SKY COVER 0.8


WEATHER CONDITIONS
 THE FOLLOWING WEATHER WAS RECORDED YESTERDAY.
  LIGHT RAIN
  FOG


RELATIVE HUMIDITY (PERCENT)
 HIGHEST   100          1200 AM
 LOWEST     78           300 PM
 AVERAGE    89

..........................................................


THE CEDAR RAPIDS IA CLIMATE NORMALS FOR TODAY
                         NORMAL    RECORD    YEAR
 MAXIMUM TEMPERATURE (F)   29        66      1984
 MINIMUM TEMPERATURE (F)   12       -28      1924


SUNRISE AND SUNSET
DECEMBER 28 2014......SUNRISE   734 AM CST   SUNSET   443 PM CST
DECEMBER 29 2014......SUNRISE   734 AM CST   SUNSET   444 PM CST


-  INDICATES NEGATIVE NUMBERS.
R  INDICATES RECORD WAS SET OR TIED.
MM INDICATES DATA IS MISSING.
T  INDICATES TRACE AMOUNT.




$$
