000
CDUS41 KCLE 110533
CLICLE


CLIMATE REPORT
NATIONAL WEATHER SERVICE CLEVELAND OH
1233 AM EST MON DEC 11 2017


...................................

...THE CLEVELAND OH CLIMATE SUMMARY FOR DECEMBER 10 2017...

CLIMATE NORMAL PERIOD 1981 TO 2010
CLIMATE RECORD PERIOD 1871 TO 2017


WEATHER ITEM   OBSERVED TIME   RECORD YEAR NORMAL DEPARTURE LAST
                VALUE   (LST)  VALUE       VALUE  FROM      YEAR
                                                  NORMAL
..................................................................
TEMPERATURE (F)
 YESTERDAY
  MAXIMUM         31   1159 PM  69    1971  40     -9       30
  MINIMUM         25    736 AM  -5    1958  28     -3       24
  AVERAGE         28                        34     -6       27

PRECIPITATION (IN)
  YESTERDAY        T                         0.10  -0.10      T
  MONTH TO DATE    0.23                      1.04  -0.81     0.69
  SINCE DEC 1      0.23                      1.04  -0.81     0.69
  SINCE JAN 1     42.30                     37.08   5.22    34.51

SNOWFALL (IN)
  YESTERDAY        T                         0.4   -0.4       T
  MONTH TO DATE    0.4                       3.6   -3.2      0.2
  SINCE DEC 1      0.4                       3.6   -3.2      0.2
  SINCE JUL 1      1.2                       8.1   -6.9      1.1
  SNOW DEPTH       T

DEGREE DAYS
 HEATING
  YESTERDAY       37                        31      6       38
  MONTH TO DATE  291                       293     -2      303
  SINCE DEC 1    291                       293     -2      303
  SINCE JUL 1   1181                      1388   -207     1019

 COOLING
  YESTERDAY        0                         0      0        0
  MONTH TO DATE    0                         0      0        0
  SINCE DEC 1      0                         0      0        0
  SINCE JAN 1   1113                       817    296     1320
..................................................................


WIND (MPH)
  HIGHEST WIND SPEED    25   HIGHEST WIND DIRECTION    SW (240)
  HIGHEST GUST SPEED    33   HIGHEST GUST DIRECTION    SW (210)
  AVERAGE WIND SPEED    13.0


SKY COVER
  POSSIBLE SUNSHINE  MM
  AVERAGE SKY COVER 1.0


WEATHER CONDITIONS
 THE FOLLOWING WEATHER WAS RECORDED YESTERDAY.
  LIGHT SNOW


RELATIVE HUMIDITY (PERCENT)
 HIGHEST    88           700 AM
 LOWEST     58           300 PM
 AVERAGE    73

..........................................................


THE CLEVELAND OH CLIMATE NORMALS FOR TODAY
                         NORMAL    RECORD    YEAR
 MAXIMUM TEMPERATURE (F)   39        64      1931
 MINIMUM TEMPERATURE (F)   28        -2      1977


SUNRISE AND SUNSET
DECEMBER 11 2017......SUNRISE   744 AM EST   SUNSET   458 PM EST
DECEMBER 12 2017......SUNRISE   744 AM EST   SUNSET   458 PM EST


-  INDICATES NEGATIVE NUMBERS.
R  INDICATES RECORD WAS SET OR TIED.
MM INDICATES DATA IS MISSING.
T  INDICATES TRACE AMOUNT.




$$
