000
CDUS41 KCLE 240527
CLICLE


CLIMATE REPORT
NATIONAL WEATHER SERVICE CLEVELAND OH
1226 AM EST SAT FEB 24 2018


...................................

...THE CLEVELAND OH CLIMATE SUMMARY FOR FEBRUARY 23 2018...

CLIMATE NORMAL PERIOD 1981 TO 2010
CLIMATE RECORD PERIOD 1871 TO 2018


WEATHER ITEM   OBSERVED TIME   RECORD YEAR NORMAL DEPARTURE LAST
                VALUE   (LST)  VALUE       VALUE  FROM      YEAR
                                                  NORMAL
..................................................................
TEMPERATURE (F)
 YESTERDAY
  MAXIMUM         62    448 PM  68    2017  39     23       68
  MINIMUM         37   1215 AM  -5    2015  25     12       52
  AVERAGE         50                        32     18       60

PRECIPITATION (IN)
  YESTERDAY        0.02                      0.09  -0.07     0.07
  MONTH TO DATE    2.57                      1.89   0.68     2.18
  SINCE DEC 1      6.57                      7.71  -1.14     9.61
  SINCE JAN 1      4.84                      4.61   0.23     6.96

SNOWFALL (IN)
  YESTERDAY        0.0                       0.5   -0.5      0.0
  MONTH TO DATE    7.1                      12.3   -5.2      2.9
  SINCE DEC 1     36.3                      45.1   -8.8     24.0
  SINCE JUL 1     37.1                      49.6  -12.5     24.9
  SNOW DEPTH       0

DEGREE DAYS
 HEATING
  YESTERDAY       15                        33    -18        5
  MONTH TO DATE  714                       803    -89      566
  SINCE DEC 1   3003                      2960     43     2503
  SINCE JUL 1   3893                      4055   -162     3219

 COOLING
  YESTERDAY        0                         0      0        0
  MONTH TO DATE    3                         0      3        0
  SINCE DEC 1      3                         0      3        0
  SINCE JAN 1      3                         0      3        0
..................................................................


WIND (MPH)
  HIGHEST WIND SPEED    22   HIGHEST WIND DIRECTION    SW (240)
  HIGHEST GUST SPEED    29   HIGHEST GUST DIRECTION     S (190)
  AVERAGE WIND SPEED    10.4


SKY COVER
  POSSIBLE SUNSHINE  MM
  AVERAGE SKY COVER 1.0


WEATHER CONDITIONS
 THE FOLLOWING WEATHER WAS RECORDED YESTERDAY.
  FOG
  FOG W/VISIBILITY <= 1/4 MILE


RELATIVE HUMIDITY (PERCENT)
 HIGHEST   100           400 AM
 LOWEST     78           400 PM
 AVERAGE    89

..........................................................


THE CLEVELAND OH CLIMATE NORMALS FOR TODAY
                         NORMAL    RECORD    YEAR
 MAXIMUM TEMPERATURE (F)   40        77      2017
 MINIMUM TEMPERATURE (F)   25        -7      1889


SUNRISE AND SUNSET
FEBRUARY 24 2018......SUNRISE   710 AM EST   SUNSET   612 PM EST
FEBRUARY 25 2018......SUNRISE   708 AM EST   SUNSET   613 PM EST


-  INDICATES NEGATIVE NUMBERS.
R  INDICATES RECORD WAS SET OR TIED.
MM INDICATES DATA IS MISSING.
T  INDICATES TRACE AMOUNT.




$$
