000
CDUS44 KHGX 072218
CLICLL


CLIMATE REPORT
NATIONAL WEATHER SERVICE HOUSTON/GALVESTON TX
416 PM CST SUN FEB 7 2016


...................................

...THE COLLEGE STATION CLIMATE SUMMARY FOR FEBRUARY 7 2016...
VALID TODAY AS OF 400 PM LOCAL TIME.

CLIMATE NORMAL PERIOD 1981 TO 2010
CLIMATE RECORD PERIOD 1902 TO 2016


WEATHER ITEM   OBSERVED TIME   RECORD YEAR NORMAL DEPARTURE LAST
                VALUE   (LST)  VALUE       VALUE  FROM      YEAR
                                                  NORMAL
..................................................................
TEMPERATURE (F)
 TODAY
  MAXIMUM         64    259 PM  83    1999  63      1       69
  MINIMUM         31    740 AM  11    1933  43    -12       43
  AVERAGE         48                        53     -5       56

PRECIPITATION (IN)
  TODAY            0.00          1.63 1978   0.11  -0.11     0.00
  MONTH TO DATE    0.10                      0.70  -0.60     0.32
  SINCE DEC 1      9.48                      7.17   2.31     9.55
  SINCE JAN 1      1.40                      3.94  -2.54     6.98

SNOWFALL (IN)
  TODAY            0.0
  MONTH TO DATE    0.0
  SINCE JUL 1      0.0

DEGREE DAYS
 HEATING
  TODAY           17                        12      5        9
  MONTH TO DATE   95                        90      5      118
  SINCE DEC 1    781                       943   -162      967
  SINCE JUL 1    928                      1168   -240     1262

 COOLING
  TODAY            0                         1     -1        0
  MONTH TO DATE    4                         4      0        0
  SINCE DEC 1     44                        31     13       10
  SINCE JAN 1      8                        15     -7        0
..................................................................


WIND (MPH)
  HIGHEST WIND SPEED    18   HIGHEST WIND DIRECTION     S (160)
  HIGHEST GUST SPEED    21   HIGHEST GUST DIRECTION     S (200)
  AVERAGE WIND SPEED     5.3


SKY COVER
  AVERAGE SKY COVER 0.0


WEATHER CONDITIONS
 THE FOLLOWING WEATHER WAS RECORDED TODAY.
  FOG
  FOG W/VISIBILITY <= 1/4 MILE


RELATIVE HUMIDITY (PERCENT)
 HIGHEST   100           800 AM
 LOWEST     31           400 PM
 AVERAGE    66

..........................................................


THE COLLEGE STATION CLIMATE NORMALS FOR TOMORROW
                         NORMAL    RECORD    YEAR
 MAXIMUM TEMPERATURE (F)   64        82      1994
 MINIMUM TEMPERATURE (F)   43        11      1933


SUNRISE AND SUNSET
FEBRUARY  7 2016......SUNRISE   713 AM CST   SUNSET   607 PM CST
FEBRUARY  8 2016......SUNRISE   712 AM CST   SUNSET   607 PM CST


-  INDICATES NEGATIVE NUMBERS.
R  INDICATES RECORD WAS SET OR TIED.
MM INDICATES DATA IS MISSING.
T  INDICATES TRACE AMOUNT.




$$
