000
CDUS44 KHGX 112138
CLICLL


CLIMATE REPORT
NATIONAL WEATHER SERVICE HOUSTON/GALVESTON TX
437 PM CDT FRI JUL 11 2014


...................................

...THE COLLEGE STATION CLIMATE SUMMARY FOR JULY 11 2014...
VALID TODAY AS OF 400 PM LOCAL TIME.

CLIMATE NORMAL PERIOD 1981 TO 2010
CLIMATE RECORD PERIOD 1902 TO 2014


WEATHER ITEM   OBSERVED TIME   RECORD YEAR NORMAL DEPARTURE LAST
                VALUE   (LST)  VALUE       VALUE  FROM      YEAR
                                                  NORMAL
..................................................................
TEMPERATURE (F)
 TODAY
  MAXIMUM         95    259 PM 110    1917  94      1      101
  MINIMUM         71    505 AM  67    1947  75     -4       76
  AVERAGE         83                        84     -1       89

PRECIPITATION (IN)
  TODAY            0.00          2.40 1941   0.07  -0.07     0.00
  MONTH TO DATE    0.16                      0.90  -0.74     0.09
  SINCE JUN 1      1.77                      5.35  -3.58     1.34
  SINCE JAN 1     15.80                     21.60  -5.80    17.61

SNOWFALL (IN)
  TODAY            0.0
  MONTH TO DATE    0.0
  SINCE JUL 1      0.0

DEGREE DAYS
 HEATING
  TODAY            0                         0      0        0
  MONTH TO DATE    0                         0      0        0
  SINCE JUN 1      0                         0      0        0
  SINCE JUL 1      0                         0      0        0

 COOLING
  TODAY           18                        19     -1       24
  MONTH TO DATE  203                       209     -6      216
  SINCE JUN 1    730                       725      5      800
  SINCE JAN 1   1217                      1313    -96     1364
..................................................................


WIND (MPH)
  HIGHEST WIND SPEED    18   HIGHEST WIND DIRECTION     S (170)
  HIGHEST GUST SPEED    26   HIGHEST GUST DIRECTION     S (200)
  AVERAGE WIND SPEED     6.7


SKY COVER
  AVERAGE SKY COVER 0.1


WEATHER CONDITIONS
 THE FOLLOWING WEATHER WAS RECORDED TODAY.
  HAZE


RELATIVE HUMIDITY (PERCENT)
 HIGHEST    84           300 AM
 LOWEST     41           200 PM
 AVERAGE    63

..........................................................


THE COLLEGE STATION CLIMATE NORMALS FOR TOMORROW
                         NORMAL    RECORD    YEAR
 MAXIMUM TEMPERATURE (F)   94       109      1954
 MINIMUM TEMPERATURE (F)   75        70      1920


SUNRISE AND SUNSET
JULY 11 2014..........SUNRISE   631 AM CDT   SUNSET   831 PM CDT
JULY 12 2014..........SUNRISE   632 AM CDT   SUNSET   830 PM CDT


-  INDICATES NEGATIVE NUMBERS.
R  INDICATES RECORD WAS SET OR TIED.
MM INDICATES DATA IS MISSING.
T  INDICATES TRACE AMOUNT.


$$
