215
CDUS44 KHGX 190817
CLICLL


CLIMATE REPORT
NATIONAL WEATHER SERVICE HOUSTON/GALVESTON TX
217 AM CST FRI JAN 19 2018


...................................

...THE COLLEGE STATION CLIMATE SUMMARY FOR JANUARY 18 2018...

CLIMATE NORMAL PERIOD 1981 TO 2010
CLIMATE RECORD PERIOD 1902 TO 2018


WEATHER ITEM   OBSERVED TIME   RECORD YEAR NORMAL DEPARTURE LAST
                VALUE   (LST)  VALUE       VALUE  FROM      YEAR
                                                  NORMAL
..................................................................
TEMPERATURE (F)
 YESTERDAY
  MAXIMUM         40    421 PM  81    2000  61    -21       54
                                      1938
  MINIMUM         20    540 AM   2    1930  41    -21       51
  AVERAGE         30                        51    -21       53

PRECIPITATION (IN)
  YESTERDAY        0.00          2.07 1991   0.10  -0.10     1.04
  MONTH TO DATE    0.32                      1.85  -1.53     3.68
  SINCE DEC 1      3.82                      5.08  -1.26     6.45
  SINCE JAN 1      0.32                      1.85  -1.53     3.68

SNOWFALL (IN)
  YESTERDAY        0.0
  MONTH TO DATE    T
  SINCE JUL 1      5.0

DEGREE DAYS
 HEATING
  YESTERDAY       35                        14     21       12
  MONTH TO DATE  388                       265    123      182
  SINCE DEC 1    806                       676    130      501
  SINCE JUL 1    953                       901     52      570

 COOLING
  YESTERDAY        0                         0      0        0
  MONTH TO DATE    0                         0      0       33
  SINCE DEC 1     13                        16     -3       77
  SINCE JAN 1      0                         0      0       33
..................................................................


WIND (MPH)
  HIGHEST WIND SPEED     9   HIGHEST WIND DIRECTION     S (160)
  HIGHEST GUST SPEED    12   HIGHEST GUST DIRECTION    SE (140)
  AVERAGE WIND SPEED     4.6


SKY COVER
  AVERAGE SKY COVER 0.7


WEATHER CONDITIONS
 THE FOLLOWING WEATHER WAS RECORDED YESTERDAY.
  NO SIGNIFICANT WEATHER WAS OBSERVED.


RELATIVE HUMIDITY (PERCENT)
 HIGHEST    71           100 AM
 LOWEST     34           400 PM
 AVERAGE    53

..........................................................


THE COLLEGE STATION CLIMATE NORMALS FOR TODAY
                         NORMAL    RECORD    YEAR
 MAXIMUM TEMPERATURE (F)   61        82      2000
 MINIMUM TEMPERATURE (F)   41        10      1940


SUNRISE AND SUNSET
JANUARY 19 2018.......SUNRISE   722 AM CST   SUNSET   550 PM CST
JANUARY 20 2018.......SUNRISE   722 AM CST   SUNSET   551 PM CST


-  INDICATES NEGATIVE NUMBERS.
R  INDICATES RECORD WAS SET OR TIED.
MM INDICATES DATA IS MISSING.
T  INDICATES TRACE AMOUNT.




$$
