000
CDUS44 KHGX 290740
CLICLL


CLIMATE REPORT
NATIONAL WEATHER SERVICE HOUSTON/GALVESTON TX
229 AM CDT SUN MAY 29 2016


...................................

...THE COLLEGE STATION CLIMATE SUMMARY FOR MAY 28 2016...

CLIMATE NORMAL PERIOD 1981 TO 2010
CLIMATE RECORD PERIOD 1902 TO 2016


WEATHER ITEM   OBSERVED TIME   RECORD YEAR NORMAL DEPARTURE LAST
                VALUE   (LST)  VALUE       VALUE  FROM      YEAR
                                                  NORMAL
..................................................................
TEMPERATURE (F)
 YESTERDAY
  MAXIMUM         90    418 PM  98    2011  89      1       87
                                      1958
  MINIMUM         61    510 AM  53    1961  70     -9       71
  AVERAGE         76                        79     -3       79

PRECIPITATION (IN)
  YESTERDAY        0.00          3.93 1929   0.15  -0.15      T
  MONTH TO DATE   12.78                      3.90   8.88     9.16
  SINCE MAR 1     22.63                      9.73  12.90    19.79
  SINCE JAN 1     25.25                     15.82   9.43    27.20

SNOWFALL (IN)
  YESTERDAY        0.0
  MONTH TO DATE    0.0
  SINCE JUL 1      0.0

DEGREE DAYS
 HEATING
  YESTERDAY        0                         0      0        0
  MONTH TO DATE    2                         0      2        0
  SINCE MAR 1    101                       219   -118      227
  SINCE JUL 1   1148                      1606   -458     1768

 COOLING
  YESTERDAY       11                        14     -3       14
  MONTH TO DATE  241                       307    -66      294
  SINCE MAR 1    487                       518    -31      532
  SINCE JAN 1    512                       546    -34      533
..................................................................


WIND (MPH)
  HIGHEST WIND SPEED    16   HIGHEST WIND DIRECTION    SE (150)
  HIGHEST GUST SPEED    20   HIGHEST GUST DIRECTION    SE (140)
  AVERAGE WIND SPEED     7.1


SKY COVER
  AVERAGE SKY COVER 0.5


WEATHER CONDITIONS
 THE FOLLOWING WEATHER WAS RECORDED YESTERDAY.
  FOG
  FOG W/VISIBILITY <= 1/4 MILE


RELATIVE HUMIDITY (PERCENT)
 HIGHEST   100          1200 AM
 LOWEST     59           300 PM
 AVERAGE    80

..........................................................


THE COLLEGE STATION CLIMATE NORMALS FOR TODAY
                         NORMAL    RECORD    YEAR
 MAXIMUM TEMPERATURE (F)   89       100      1996
 MINIMUM TEMPERATURE (F)   70        54      1947


SUNRISE AND SUNSET
MAY 29 2016...........SUNRISE   624 AM CDT   SUNSET   822 PM CDT
MAY 30 2016...........SUNRISE   624 AM CDT   SUNSET   823 PM CDT


-  INDICATES NEGATIVE NUMBERS.
R  INDICATES RECORD WAS SET OR TIED.
MM INDICATES DATA IS MISSING.
T  INDICATES TRACE AMOUNT.




$$
