000
CDUS44 KHGX 230723
CLICLL


CLIMATE REPORT
NATIONAL WEATHER SERVICE HOUSTON/GALVESTON TX
223 AM CDT WED JUL 23 2014


...................................

...THE COLLEGE STATION CLIMATE SUMMARY FOR JULY 22 2014...

CLIMATE NORMAL PERIOD 1981 TO 2010
CLIMATE RECORD PERIOD 1902 TO 2014


WEATHER ITEM   OBSERVED TIME   RECORD YEAR NORMAL DEPARTURE LAST
                VALUE   (LST)  VALUE       VALUE  FROM      YEAR
                                                  NORMAL
..................................................................
TEMPERATURE (F)
 YESTERDAY
  MAXIMUM         94    505 PM 103    1914  95     -1       97
  MINIMUM         76    611 AM  64    1915  75      1       78
  AVERAGE         85                        85      0       88

PRECIPITATION (IN)
  YESTERDAY        T             1.79 1957   0.06  -0.06     0.00
  MONTH TO DATE    5.77                      1.60   4.17     1.43
  SINCE JUN 1      7.38                      6.05   1.33     2.68
  SINCE JAN 1     21.41                     22.30  -0.89    18.95

SNOWFALL (IN)
  YESTERDAY        0.0
  MONTH TO DATE    0.0
  SINCE JUL 1      0.0

DEGREE DAYS
 HEATING
  YESTERDAY        0                         0      0        0
  MONTH TO DATE    0                         0      0        0
  SINCE JUN 1      0                         0      0        0
  SINCE JUL 1      0                         0      0        0

 COOLING
  YESTERDAY       20                        20      0       23
  MONTH TO DATE  394                       429    -35      427
  SINCE JUN 1    921                       945    -24     1011
  SINCE JAN 1   1408                      1533   -125     1575
..................................................................


WIND (MPH)
  HIGHEST WIND SPEED     9   HIGHEST WIND DIRECTION     E (90)
  HIGHEST GUST SPEED    12   HIGHEST GUST DIRECTION     E (100)
  AVERAGE WIND SPEED     3.6


SKY COVER
  AVERAGE SKY COVER 0.2


WEATHER CONDITIONS
 THE FOLLOWING WEATHER WAS RECORDED YESTERDAY.
  FOG


RELATIVE HUMIDITY (PERCENT)
 HIGHEST    94           600 AM
 LOWEST     49           400 PM
 AVERAGE    72

..........................................................


THE COLLEGE STATION CLIMATE NORMALS FOR TODAY
                         NORMAL    RECORD    YEAR
 MAXIMUM TEMPERATURE (F)   96       106      1913
 MINIMUM TEMPERATURE (F)   75        63      1915


SUNRISE AND SUNSET
JULY 23 2014..........SUNRISE   638 AM CDT   SUNSET   826 PM CDT
JULY 24 2014..........SUNRISE   639 AM CDT   SUNSET   825 PM CDT


-  INDICATES NEGATIVE NUMBERS.
R  INDICATES RECORD WAS SET OR TIED.
MM INDICATES DATA IS MISSING.
T  INDICATES TRACE AMOUNT.




$$
