000
CDUS44 KHGX 020843
CLICLL


CLIMATE REPORT
NATIONAL WEATHER SERVICE HOUSTON/GALVESTON TX
233 AM CST MON MAR 2 2015


...................................

...THE COLLEGE STATION CLIMATE SUMMARY FOR MARCH 1 2015...

CLIMATE NORMAL PERIOD 1981 TO 2010
CLIMATE RECORD PERIOD 1902 TO 2015


WEATHER ITEM   OBSERVED TIME   RECORD YEAR NORMAL DEPARTURE LAST
                VALUE   (LST)  VALUE       VALUE  FROM      YEAR
                                                  NORMAL
..................................................................
TEMPERATURE (F)
 YESTERDAY
  MAXIMUM         44   1021 PM  85    1916  68    -24       80
  MINIMUM         39    850 AM  24    1980  48     -9       63
  AVERAGE         42                        58    -16       72

PRECIPITATION (IN)
  YESTERDAY        0.04          4.02 1934   0.10  -0.06     0.00
  MONTH TO DATE    0.04                      0.10  -0.06     0.00
  SINCE MAR 1      0.04                      0.10  -0.06     0.00
  SINCE JAN 1      7.45                      6.19   1.26     2.18

SNOWFALL (IN)
  YESTERDAY       MM
  MONTH TO DATE   MM
  SINCE JUL 1      T

DEGREE DAYS
 HEATING
  YESTERDAY       23                         8     15        0
  MONTH TO DATE   23                         8     15        0
  SINCE MAR 1     23                         8     15        0
  SINCE JUL 1   1564                      1395    169     1724

 COOLING
  YESTERDAY        0                         1     -1        7
  MONTH TO DATE    0                         1     -1        7
  SINCE MAR 1      0                         1     -1        7
  SINCE JAN 1      1                        29    -28       28
..................................................................


WIND (MPH)
  HIGHEST WIND SPEED    15   HIGHEST WIND DIRECTION     N (360)
  HIGHEST GUST SPEED    17   HIGHEST GUST DIRECTION     N (360)
  AVERAGE WIND SPEED    10.1


SKY COVER
  AVERAGE SKY COVER 0.8


WEATHER CONDITIONS
 THE FOLLOWING WEATHER WAS RECORDED YESTERDAY.
  LIGHT RAIN
  FOG


RELATIVE HUMIDITY (PERCENT)
 HIGHEST   100           800 AM
 LOWEST     92           400 AM
 AVERAGE    96

..........................................................


THE COLLEGE STATION CLIMATE NORMALS FOR TODAY
                         NORMAL    RECORD    YEAR
 MAXIMUM TEMPERATURE (F)   68        87      1905
 MINIMUM TEMPERATURE (F)   48        19      1980


SUNRISE AND SUNSET
MARCH  2 2015.........SUNRISE   651 AM CST   SUNSET   625 PM CST
MARCH  3 2015.........SUNRISE   650 AM CST   SUNSET   625 PM CST


-  INDICATES NEGATIVE NUMBERS.
R  INDICATES RECORD WAS SET OR TIED.
MM INDICATES DATA IS MISSING.
T  INDICATES TRACE AMOUNT.




$$
