000
CDUS42 KGSP 172134 RRA
CLICLT

CLIMATE REPORT
NATIONAL WEATHER SERVICE GREENVILLE-SPARTANBURG SC
433 PM EST WED DEC 17 2014


...................................

...THE CHARLOTTE NC CLIMATE SUMMARY FOR DECEMBER 17 2014...
VALID TODAY AS OF 430 PM LOCAL TIME.

CLIMATE NORMAL PERIOD 1981 TO 2010
CLIMATE RECORD PERIOD 1878 TO 2014


WEATHER ITEM   OBSERVED TIME   RECORD YEAR NORMAL DEPARTURE LAST
                VALUE   (LST)  VALUE       VALUE  FROM      YEAR
                                                  NORMAL
..................................................................
TEMPERATURE (F)
 TODAY
  MAXIMUM         60    305 PM  73    1956  52      8       64
  MINIMUM         31    640 AM  14    1901  32     -1       32
                                      1882
  AVERAGE         46                        42      4       48

PRECIPITATION (IN)
  TODAY            0.00          1.30 1888   0.10  -0.10     0.00
  MONTH TO DATE    0.39                      1.79  -1.40     1.93
  SINCE DEC 1      0.39                      1.79  -1.40     1.93
  SINCE JAN 1     43.28                     40.17   3.11    44.42

SNOWFALL (IN)
  TODAY            0.0          10.4  1930   0.1   -0.1      0.0
  MONTH TO DATE    0.0                       0.1   -0.1      0.0
  SINCE DEC 1      0.0                       0.1   -0.1      0.0
  SINCE JUL 1      T                         0.2   -0.2       T
  SNOW DEPTH       0

DEGREE DAYS
 HEATING
  TODAY           19                        23     -4       17
  MONTH TO DATE  312                       362    -50      309
  SINCE DEC 1    312                       362    -50      309
  SINCE JUL 1    970                       998    -28      959

 COOLING
  TODAY            0                         0      0        0
  MONTH TO DATE    0                         0      0        6
  SINCE DEC 1      0                         0      0        6
  SINCE JAN 1   1655                      1517    138     1583
..................................................................


WIND (MPH)
  HIGHEST WIND SPEED     9   HIGHEST WIND DIRECTION     W (280)
  HIGHEST GUST SPEED    12   HIGHEST GUST DIRECTION     W (260)
  AVERAGE WIND SPEED     2.5


SKY COVER
  POSSIBLE SUNSHINE  MM
  AVERAGE SKY COVER 0.2


WEATHER CONDITIONS
 THE FOLLOWING WEATHER WAS RECORDED TODAY.
  NO SIGNIFICANT WEATHER WAS OBSERVED.


RELATIVE HUMIDITY (PERCENT)
 HIGHEST    85           400 AM
 LOWEST     36           300 PM
 AVERAGE    61

..........................................................


THE CHARLOTTE NC CLIMATE NORMALS FOR TOMORROW
                         NORMAL    RECORD    YEAR
 MAXIMUM TEMPERATURE (F)   52        75      1984
                                             1924
 MINIMUM TEMPERATURE (F)   31        11      1953


SUNRISE AND SUNSET
DECEMBER 17 2014......SUNRISE   726 AM EST   SUNSET   514 PM EST
DECEMBER 18 2014......SUNRISE   727 AM EST   SUNSET   514 PM EST


-  INDICATES NEGATIVE NUMBERS.
R  INDICATES RECORD WAS SET OR TIED.
MM INDICATES DATA IS MISSING.
T  INDICATES TRACE AMOUNT.




$$
