000
CDUS42 KGSP 110649
CLICLT

CLIMATE REPORT
NATIONAL WEATHER SERVICE GREENVILLE-SPARTANBURG SC
146 AM EST MON DEC 11 2017


...................................

...THE CHARLOTTE NC CLIMATE SUMMARY FOR DECEMBER 10 2017...

CLIMATE NORMAL PERIOD 1981 TO 2010
CLIMATE RECORD PERIOD 1878 TO 2017


WEATHER ITEM   OBSERVED TIME   RECORD YEAR NORMAL DEPARTURE LAST
                VALUE   (LST)  VALUE       VALUE  FROM      YEAR
                                                  NORMAL
..................................................................
TEMPERATURE (F)
 YESTERDAY
  MAXIMUM         47    325 PM  80    2007  54     -7       45
  MINIMUM         25    533 AM  13    1917  33     -8       18
  AVERAGE         36                        43     -7       32

PRECIPITATION (IN)
  YESTERDAY        0.00          1.91 1969   0.10  -0.10     0.00
  MONTH TO DATE    1.21                      1.07   0.14     1.59
  SINCE DEC 1      1.21                      1.07   0.14     1.59
  SINCE JAN 1     43.78                     39.45   4.33    32.23

SNOWFALL (IN)
  YESTERDAY        0.0           T    1973   0.0    0.0      0.0
  MONTH TO DATE    T                         0.0    0.0      0.0
  SINCE DEC 1      T                         0.0    0.0      0.0
  SINCE JUL 1      T                         0.1   -0.1      0.0
  SNOW DEPTH       0

DEGREE DAYS
 HEATING
  YESTERDAY       29                        22      7       33
  MONTH TO DATE  167                       204    -37      209
  SINCE DEC 1    167                       204    -37      209
  SINCE JUL 1    693                       840   -147      627

 COOLING
  YESTERDAY        0                         0      0        0
  MONTH TO DATE    0                         0      0        0
  SINCE DEC 1      0                         0      0        0
  SINCE JAN 1   1905                      1517    388     2193
..................................................................


WIND (MPH)
  HIGHEST WIND SPEED    13   HIGHEST WIND DIRECTION    NW (300)
  HIGHEST GUST SPEED    19   HIGHEST GUST DIRECTION    NW (300)
  AVERAGE WIND SPEED     4.8


SKY COVER
  POSSIBLE SUNSHINE  MM
  AVERAGE SKY COVER 0.0


WEATHER CONDITIONS
 THE FOLLOWING WEATHER WAS RECORDED YESTERDAY.
  NO SIGNIFICANT WEATHER WAS OBSERVED.


RELATIVE HUMIDITY (PERCENT)
 HIGHEST    82          1200 AM
 LOWEST     34           300 PM
 AVERAGE    58

..........................................................


THE CHARLOTTE NC CLIMATE NORMALS FOR TODAY
                         NORMAL    RECORD    YEAR
 MAXIMUM TEMPERATURE (F)   54        79      2007
 MINIMUM TEMPERATURE (F)   33        13      1957


SUNRISE AND SUNSET
DECEMBER 11 2017......SUNRISE   722 AM EST   SUNSET   512 PM EST
DECEMBER 12 2017......SUNRISE   723 AM EST   SUNSET   512 PM EST


-  INDICATES NEGATIVE NUMBERS.
R  INDICATES RECORD WAS SET OR TIED.
MM INDICATES DATA IS MISSING.
T  INDICATES TRACE AMOUNT.




$$
