000
CDUS42 KGSP 130638 RRA
CLICLT

CLIMATE REPORT
NATIONAL WEATHER SERVICE GREENVILLE-SPARTANBURG SC
136 AM EST SAT FEB 13 2016


...................................

...THE CHARLOTTE NC CLIMATE SUMMARY FOR FEBRUARY 12 2016...

CLIMATE NORMAL PERIOD 1981 TO 2010
CLIMATE RECORD PERIOD 1878 TO 2016


WEATHER ITEM   OBSERVED TIME   RECORD YEAR NORMAL DEPARTURE LAST
                VALUE   (LST)  VALUE       VALUE  FROM      YEAR
                                                  NORMAL
..................................................................
TEMPERATURE (F)
 YESTERDAY
  MAXIMUM         37    530 PM  73    1999  54    -17       57
  MINIMUM         30   1226 PM  11    1899  32     -2       26
  AVERAGE         34                        43     -9       42

PRECIPITATION (IN)
  YESTERDAY        T             1.65 1948   0.11  -0.11     0.00
  MONTH TO DATE    0.75                      1.30  -0.55     1.40
  SINCE DEC 1     11.73                      7.96   3.77     6.77
  SINCE JAN 1      3.03                      4.71  -1.68     4.20

SNOWFALL (IN)
  YESTERDAY        T             5.1  1899   0.0    0.0      0.0
  MONTH TO DATE    T                         0.5   -0.5      0.0
  SINCE DEC 1      3.3                       2.9    0.4      0.0
  SINCE JUL 1      3.3                       3.0    0.3       T
  SNOW DEPTH       0

DEGREE DAYS
 HEATING
  YESTERDAY       31                        22      9       23
  MONTH TO DATE  260                       273    -13      253
  SINCE DEC 1   1348                      1744   -396     1602
  SINCE JUL 1   1814                      2380   -566     2260

 COOLING
  YESTERDAY        0                         0      0        0
  MONTH TO DATE    0                         0      0        0
  SINCE DEC 1     12                         1     11        0
  SINCE JAN 1      0                         0      0        0
..................................................................


WIND (MPH)
  HIGHEST WIND SPEED    12   HIGHEST WIND DIRECTION     E (70)
  HIGHEST GUST SPEED    20   HIGHEST GUST DIRECTION     E (70)
  AVERAGE WIND SPEED     4.4


SKY COVER
  POSSIBLE SUNSHINE  MM
  AVERAGE SKY COVER 0.7


WEATHER CONDITIONS
 THE FOLLOWING WEATHER WAS RECORDED YESTERDAY.
  LIGHT SNOW


RELATIVE HUMIDITY (PERCENT)
 HIGHEST    75          1000 PM
 LOWEST     29           300 AM
 AVERAGE    52

..........................................................


THE CHARLOTTE NC CLIMATE NORMALS FOR TODAY
                         NORMAL    RECORD    YEAR
 MAXIMUM TEMPERATURE (F)   55        74      1951
 MINIMUM TEMPERATURE (F)   32         2      1899


SUNRISE AND SUNSET
FEBRUARY 13 2016......SUNRISE   713 AM EST   SUNSET   604 PM EST
FEBRUARY 14 2016......SUNRISE   712 AM EST   SUNSET   605 PM EST


-  INDICATES NEGATIVE NUMBERS.
R  INDICATES RECORD WAS SET OR TIED.
MM INDICATES DATA IS MISSING.
T  INDICATES TRACE AMOUNT.




$$
JPT
