438
CDUS42 KGSP 312036
CLICLT

CLIMATE REPORT
NATIONAL WEATHER SERVICE GREENVILLE-SPARTANBURG SC
436 PM EDT TUE MAY 31 2016


...................................

...THE CHARLOTTE NC CLIMATE SUMMARY FOR MAY 31 2016...
VALID TODAY AS OF 0435 PM LOCAL TIME.

CLIMATE NORMAL PERIOD 1981 TO 2010
CLIMATE RECORD PERIOD 1878 TO 2016


WEATHER ITEM   OBSERVED TIME   RECORD YEAR NORMAL DEPARTURE LAST
                VALUE   (LST)  VALUE       VALUE  FROM      YEAR
                                                  NORMAL
..................................................................
TEMPERATURE (F)
 TODAY
  MAXIMUM         88    330 PM  97    1953  83      5       89
                                      1895
  MINIMUM         64    305 AM  42    1984  61      3       67
  AVERAGE         76                        72      4       78

PRECIPITATION (IN)
  TODAY            0.00          1.77 1907   0.12  -0.12     0.00
  MONTH TO DATE    5.13                      3.18   1.95     0.32
  SINCE MAR 1      8.01                     10.23  -2.22     8.65
  SINCE JAN 1     14.79                     16.96  -2.17    14.47

SNOWFALL (IN)
  TODAY            0.0           0.0    MM   0.0    0.0      0.0
  MONTH TO DATE    0.0                       0.0    0.0      0.0
  SINCE MAR 1      0.0                       0.6   -0.6      0.0
  SINCE JUL 1      3.3                       4.3   -1.0      3.1
  SNOW DEPTH       0

DEGREE DAYS
 HEATING
  TODAY            0                         0      0        0
  MONTH TO DATE   43                        53    -10       15
  SINCE MAR 1    426                       686   -260      483
  SINCE JUL 1   2568                      3385   -817     3254

 COOLING
  TODAY           11                         7      4       13
  MONTH TO DATE  147                       126     21      230
  SINCE MAR 1    245                       163     82      293
  SINCE JAN 1    245                       163     82      293
..................................................................


WIND (MPH)
  HIGHEST WIND SPEED    10   HIGHEST WIND DIRECTION    NE (40)
  HIGHEST GUST SPEED    22   HIGHEST GUST DIRECTION     E (70)
  AVERAGE WIND SPEED     5.1


SKY COVER
  POSSIBLE SUNSHINE  MM
  AVERAGE SKY COVER 0.4


WEATHER CONDITIONS
 THE FOLLOWING WEATHER WAS RECORDED TODAY.
  NO SIGNIFICANT WEATHER WAS OBSERVED.


RELATIVE HUMIDITY (PERCENT)
 HIGHEST    93           100 AM
 LOWEST     43           200 PM
 AVERAGE    68

..........................................................


THE CHARLOTTE NC CLIMATE NORMALS FOR TOMORROW
                         NORMAL    RECORD    YEAR
 MAXIMUM TEMPERATURE (F)   83        98      1918
 MINIMUM TEMPERATURE (F)   61        45      1889


SUNRISE AND SUNSET
MAY 31 2016...........SUNRISE   611 AM EDT   SUNSET   833 PM EDT
JUNE  1 2016..........SUNRISE   610 AM EDT   SUNSET   833 PM EDT


-  INDICATES NEGATIVE NUMBERS.
R  INDICATES RECORD WAS SET OR TIED.
MM INDICATES DATA IS MISSING.
T  INDICATES TRACE AMOUNT.

$$

OUTLAW
