000
CDUS42 KGSP 010630
CLICLT

CLIMATE REPORT
NATIONAL WEATHER SERVICE GREENVILLE-SPARTANBURG SC
227 AM EDT SAT NOV 1 2014


...................................

...THE CHARLOTTE NC CLIMATE SUMMARY FOR OCTOBER 31 2014...

CLIMATE NORMAL PERIOD 1981 TO 2010
CLIMATE RECORD PERIOD 1878 TO 2014


WEATHER ITEM   OBSERVED TIME   RECORD YEAR NORMAL DEPARTURE LAST
                VALUE   (LST)  VALUE       VALUE  FROM      YEAR
                                                  NORMAL
..................................................................
TEMPERATURE (F)
 YESTERDAY
  MAXIMUM         61    328 PM  85    1961  68     -7       73
                                      1950
  MINIMUM         39    113 AM  29    2008  44     -5       56
  AVERAGE         50                        56     -6       65

PRECIPITATION (IN)
  YESTERDAY        0.49          1.68 1887   0.10   0.39     0.00
  MONTH TO DATE    1.35                      3.40  -2.05     0.48
  SINCE SEP 1      5.34                      6.64  -1.30     3.54
  SINCE JAN 1     39.10                     35.24   3.86    38.86

SNOWFALL (IN)
  YESTERDAY        0.0           T    1887   0.0    0.0      0.0
  MONTH TO DATE    0.0                       0.0    0.0      0.0
  SINCE SEP 1      0.0                       0.0    0.0      0.0
  SINCE JUL 1      0.0                       0.0    0.0      0.0
  SNOW DEPTH       0

DEGREE DAYS
 HEATING
  YESTERDAY       15                        10      5        0
  MONTH TO DATE  120                       184    -64      130
  SINCE SEP 1    132                       206    -74      132
  SINCE JUL 1    132                       206    -74      133

 COOLING
  YESTERDAY        0                         0      0        0
  MONTH TO DATE   65                        38     27       60
  SINCE SEP 1    298                       236     62      288
  SINCE JAN 1   1653                      1513    140     1576
..................................................................


WIND (MPH)
  HIGHEST WIND SPEED    24   HIGHEST WIND DIRECTION    NW (300)
  HIGHEST GUST SPEED    31   HIGHEST GUST DIRECTION    NW (300)
  AVERAGE WIND SPEED     5.1


SKY COVER
  POSSIBLE SUNSHINE  MM
  AVERAGE SKY COVER 0.6


WEATHER CONDITIONS
 THE FOLLOWING WEATHER WAS RECORDED YESTERDAY.
  THUNDERSTORM
  HEAVY RAIN
  RAIN
  LIGHT RAIN
  HAIL
  FOG


RELATIVE HUMIDITY (PERCENT)
 HIGHEST    93          1000 PM
 LOWEST     46          1200 AM
 AVERAGE    70

..........................................................


THE CHARLOTTE NC CLIMATE NORMALS FOR TODAY
                         NORMAL    RECORD    YEAR
 MAXIMUM TEMPERATURE (F)   67        84      1961
                                             1950
 MINIMUM TEMPERATURE (F)   43        29      1954


SUNRISE AND SUNSET
NOVEMBER  1 2014......SUNRISE   745 AM EDT   SUNSET   629 PM EDT
NOVEMBER  2 2014......SUNRISE   646 AM EST   SUNSET   528 PM EST


-  INDICATES NEGATIVE NUMBERS.
R  INDICATES RECORD WAS SET OR TIED.
MM INDICATES DATA IS MISSING.
T  INDICATES TRACE AMOUNT.




$$
JPT
