000
CDUS41 KILN 220540
CLICMH


CLIMATE REPORT
NATIONAL WEATHER SERVICE WILMINGTON OH
1240 AM EST MON DEC 22 2014


...................................

...THE COLUMBUS OH CLIMATE SUMMARY FOR DECEMBER 21 2014...

CLIMATE NORMAL PERIOD 1981 TO 2010
CLIMATE RECORD PERIOD 1869 TO 2014


WEATHER ITEM   OBSERVED TIME   RECORD YEAR NORMAL DEPARTURE LAST
                VALUE   (LST)  VALUE       VALUE  FROM      YEAR
                                                  NORMAL
..................................................................
TEMPERATURE (F)
 YESTERDAY
  MAXIMUM         37    138 PM  69    2013  38     -1       69
  MINIMUM         27   1104 PM -10    1989  25      2       57
  AVERAGE         32                        32      0       63

PRECIPITATION (IN)
  YESTERDAY        0.00          2.56 1998   0.09  -0.09     1.67
  MONTH TO DATE    1.99                      2.00  -0.01     3.42
  SINCE DEC 1      1.99                      2.00  -0.01     3.42
  SINCE JAN 1     37.38                     38.34  -0.96    40.67

SNOWFALL (IN)
  YESTERDAY        0.0           4.3  1981   0.2   -0.2      0.0
  MONTH TO DATE    T                         2.9   -2.9     12.0
  SINCE DEC 1      T                         2.9   -2.9     12.0
  SINCE JUL 1      4.1                       4.0    0.1     16.7
  SNOW DEPTH       0

DEGREE DAYS
 HEATING
  YESTERDAY       33                        33      0        2
  MONTH TO DATE  612                       635    -23      630
  SINCE DEC 1    612                       635    -23      630
  SINCE JUL 1   1797                      1649    148     1692

 COOLING
  YESTERDAY        0                         0      0        0
  MONTH TO DATE    0                         0      0        0
  SINCE DEC 1      0                         0      0        0
  SINCE JAN 1   1163                      1024    139     1179
..................................................................


WIND (MPH)
  RESULTANT WIND SPEED   2   RESULTANT WIND DIRECTION   E (90)
  HIGHEST WIND SPEED     9   HIGHEST WIND DIRECTION    SE (130)
  HIGHEST GUST SPEED    12   HIGHEST GUST DIRECTION    SE (130)
  AVERAGE WIND SPEED     3.0


SKY COVER
  POSSIBLE SUNSHINE  MM
  AVERAGE SKY COVER 0.8


WEATHER CONDITIONS
 THE FOLLOWING WEATHER WAS RECORDED YESTERDAY.
  HAZE


RELATIVE HUMIDITY (PERCENT)
 HIGHEST    81          1100 PM
 LOWEST     56           100 PM
 AVERAGE    69

..........................................................


THE COLUMBUS OH CLIMATE NORMALS FOR TODAY
                         NORMAL    RECORD    YEAR
 MAXIMUM TEMPERATURE (F)   38        68      2013
 MINIMUM TEMPERATURE (F)   25       -17      1989


SUNRISE AND SUNSET
DECEMBER 22 2014......SUNRISE   750 AM EST   SUNSET   510 PM EST
DECEMBER 23 2014......SUNRISE   751 AM EST   SUNSET   511 PM EST


-  INDICATES NEGATIVE NUMBERS.
R  INDICATES RECORD WAS SET OR TIED.
MM INDICATES DATA IS MISSING.
T  INDICATES TRACE AMOUNT.




$$
