000
CDUS41 KILN 272109
CLICMH


CLIMATE REPORT
NATIONAL WEATHER SERVICE WILMINGTON OH
508 PM EDT WED AUG 27 2014


...................................

...THE COLUMBUS OH CLIMATE SUMMARY FOR AUGUST 27 2014...
VALID TODAY AS OF 0500 PM LOCAL TIME.

CLIMATE NORMAL PERIOD 1981 TO 2010
CLIMATE RECORD PERIOD 1869 TO 2014


WEATHER ITEM   OBSERVED TIME   RECORD YEAR NORMAL DEPARTURE LAST
                VALUE   (LST)  VALUE       VALUE  FROM      YEAR
                                                  NORMAL
..................................................................
TEMPERATURE (F)
 TODAY
  MAXIMUM         91    249 PM 100    1948  83      8       87
  MINIMUM         71    458 AM  46    1968  63      8       72
  AVERAGE         81                        73      8       80

PRECIPITATION (IN)
  TODAY            0.06          1.89 1992   0.11  -0.05      T
  MONTH TO DATE    2.99                      2.88   0.11     1.98
  SINCE JUN 1     11.75                     11.68   0.07    13.31
  SINCE JAN 1     28.60                     27.25   1.35    25.78

SNOWFALL (IN)
  TODAY            0.0           0.0    MM   0.0    0.0      0.0
  MONTH TO DATE    0.0                       0.0    0.0      0.0
  SINCE JUN 1      0.0                       0.0    0.0      0.0
  SINCE JUL 1      0.0                       0.0    0.0      0.0
  SNOW DEPTH       0

DEGREE DAYS
 HEATING
  TODAY            0                         0      0        0
  MONTH TO DATE    0                         0      0        4
  SINCE JUN 1      1                        19    -18       10
  SINCE JUL 1      0                         0      0        4

 COOLING
  TODAY           16                         8      8       15
  MONTH TO DATE  280                       250     30      223
  SINCE JUN 1    820                       776     44      781
  SINCE JAN 1    975                       858    117      942
..................................................................


WIND (MPH)
  HIGHEST WIND SPEED    12   HIGHEST WIND DIRECTION    NW (310)
  HIGHEST GUST SPEED    22   HIGHEST GUST DIRECTION    NW (320)
  AVERAGE WIND SPEED     2.2


SKY COVER
  POSSIBLE SUNSHINE  MM
  AVERAGE SKY COVER 0.4


WEATHER CONDITIONS
 THE FOLLOWING WEATHER WAS RECORDED TODAY.
  THUNDERSTORM
  LIGHT RAIN
  FOG


RELATIVE HUMIDITY (PERCENT)
 HIGHEST    84           500 AM
 LOWEST     52           100 PM
 AVERAGE    68

..........................................................


THE COLUMBUS OH CLIMATE NORMALS FOR TOMORROW
                         NORMAL    RECORD    YEAR
 MAXIMUM TEMPERATURE (F)   83        97      1948
 MINIMUM TEMPERATURE (F)   63        44      1887


SUNRISE AND SUNSET
AUGUST 27 2014........SUNRISE   655 AM EDT   SUNSET   811 PM EDT
AUGUST 28 2014........SUNRISE   655 AM EDT   SUNSET   809 PM EDT


-  INDICATES NEGATIVE NUMBERS.
R  INDICATES RECORD WAS SET OR TIED.
MM INDICATES DATA IS MISSING.
T  INDICATES TRACE AMOUNT.




$$
