000
CDUS41 KILN 270549
CLICMH


CLIMATE REPORT
NATIONAL WEATHER SERVICE WILMINGTON OH
149 AM EDT FRI MAY 27 2016


...................................

...THE COLUMBUS OH CLIMATE SUMMARY FOR MAY 26 2016...

CLIMATE NORMAL PERIOD 1981 TO 2010
CLIMATE RECORD PERIOD 1869 TO 2016


WEATHER ITEM   OBSERVED TIME   RECORD YEAR NORMAL DEPARTURE LAST
                VALUE   (LST)  VALUE       VALUE  FROM      YEAR
                                                  NORMAL
..................................................................
TEMPERATURE (F)
 YESTERDAY
  MAXIMUM         80    402 PM  94    1911  76      4       86
  MINIMUM         66    604 AM  37    1969  55     11       66
  AVERAGE         73                        66      7       76

PRECIPITATION (IN)
  YESTERDAY        0.00          1.82 1968   0.14  -0.14     0.45
  MONTH TO DATE    2.14                      3.43  -1.29     3.16
  SINCE MAR 1      8.72                      9.85  -1.13    11.17
  SINCE JAN 1     13.13                     14.83  -1.70    15.74

SNOWFALL (IN)
  YESTERDAY        0.0           0.0    MM   0.0    0.0      0.0
  MONTH TO DATE    0.0                       0.0    0.0      0.0
  SINCE MAR 1      2.6                       5.3   -2.7      5.4
  SINCE JUL 1     17.1                      26.7   -9.6     33.4
  SNOW DEPTH       0

DEGREE DAYS
 HEATING
  YESTERDAY        0                         3     -3        0
  MONTH TO DATE  202                       133     69       85
  SINCE MAR 1   1106                      1220   -114     1264
  SINCE JUL 1   4547                      5215   -668     5818

 COOLING
  YESTERDAY        8                         3      5       11
  MONTH TO DATE   13                        50    -37      113
  SINCE MAR 1     14                        62    -48      113
  SINCE JAN 1     14                        62    -48      113
..................................................................


WIND (MPH)
  RESULTANT WIND SPEED   8   RESULTANT WIND DIRECTION   S (190)
  HIGHEST WIND SPEED    18   HIGHEST WIND DIRECTION    SW (230)
  HIGHEST GUST SPEED    24   HIGHEST GUST DIRECTION    SW (210)
  AVERAGE WIND SPEED     8.1


SKY COVER
  POSSIBLE SUNSHINE  MM
  AVERAGE SKY COVER 0.9


WEATHER CONDITIONS
 THE FOLLOWING WEATHER WAS RECORDED YESTERDAY.
  NO SIGNIFICANT WEATHER WAS OBSERVED.


RELATIVE HUMIDITY (PERCENT)
 HIGHEST    87           400 AM
 LOWEST     58           400 PM
 AVERAGE    73

..........................................................


THE COLUMBUS OH CLIMATE NORMALS FOR TODAY
                         NORMAL    RECORD    YEAR
 MAXIMUM TEMPERATURE (F)   76        94      1911
 MINIMUM TEMPERATURE (F)   56        34      1961


SUNRISE AND SUNSET
MAY 27 2016...........SUNRISE   607 AM EDT   SUNSET   851 PM EDT
MAY 28 2016...........SUNRISE   606 AM EDT   SUNSET   852 PM EDT


-  INDICATES NEGATIVE NUMBERS.
R  INDICATES RECORD WAS SET OR TIED.
MM INDICATES DATA IS MISSING.
T  INDICATES TRACE AMOUNT.




$$
