000
CDUS41 KILN 260554
CLICMH


CLIMATE REPORT
NATIONAL WEATHER SERVICE WILMINGTON OH
153 AM EDT TUE SEP 26 2017


...................................

...THE COLUMBUS OH CLIMATE SUMMARY FOR SEPTEMBER 25 2017...

CLIMATE NORMAL PERIOD 1981 TO 2010
CLIMATE RECORD PERIOD 1869 TO 2017


WEATHER ITEM   OBSERVED TIME   RECORD YEAR NORMAL DEPARTURE LAST
                VALUE   (LST)  VALUE       VALUE  FROM      YEAR
                                                  NORMAL
..................................................................
TEMPERATURE (F)
 YESTERDAY
  MAXIMUM         91    239 PM  93    1900  73     18       82
  MINIMUM         65    653 AM  33    1967  53     12       55
                                      1950
  AVERAGE         78                        63     15       69

PRECIPITATION (IN)
  YESTERDAY        0.00          0.91 1994   0.09  -0.09     0.00
  MONTH TO DATE    2.58                      2.40   0.18     2.11
  SINCE SEP 1      2.58                      2.40   0.18     2.11
  SINCE JAN 1     36.61                     30.09   6.52    29.37

SNOWFALL (IN)
  YESTERDAY        0.0          MM      MM   0.0    0.0      0.0
  MONTH TO DATE    0.0                       0.0    0.0      0.0
  SINCE SEP 1      0.0                       0.0    0.0      0.0
  SINCE JUL 1      0.0                       0.0    0.0      0.0
  SNOW DEPTH       0

DEGREE DAYS
 HEATING
  YESTERDAY        0                         4     -4        0
  MONTH TO DATE   42                        44     -2        0
  SINCE SEP 1     42                        44     -2        0
  SINCE JUL 1     42                        44     -2        0

 COOLING
  YESTERDAY       13                         2     11        4
  MONTH TO DATE  117                       112      5      188
  SINCE SEP 1    117                       112      5      188
  SINCE JAN 1   1026                      1001     25     1281
..................................................................


WIND (MPH)
  RESULTANT WIND SPEED   1   RESULTANT WIND DIRECTION   E (100)
  HIGHEST WIND SPEED     7   HIGHEST WIND DIRECTION    SE (130)
  HIGHEST GUST SPEED    10   HIGHEST GUST DIRECTION     S (190)
  AVERAGE WIND SPEED     2.2


SKY COVER
  POSSIBLE SUNSHINE  MM
  AVERAGE SKY COVER 0.5


WEATHER CONDITIONS
 THE FOLLOWING WEATHER WAS RECORDED YESTERDAY.
  HAZE


RELATIVE HUMIDITY (PERCENT)
 HIGHEST    93           700 AM
 LOWEST     41           300 PM
 AVERAGE    67

..........................................................


THE COLUMBUS OH CLIMATE NORMALS FOR TODAY
                         NORMAL    RECORD    YEAR
 MAXIMUM TEMPERATURE (F)   73        92      1998
 MINIMUM TEMPERATURE (F)   52        35      1950
                                             1928


SUNRISE AND SUNSET
SEPTEMBER 26 2017.....SUNRISE   723 AM EDT   SUNSET   722 PM EDT
SEPTEMBER 27 2017.....SUNRISE   724 AM EDT   SUNSET   720 PM EDT


-  INDICATES NEGATIVE NUMBERS.
R  INDICATES RECORD WAS SET OR TIED.
MM INDICATES DATA IS MISSING.
T  INDICATES TRACE AMOUNT.




$$
