000
CDUS41 KILN 240538
CLICMH


CLIMATE REPORT
NATIONAL WEATHER SERVICE WILMINGTON OH
128 AM EDT FRI MAR 24 2017


...................................

...THE COLUMBUS OH CLIMATE SUMMARY FOR MARCH 23 2017...

CLIMATE NORMAL PERIOD 1981 TO 2010
CLIMATE RECORD PERIOD 1869 TO 2017


WEATHER ITEM   OBSERVED TIME   RECORD YEAR NORMAL DEPARTURE LAST
                VALUE   (LST)  VALUE       VALUE  FROM      YEAR
                                                  NORMAL
..................................................................
TEMPERATURE (F)
 YESTERDAY
  MAXIMUM         56    600 PM  81    1907  54      2       63
  MINIMUM         24    651 AM   9    1885  35    -11       50
  AVERAGE         40                        44     -4       57

PRECIPITATION (IN)
  YESTERDAY        0.00          1.95 2007   0.11  -0.11     0.00
  MONTH TO DATE    2.72                      2.14   0.58     2.67
  SINCE MAR 1      2.72                      2.14   0.58     2.67
  SINCE JAN 1      8.18                      7.12   1.06     7.08

SNOWFALL (IN)
  YESTERDAY        0.0           3.8  1974   0.1   -0.1      0.0
  MONTH TO DATE    1.7                       3.6   -1.9      2.3
  SINCE MAR 1      1.7                       3.6   -1.9      2.3
  SINCE JUL 1      9.3                      25.0  -15.7     16.8
  SNOW DEPTH       0

DEGREE DAYS
 HEATING
  YESTERDAY       25                        21      4        8
  MONTH TO DATE  619                       565     54      407
  SINCE MAR 1    619                       565     54      407
  SINCE JUL 1   3888                      4560   -672     3848

 COOLING
  YESTERDAY        0                         0      0        0
  MONTH TO DATE    0                         0      0        0
  SINCE MAR 1      0                         0      0        0
  SINCE JAN 1      4                         0      4        0
..................................................................


WIND (MPH)
  RESULTANT WIND SPEED   7   RESULTANT WIND DIRECTION   E (110)
  HIGHEST WIND SPEED    16   HIGHEST WIND DIRECTION    SE (140)
  HIGHEST GUST SPEED    26   HIGHEST GUST DIRECTION     E (100)
  AVERAGE WIND SPEED     8.5


SKY COVER
  POSSIBLE SUNSHINE  MM
  AVERAGE SKY COVER 0.5


WEATHER CONDITIONS
 THE FOLLOWING WEATHER WAS RECORDED YESTERDAY.
  NO SIGNIFICANT WEATHER WAS OBSERVED.


RELATIVE HUMIDITY (PERCENT)
 HIGHEST    63          1200 AM
 LOWEST     18           400 PM
 AVERAGE    41

..........................................................


THE COLUMBUS OH CLIMATE NORMALS FOR TODAY
                         NORMAL    RECORD    YEAR
 MAXIMUM TEMPERATURE (F)   55        84      1910
 MINIMUM TEMPERATURE (F)   35        11      1974


SUNRISE AND SUNSET
MARCH 24 2017.........SUNRISE   728 AM EDT   SUNSET   748 PM EDT
MARCH 25 2017.........SUNRISE   726 AM EDT   SUNSET   749 PM EDT


-  INDICATES NEGATIVE NUMBERS.
R  INDICATES RECORD WAS SET OR TIED.
MM INDICATES DATA IS MISSING.
T  INDICATES TRACE AMOUNT.




$$
