000
CDUS41 KILN 250556
CLICMH


CLIMATE REPORT
NATIONAL WEATHER SERVICE WILMINGTON OH
1255 AM EST SUN JAN 25 2015


...................................

...THE COLUMBUS OH CLIMATE SUMMARY FOR JANUARY 24 2015...

CLIMATE NORMAL PERIOD 1981 TO 2010
CLIMATE RECORD PERIOD 1869 TO 2015


WEATHER ITEM   OBSERVED TIME   RECORD YEAR NORMAL DEPARTURE LAST
                VALUE   (LST)  VALUE       VALUE  FROM      YEAR
                                                  NORMAL
..................................................................
TEMPERATURE (F)
 YESTERDAY
  MAXIMUM         37    405 PM  66    1950  37      0       22
                                      1909
  MINIMUM         26    823 AM -15    1963  22      4        0
  AVERAGE         32                        30      2       11

PRECIPITATION (IN)
  YESTERDAY        T             1.65 1937   0.08  -0.08      T
  MONTH TO DATE    2.23                      2.15   0.08     1.98
  SINCE DEC 1      4.93                      5.12  -0.19     6.28
  SINCE JAN 1      2.23                      2.15   0.08     1.98

SNOWFALL (IN)
  YESTERDAY        0.0           5.7  1948   0.3   -0.3       T
  MONTH TO DATE    4.5                       7.2   -2.7      9.1
  SINCE DEC 1      4.5                      12.2   -7.7     21.8
  SINCE JUL 1      8.6                      13.3   -4.7     26.5
  SNOW DEPTH       0

DEGREE DAYS
 HEATING
  YESTERDAY       33                        35     -2       54
  MONTH TO DATE  910                       856     54      969
  SINCE DEC 1   1803                      1833    -30     1900
  SINCE JUL 1   2988                      2847    141     2962

 COOLING
  YESTERDAY        0                         0      0        0
  MONTH TO DATE    0                         0      0        0
  SINCE DEC 1      0                         0      0        0
  SINCE JAN 1      0                         0      0        0
..................................................................


WIND (MPH)
  RESULTANT WIND SPEED   7   RESULTANT WIND DIRECTION   W (270)
  HIGHEST WIND SPEED    17   HIGHEST WIND DIRECTION     W (280)
  HIGHEST GUST SPEED    22   HIGHEST GUST DIRECTION     W (250)
  AVERAGE WIND SPEED     9.2


SKY COVER
  POSSIBLE SUNSHINE  MM
  AVERAGE SKY COVER 1.0


WEATHER CONDITIONS
 THE FOLLOWING WEATHER WAS RECORDED YESTERDAY.
  LIGHT RAIN
  FOG
  HAZE


RELATIVE HUMIDITY (PERCENT)
 HIGHEST    89           600 PM
 LOWEST     64           200 PM
 AVERAGE    77

..........................................................


THE COLUMBUS OH CLIMATE NORMALS FOR TODAY
                         NORMAL    RECORD    YEAR
 MAXIMUM TEMPERATURE (F)   37        74      1950
 MINIMUM TEMPERATURE (F)   22       -15      1884


SUNRISE AND SUNSET
JANUARY 25 2015.......SUNRISE   746 AM EST   SUNSET   542 PM EST
JANUARY 26 2015.......SUNRISE   745 AM EST   SUNSET   543 PM EST


-  INDICATES NEGATIVE NUMBERS.
R  INDICATES RECORD WAS SET OR TIED.
MM INDICATES DATA IS MISSING.
T  INDICATES TRACE AMOUNT.




$$
