000
CDUS41 KILN 270533
CLICMH


CLIMATE REPORT
NATIONAL WEATHER SERVICE WILMINGTON OH
132 AM EDT SAT AUG 27 2016


...................................

...THE COLUMBUS OH CLIMATE SUMMARY FOR AUGUST 26 2016...

CLIMATE NORMAL PERIOD 1981 TO 2010
CLIMATE RECORD PERIOD 1869 TO 2016


WEATHER ITEM   OBSERVED TIME   RECORD YEAR NORMAL DEPARTURE LAST
                VALUE   (LST)  VALUE       VALUE  FROM      YEAR
                                                  NORMAL
..................................................................
TEMPERATURE (F)
 YESTERDAY
  MAXIMUM         88    323 PM  98    1948  83      5       68
  MINIMUM         71    615 AM  48    1958  63      8       57
  AVERAGE         80                        73      7       63

PRECIPITATION (IN)
  YESTERDAY        0.00          0.80 1882   0.10  -0.10     0.00
  MONTH TO DATE    3.95                      2.77   1.18     3.07
  SINCE JUN 1     11.66                     11.57   0.09    15.20
  SINCE JAN 1     25.39                     27.14  -1.75    31.34

SNOWFALL (IN)
  YESTERDAY        0.0           0.0         0.0    0.0      0.0
  MONTH TO DATE    0.0                       0.0    0.0      0.0
  SINCE JUN 1      0.0                       0.0    0.0      0.0
  SINCE JUL 1      0.0                       0.0    0.0      0.0
  SNOW DEPTH       0

DEGREE DAYS
 HEATING
  YESTERDAY        0                         0      0        2
  MONTH TO DATE    0                         0      0        5
  SINCE JUN 1      4                        19    -15       25
  SINCE JUL 1      0                         0      0        5

 COOLING
  YESTERDAY       15                         8      7        0
  MONTH TO DATE  333                       242     91      187
  SINCE JUN 1    961                       768    193      667
  SINCE JAN 1   1026                       850    176      820
..................................................................


WIND (MPH)
  RESULTANT WIND SPEED   2   RESULTANT WIND DIRECTION  NE (30)
  HIGHEST WIND SPEED    13   HIGHEST WIND DIRECTION    NE (30)
  HIGHEST GUST SPEED    16   HIGHEST GUST DIRECTION    NW (300)
  AVERAGE WIND SPEED     3.5


SKY COVER
  POSSIBLE SUNSHINE  MM
  AVERAGE SKY COVER 0.4


WEATHER CONDITIONS
 THE FOLLOWING WEATHER WAS RECORDED YESTERDAY.
  NO SIGNIFICANT WEATHER WAS OBSERVED.


RELATIVE HUMIDITY (PERCENT)
 HIGHEST   100           500 AM
 LOWEST     55           200 PM
 AVERAGE    78

..........................................................


THE COLUMBUS OH CLIMATE NORMALS FOR TODAY
                         NORMAL    RECORD    YEAR
 MAXIMUM TEMPERATURE (F)   83       100      1948
 MINIMUM TEMPERATURE (F)   63        46      1968


SUNRISE AND SUNSET
AUGUST 27 2016........SUNRISE   655 AM EDT   SUNSET   810 PM EDT
AUGUST 28 2016........SUNRISE   656 AM EDT   SUNSET   808 PM EDT


-  INDICATES NEGATIVE NUMBERS.
R  INDICATES RECORD WAS SET OR TIED.
MM INDICATES DATA IS MISSING.
T  INDICATES TRACE AMOUNT.




$$
