000
CDUS43 KTOP 210633
CLICNK


CLIMATE REPORT
NATIONAL WEATHER SERVICE TOPEKA KS
1232 AM CST TUE NOV 21 2017


...................................

...THE CONCORDIA KS CLIMATE SUMMARY FOR NOVEMBER 20 2017...

CLIMATE NORMAL PERIOD 1981 TO 2010
CLIMATE RECORD PERIOD 1885 TO 2017


WEATHER ITEM   OBSERVED TIME   RECORD YEAR NORMAL DEPARTURE LAST
                VALUE   (LST)  VALUE       VALUE  FROM      YEAR
                                                  NORMAL
..................................................................
TEMPERATURE (F)
 YESTERDAY
  MAXIMUM         61    202 PM  79    1897  50     11       53
  MINIMUM         39    751 AM   8    1985  29     10       25
  AVERAGE         50                        39     11       39

PRECIPITATION (IN)
  YESTERDAY        0.00          0.63 1994   0.03  -0.03     0.00
  MONTH TO DATE    0.14                      0.79  -0.65     0.35
  SINCE SEP 1      8.89                      5.62   3.27     3.35
  SINCE JAN 1     36.34                     26.72   9.62    28.87

SNOWFALL (IN)
  YESTERDAY        0.0           2.0  1953   0.1   -0.1      0.0
  MONTH TO DATE    0.0                       1.3   -1.3      0.0
  SINCE JAN 1      2.1                      15.2  -13.1     12.3
  SINCE JUL 1      T                         1.5   -1.5      0.0
  SNOW DEPTH       0

DEGREE DAYS
 HEATING
  YESTERDAY       15                        26    -11       26
  MONTH TO DATE  437                       414     23      259
  SINCE SEP 1    763                       802    -39      471
  SINCE JUL 1    763                       805    -42      472

 COOLING
  YESTERDAY        0                         0      0        0
  MONTH TO DATE    0                         0      0        0
  SINCE SEP 1    232                       182     50      258
  SINCE JAN 1   1370                      1348     22     1540
..................................................................


WIND (MPH)
  HIGHEST WIND SPEED    23   HIGHEST WIND DIRECTION    SW (220)
  HIGHEST GUST SPEED    29   HIGHEST GUST DIRECTION     S (200)
  AVERAGE WIND SPEED    15.8


SKY COVER
  AVERAGE SKY COVER 0.0


WEATHER CONDITIONS
 THE FOLLOWING WEATHER WAS RECORDED YESTERDAY.
  NO SIGNIFICANT WEATHER WAS OBSERVED.


RELATIVE HUMIDITY (PERCENT)
 HIGHEST    48           700 AM
 LOWEST     25           200 PM
 AVERAGE    37

..........................................................


THE CONCORDIA KS CLIMATE NORMALS FOR TODAY
                         NORMAL    RECORD    YEAR
 MAXIMUM TEMPERATURE (F)   49        73      2012
 MINIMUM TEMPERATURE (F)   28         5      1964


SUNRISE AND SUNSET
NOVEMBER 21 2017......SUNRISE   722 AM CST   SUNSET   511 PM CST
NOVEMBER 22 2017......SUNRISE   723 AM CST   SUNSET   510 PM CST


-  INDICATES NEGATIVE NUMBERS.
R  INDICATES RECORD WAS SET OR TIED.
MM INDICATES DATA IS MISSING.
T  INDICATES TRACE AMOUNT.




$$
