600
CDUS43 KTOP 230633
CLICNK


CLIMATE REPORT
NATIONAL WEATHER SERVICE TOPEKA KS
132 AM CDT SAT SEP 23 2017


...................................

...THE CONCORDIA KS CLIMATE SUMMARY FOR SEPTEMBER 22 2017...

CLIMATE NORMAL PERIOD 1981 TO 2010
CLIMATE RECORD PERIOD 1885 TO 2017


WEATHER ITEM   OBSERVED TIME   RECORD YEAR NORMAL DEPARTURE LAST
                VALUE   (LST)  VALUE       VALUE  FROM      YEAR
                                                  NORMAL
..................................................................
TEMPERATURE (F)
 YESTERDAY
  MAXIMUM         92    250 PM  98    1937  77     15       94
                                      1892
  MINIMUM         75   1159 PM  29    1995  53     22       73
  AVERAGE         84                        65     19       84

PRECIPITATION (IN)
  YESTERDAY        0.00          1.22 1908   0.10  -0.10     0.00
  MONTH TO DATE    2.35                      2.17   0.18     1.73
  SINCE SEP 1      2.35                      2.17   0.18     1.73
  SINCE JAN 1     29.80                     23.27   6.53    27.25

SNOWFALL (IN)
  YESTERDAY        0.0           T    1908   0.0    0.0      0.0
  MONTH TO DATE    0.0                       0.0    0.0      0.0
  SINCE JAN 1      2.1                      13.7  -11.6     12.3
  SINCE JUL 1      0.0                       0.0    0.0      0.0
  SNOW DEPTH       0

DEGREE DAYS
 HEATING
  YESTERDAY        0                         3     -3        0
  MONTH TO DATE   11                        34    -23       13
  SINCE SEP 1     11                        34    -23       13
  SINCE JUL 1     11                        37    -26       14

 COOLING
  YESTERDAY       19                         3     16       19
  MONTH TO DATE  174                       138     36      194
  SINCE SEP 1    174                       138     36      194
  SINCE JAN 1   1312                      1304      8     1476
..................................................................


WIND (MPH)
  HIGHEST WIND SPEED    26   HIGHEST WIND DIRECTION     S (190)
  HIGHEST GUST SPEED    35   HIGHEST GUST DIRECTION     S (180)
  AVERAGE WIND SPEED    18.0


SKY COVER
  AVERAGE SKY COVER 0.1


WEATHER CONDITIONS
 THE FOLLOWING WEATHER WAS RECORDED YESTERDAY.
  NO SIGNIFICANT WEATHER WAS OBSERVED.


RELATIVE HUMIDITY (PERCENT)
 HIGHEST    79           600 AM
 LOWEST     44           300 PM
 AVERAGE    62

..........................................................


THE CONCORDIA KS CLIMATE NORMALS FOR TODAY
                         NORMAL    RECORD    YEAR
 MAXIMUM TEMPERATURE (F)   77        95      1892
 MINIMUM TEMPERATURE (F)   53        33      1983


SUNRISE AND SUNSET
SEPTEMBER 23 2017.....SUNRISE   719 AM CDT   SUNSET   726 PM CDT
SEPTEMBER 24 2017.....SUNRISE   720 AM CDT   SUNSET   724 PM CDT


-  INDICATES NEGATIVE NUMBERS.
R  INDICATES RECORD WAS SET OR TIED.
MM INDICATES DATA IS MISSING.
T  INDICATES TRACE AMOUNT.




$$
