000
CDUS43 KICT 250634
CLICNU

CLIMATE REPORT
NATIONAL WEATHER SERVICE WICHITA KS
131 AM CDT TUE JUL 25 2017

...................................

...THE CHANUTE KS CLIMATE SUMMARY FOR JULY 24 2017...

CLIMATE NORMAL PERIOD 1981 TO 2010
CLIMATE RECORD PERIOD 1894 TO 2017


WEATHER ITEM   OBSERVED TIME   RECORD YEAR NORMAL DEPARTURE LAST
                VALUE   (LST)  VALUE       VALUE  FROM      YEAR
                                                  NORMAL
..................................................................
TEMPERATURE (F)
 YESTERDAY
  MAXIMUM         95    508 PM 111    1934  90      5       97
  MINIMUM         70    455 AM  53    2003  69      1       77
  AVERAGE         83                        80      3       87

PRECIPITATION (IN)
  YESTERDAY        0.00          2.02 1968   0.13  -0.13     0.00
  MONTH TO DATE    1.74                      3.54  -1.80     1.56
  SINCE JUN 1      3.61                      9.57  -5.96     4.76
  SINCE JAN 1     24.69                     25.97  -1.28    16.55

DEGREE DAYS
 HEATING
  YESTERDAY        0                         0      0        0
  MONTH TO DATE    0                         0      0        0
  SINCE JUN 1      0                         6     -6        0
  SINCE JUL 1      0                         0      0        0

 COOLING
  YESTERDAY       18                        15      3       22
  MONTH TO DATE  403                       347     56      393
  SINCE JUN 1    712                       639     73      827
  SINCE JAN 1    879                       772    107      934
..................................................................


WIND (MPH)
  HIGHEST WIND SPEED    10   HIGHEST WIND DIRECTION    SE (140)
  HIGHEST GUST SPEED    16   HIGHEST GUST DIRECTION     S (160)
  AVERAGE WIND SPEED     4.3


SKY COVER
  AVERAGE SKY COVER 0.0


WEATHER CONDITIONS
 THE FOLLOWING WEATHER WAS RECORDED YESTERDAY.
  NO SIGNIFICANT WEATHER WAS OBSERVED.


RELATIVE HUMIDITY (PERCENT)
 HIGHEST   100           500 AM
 LOWEST     46           500 PM
 AVERAGE    73

..........................................................


THE CHANUTE KS CLIMATE NORMALS FOR TODAY
                         NORMAL    RECORD    YEAR
 MAXIMUM TEMPERATURE (F)   90       107      1934
 MINIMUM TEMPERATURE (F)   69        50      1911


SUNRISE AND SUNSET
JULY 25 2017..........SUNRISE   620 AM CDT   SUNSET   836 PM CDT
JULY 26 2017..........SUNRISE   621 AM CDT   SUNSET   835 PM CDT


-  INDICATES NEGATIVE NUMBERS.
R  INDICATES RECORD WAS SET OR TIED.
MM INDICATES DATA IS MISSING.
T  INDICATES TRACE AMOUNT.

$$
