000
CDUS45 KGJT 170731
CLICNY


CLIMATE REPORT
NATIONAL WEATHER SERVICE GRAND JUNCTION CO
125 AM MDT TUE OCT 17 2017


...................................

...THE CANYONLANDS AIRPORT UT CLIMATE SUMMARY FOR OCTOBER 16 2017...

CLIMATE NORMAL PERIOD 1981 TO 2010
CLIMATE RECORD PERIOD 9999 TO 9999


WEATHER ITEM   OBSERVED TIME   RECORD YEAR NORMAL DEPARTURE LAST
                VALUE   (LST)  VALUE       VALUE  FROM      YEAR
                                                  NORMAL
..................................................................
TEMPERATURE (F)
 YESTERDAY
  MAXIMUM         68    337 PM  MM      MM  68      0       81
  MINIMUM         28    628 AM  MM      MM  39    -11       63
  AVERAGE         48                        54     -6       72

PRECIPITATION (IN)
  YESTERDAY        0.00         MM      MM   0.04  -0.04     0.00
  MONTH TO DATE    0.31                      0.69  -0.38     0.14
  SINCE SEP 1      1.23                      1.65  -0.42     1.28
  SINCE JAN 1      4.06                      7.03  -2.97     5.47

SNOWFALL (IN)
  YESTERDAY       MM            MM      MM  MM     MM       MM
  MONTH TO DATE   MM                        MM     MM       MM
  SINCE SEP 1     MM                        MM     MM       MM
  SINCE JUL 1     MM                        MM     MM       MM
  SNOW DEPTH      MM

DEGREE DAYS
 HEATING
  YESTERDAY       17                        11      6        0
  MONTH TO DATE  178                       132     46       86
  SINCE SEP 1    263                       189     74      119
  SINCE JUL 1    263                       190     73      119

 COOLING
  YESTERDAY        0                         0      0        7
  MONTH TO DATE    0                         4     -4       14
  SINCE SEP 1    202                       122     80      151
  SINCE JAN 1   1729                      1288    441     1627
..................................................................


WIND (MPH)
  HIGHEST WIND SPEED    10   HIGHEST WIND DIRECTION     W (290)
  HIGHEST GUST SPEED    12   HIGHEST GUST DIRECTION    NW (300)
  AVERAGE WIND SPEED     3.1


SKY COVER
  POSSIBLE SUNSHINE  MM
  AVERAGE SKY COVER 0.0


WEATHER CONDITIONS
 THE FOLLOWING WEATHER WAS RECORDED YESTERDAY.
  NO SIGNIFICANT WEATHER WAS OBSERVED.


RELATIVE HUMIDITY (PERCENT)
 HIGHEST    42           700 AM
 LOWEST      9           300 PM
 AVERAGE    26

..........................................................


THE CANYONLANDS AIRPORT UT CLIMATE NORMALS FOR TODAY
                         NORMAL    RECORD    YEAR
 MAXIMUM TEMPERATURE (F)   68        MM        MM
 MINIMUM TEMPERATURE (F)   39        MM        MM


SUNRISE AND SUNSET
OCTOBER 17 2017.......SUNRISE   731 AM MDT   SUNSET   637 PM MDT
OCTOBER 18 2017.......SUNRISE   732 AM MDT   SUNSET   636 PM MDT


-  INDICATES NEGATIVE NUMBERS.
R  INDICATES RECORD WAS SET OR TIED.
MM INDICATES DATA IS MISSING.
T  INDICATES TRACE AMOUNT.




$$
