000
CDUS41 KGYX 060910
CLICON


CLIMATE REPORT
NATIONAL WEATHER SERVICE GRAY ME
410 AM EST TUE DEC 6 2016


...................................

...THE CONCORD NH CLIMATE SUMMARY FOR DECEMBER 5 2016...

CLIMATE NORMAL PERIOD 1981 TO 2010
CLIMATE RECORD PERIOD 1868 TO 2016


WEATHER ITEM   OBSERVED TIME   RECORD YEAR NORMAL DEPARTURE LAST
                VALUE   (LST)  VALUE       VALUE  FROM      YEAR
                                                  NORMAL
..................................................................
TEMPERATURE (F)
 YESTERDAY
  MAXIMUM         32    421 PM  62    2001  40     -8       54
  MINIMUM         21   1156 PM  -7    1989  22     -1       25
  AVERAGE         27                        31     -4       40

PRECIPITATION (IN)
  YESTERDAY        0.21          1.82 1920   0.11   0.10     0.00
  MONTH TO DATE    0.98                      0.55   0.43     0.46
  SINCE DEC 1      0.98                      0.55   0.43     0.46
  SINCE JAN 1     30.73                     37.96  -7.23    33.99

SNOWFALL (IN)
  YESTERDAY        2.0           7.3  1895   0.4    1.6      0.0
  MONTH TO DATE    2.0                       1.8    0.2      0.0
  SINCE DEC 1      2.0                       1.8    0.2      0.0
  SINCE JUL 1      2.7                       4.4   -1.7      0.0
  SNOW DEPTH       1

DEGREE DAYS
 HEATING
  YESTERDAY       38                        34      4       25
  MONTH TO DATE  141                       166    -25      144
  SINCE DEC 1    141                       166    -25      144
  SINCE JUL 1   1393                      1726   -333     1424

 COOLING
  YESTERDAY        0                         0      0        0
  MONTH TO DATE    0                         0      0        0
  SINCE DEC 1      0                         0      0        0
  SINCE JAN 1    715                       452    263      595
..................................................................


WIND (MPH)
  RESULTANT WIND SPEED   0   RESULTANT WIND DIRECTION  NE (60)
  HIGHEST WIND SPEED     6   HIGHEST WIND DIRECTION     N (10)
  HIGHEST GUST SPEED     7   HIGHEST GUST DIRECTION    NW (310)
  AVERAGE WIND SPEED     0.6


SKY COVER
  AVERAGE SKY COVER 0.7


WEATHER CONDITIONS
 THE FOLLOWING WEATHER WAS RECORDED YESTERDAY.
  HEAVY SNOW
  SNOW
  LIGHT SNOW
  FOG
  FOG W/VISIBILITY <= 1/4 MILE
  HAZE


RELATIVE HUMIDITY (PERCENT)
 HIGHEST    92          1100 AM
 LOWEST     78           300 PM
 AVERAGE    85

..........................................................


THE CONCORD NH CLIMATE NORMALS FOR TODAY
                         NORMAL    RECORD    YEAR
 MAXIMUM TEMPERATURE (F)   40        72      2001
 MINIMUM TEMPERATURE (F)   21       -21      1901


SUNRISE AND SUNSET
DECEMBER  6 2016......SUNRISE   704 AM EST   SUNSET   411 PM EST
DECEMBER  7 2016......SUNRISE   705 AM EST   SUNSET   411 PM EST


-  INDICATES NEGATIVE NUMBERS.
R  INDICATES RECORD WAS SET OR TIED.
MM INDICATES DATA IS MISSING.
T  INDICATES TRACE AMOUNT.




$$
