000
CDUS41 KGYX 210803
CLICON


CLIMATE REPORT
NATIONAL WEATHER SERVICE GRAY ME
403 AM EDT MON APR 21 2014


...................................

...THE CONCORD NH CLIMATE SUMMARY FOR APRIL 20 2014...

CLIMATE NORMAL PERIOD 1981 TO 2010
CLIMATE RECORD PERIOD 1868 TO 2014


WEATHER ITEM   OBSERVED TIME   RECORD YEAR NORMAL DEPARTURE LAST
                VALUE   (LST)  VALUE       VALUE  FROM      YEAR
                                                  NORMAL
..................................................................
TEMPERATURE (F)
 YESTERDAY
  MAXIMUM         58    352 PM  92    1941  60     -2       62
  MINIMUM         22    412 AM  16    1974  34    -12       37
                                      1875
  AVERAGE         40                        47     -7       50

PRECIPITATION (IN)
  YESTERDAY        0.00          1.75 1950   0.11  -0.11     0.32
  MONTH TO DATE    1.84                      2.29  -0.45     1.86
  SINCE MAR 1      5.82                      5.56   0.26     3.58
  SINCE JAN 1     13.14                     10.88   2.26     8.67

SNOWFALL (IN)
  YESTERDAY        0.0           5.0  1947   0.1   -0.1      0.0
  MONTH TO DATE    0.2                       2.5   -2.3      0.2
  SINCE MAR 1     10.6                      13.6   -3.0     16.2
  SINCE JUL 1     80.4                      61.1   19.3     83.4
  SNOW DEPTH       0

DEGREE DAYS
 HEATING
  YESTERDAY       25                        18      7       15
  MONTH TO DATE  444                       439      5      411
  SINCE MAR 1   1658                      1426    232     1399
  SINCE JUL 1   7127                      6686    441     6328

 COOLING
  YESTERDAY        0                         0      0        0
  MONTH TO DATE    0                         0      0        0
  SINCE MAR 1      0                         0      0        0
  SINCE JAN 1      0                         0      0        0
..................................................................


WIND (MPH)
  RESULTANT WIND SPEED   4   RESULTANT WIND DIRECTION  SE (140)
  HIGHEST WIND SPEED    15   HIGHEST WIND DIRECTION     S (160)
  HIGHEST GUST SPEED    21   HIGHEST GUST DIRECTION     S (170)
  AVERAGE WIND SPEED     4.2


SKY COVER
  AVERAGE SKY COVER 0.0


WEATHER CONDITIONS
 THE FOLLOWING WEATHER WAS RECORDED YESTERDAY.
  NO SIGNIFICANT WEATHER WAS OBSERVED.


RELATIVE HUMIDITY (PERCENT)
 HIGHEST    92           600 AM
 LOWEST     18           100 PM
 AVERAGE    55

..........................................................


THE CONCORD NH CLIMATE NORMALS FOR TODAY
                         NORMAL    RECORD    YEAR
 MAXIMUM TEMPERATURE (F)   60        84      1977
                                             1957
 MINIMUM TEMPERATURE (F)   35        14      1875


SUNRISE AND SUNSET
APRIL 21 2014.........SUNRISE   554 AM EDT   SUNSET   736 PM EDT
APRIL 22 2014.........SUNRISE   553 AM EDT   SUNSET   737 PM EDT


-  INDICATES NEGATIVE NUMBERS.
R  INDICATES RECORD WAS SET OR TIED.
MM INDICATES DATA IS MISSING.
T  INDICATES TRACE AMOUNT.




$$
