000
CDUS41 KGYX 260809
CLICON


CLIMATE REPORT
NATIONAL WEATHER SERVICE GRAY ME
408 AM EDT THU MAY 26 2016


...................................

...THE CONCORD NH CLIMATE SUMMARY FOR MAY 25 2016...

CLIMATE NORMAL PERIOD 1981 TO 2010
CLIMATE RECORD PERIOD 1868 TO 2016


WEATHER ITEM   OBSERVED TIME   RECORD YEAR NORMAL DEPARTURE LAST
                VALUE   (LST)  VALUE       VALUE  FROM      YEAR
                                                  NORMAL
..................................................................
TEMPERATURE (F)
 YESTERDAY
  MAXIMUM         90    206 PM  93    2007  72     18       80
  MINIMUM         54    115 AM  24    1956  46      8       50
  AVERAGE         72                        59     13       65

PRECIPITATION (IN)
  YESTERDAY        0.00          1.14 1979   0.13  -0.13     0.03
  MONTH TO DATE    2.49                      2.90  -0.41     0.07
  SINCE MAR 1      6.81                      9.58  -2.77     3.81
  SINCE JAN 1     12.56                     14.90  -2.34     9.87

SNOWFALL (IN)
  YESTERDAY        0.0           0.0  2002   0.0    0.0      0.0
                                      2001
                                      2000
  MONTH TO DATE    0.0                       0.2   -0.2      0.0
  SINCE MAR 1      5.0                      14.1   -9.1      7.9
  SINCE JUL 1     29.7                      61.6  -31.9     92.1
  SNOW DEPTH       0

DEGREE DAYS
 HEATING
  YESTERDAY        0                         7     -7        0
  MONTH TO DATE  259                       265     -6      151
  SINCE MAR 1   1667                      1852   -185     1908
  SINCE JUL 1   6016                      7112  -1096     7362

 COOLING
  YESTERDAY        7                         1      6        0
  MONTH TO DATE    7                         8     -1       18
  SINCE MAR 1      7                        10     -3       18
  SINCE JAN 1      7                        10     -3       18
..................................................................


WIND (MPH)
  RESULTANT WIND SPEED   2   RESULTANT WIND DIRECTION   W (260)
  HIGHEST WIND SPEED    16   HIGHEST WIND DIRECTION    NW (300)
  HIGHEST GUST SPEED    21   HIGHEST GUST DIRECTION     W (270)
  AVERAGE WIND SPEED     3.9


SKY COVER
  AVERAGE SKY COVER 0.4


WEATHER CONDITIONS
 THE FOLLOWING WEATHER WAS RECORDED YESTERDAY.
  FOG
  FOG W/VISIBILITY <= 1/4 MILE


RELATIVE HUMIDITY (PERCENT)
 HIGHEST    93           100 AM
 LOWEST     22           200 PM
 AVERAGE    58

..........................................................


THE CONCORD NH CLIMATE NORMALS FOR TODAY
                         NORMAL    RECORD    YEAR
 MAXIMUM TEMPERATURE (F)   72        96      2010
 MINIMUM TEMPERATURE (F)   46        28      1956


SUNRISE AND SUNSET
MAY 26 2016...........SUNRISE   512 AM EDT   SUNSET   814 PM EDT
MAY 27 2016...........SUNRISE   512 AM EDT   SUNSET   815 PM EDT


-  INDICATES NEGATIVE NUMBERS.
R  INDICATES RECORD WAS SET OR TIED.
MM INDICATES DATA IS MISSING.
T  INDICATES TRACE AMOUNT.




$$
