000
CDUS41 KGYX 260920
CLICON


CLIMATE REPORT
NATIONAL WEATHER SERVICE GRAY ME
419 AM EST SUN FEB 26 2017


...................................

...THE CONCORD NH CLIMATE SUMMARY FOR FEBRUARY 25 2017...

CLIMATE NORMAL PERIOD 1981 TO 2010
CLIMATE RECORD PERIOD 1868 TO 2017


WEATHER ITEM   OBSERVED TIME   RECORD YEAR NORMAL DEPARTURE LAST
                VALUE   (LST)  VALUE       VALUE  FROM      YEAR
                                                  NORMAL
..................................................................
TEMPERATURE (F)
 YESTERDAY
  MAXIMUM         68R   336 PM  63    2016  38     30       63
  MINIMUM         41    235 AM -19    1894  16     25       34
  AVERAGE         55                        27     28       49

PRECIPITATION (IN)
  YESTERDAY        0.29          2.11 1981   0.10   0.19     0.49
  MONTH TO DATE    2.71                      2.31   0.40     4.37
  SINCE DEC 1      8.27                      8.21   0.06    10.51
  SINCE JAN 1      4.95                      5.01  -0.06     5.73

SNOWFALL (IN)
  YESTERDAY        0.0          13.9  1981   0.4   -0.4      0.0
  MONTH TO DATE   24.2                      11.1   13.1     12.7
  SINCE DEC 1     56.3                      43.7   12.6     24.7
  SINCE JUL 1     57.0                      46.3   10.7     24.7
  SNOW DEPTH      12

DEGREE DAYS
 HEATING
  YESTERDAY       10                        38    -28       16
  MONTH TO DATE  887                      1025   -138      943
  SINCE DEC 1   3162                      3587   -425     2951
  SINCE JUL 1   4414                      5147   -733     4231

 COOLING
  YESTERDAY        0                         0      0        0
  MONTH TO DATE    0                         0      0        0
  SINCE DEC 1      0                         0      0        0
  SINCE JAN 1      0                         0      0        0
..................................................................


WIND (MPH)
  RESULTANT WIND SPEED   8   RESULTANT WIND DIRECTION   S (160)
  HIGHEST WIND SPEED    22   HIGHEST WIND DIRECTION     W (260)
  HIGHEST GUST SPEED    29   HIGHEST GUST DIRECTION    SE (150)
  AVERAGE WIND SPEED     8.9


SKY COVER
  AVERAGE SKY COVER 0.8


WEATHER CONDITIONS
 THE FOLLOWING WEATHER WAS RECORDED YESTERDAY.
  RAIN
  LIGHT RAIN
  FOG


RELATIVE HUMIDITY (PERCENT)
 HIGHEST   100           700 AM
 LOWEST     55           300 PM
 AVERAGE    78

..........................................................


THE CONCORD NH CLIMATE NORMALS FOR TODAY
                         NORMAL    RECORD    YEAR
 MAXIMUM TEMPERATURE (F)   38        66      1957
 MINIMUM TEMPERATURE (F)   17       -15      1993
                                             1950


SUNRISE AND SUNSET
FEBRUARY 26 2017......SUNRISE   627 AM EST   SUNSET   532 PM EST
FEBRUARY 27 2017......SUNRISE   625 AM EST   SUNSET   533 PM EST


-  INDICATES NEGATIVE NUMBERS.
R  INDICATES RECORD WAS SET OR TIED.
MM INDICATES DATA IS MISSING.
T  INDICATES TRACE AMOUNT.




$$
