000
CDUS41 KGYX 220809
CLICON


CLIMATE REPORT
NATIONAL WEATHER SERVICE GRAY ME
409 AM EDT TUE AUG 22 2017


...................................

...THE CONCORD NH CLIMATE SUMMARY FOR AUGUST 21 2017...

CLIMATE NORMAL PERIOD 1981 TO 2010
CLIMATE RECORD PERIOD 1868 TO 2017


WEATHER ITEM   OBSERVED TIME   RECORD YEAR NORMAL DEPARTURE LAST
                VALUE   (LST)  VALUE       VALUE  FROM      YEAR
                                                  NORMAL
..................................................................
TEMPERATURE (F)
 YESTERDAY
  MAXIMUM         86   1245 PM  95    1937  80      6       88
  MINIMUM         54    528 AM  35    1975  56     -2       66
  AVERAGE         70                        68      2       77

PRECIPITATION (IN)
  YESTERDAY        0.00          1.35 2004   0.10  -0.10     0.14
  MONTH TO DATE    2.61                      2.24   0.37     1.09
  SINCE JUN 1      8.97                      9.67  -0.70     4.68
  SINCE JAN 1     28.04                     25.33   2.71    17.38

SNOWFALL (IN)
  YESTERDAY        0.0           0.0  2002   0.0    0.0      0.0
                                      2001
                                      2000
  MONTH TO DATE    0.0                       0.0    0.0      0.0
  SINCE JUN 1      0.0                       0.0    0.0      0.0
  SINCE JUL 1      0.0                       0.0    0.0      0.0
  SNOW DEPTH       0

DEGREE DAYS
 HEATING
  YESTERDAY        0                         1     -1        0
  MONTH TO DATE    3                        16    -13        0
  SINCE JUN 1     97                       118    -21       53
  SINCE JUL 1     18                        33    -15       11

 COOLING
  YESTERDAY        5                         4      1       12
  MONTH TO DATE  101                       104     -3      192
  SINCE JUN 1    400                       360     40      524
  SINCE JAN 1    432                       378     54      564
..................................................................


WIND (MPH)
  RESULTANT WIND SPEED   1   RESULTANT WIND DIRECTION  SW (220)
  HIGHEST WIND SPEED    13   HIGHEST WIND DIRECTION    SW (230)
  HIGHEST GUST SPEED    17   HIGHEST GUST DIRECTION    SW (240)
  AVERAGE WIND SPEED     2.5


SKY COVER
  AVERAGE SKY COVER 0.0


WEATHER CONDITIONS
 THE FOLLOWING WEATHER WAS RECORDED YESTERDAY.
  NO SIGNIFICANT WEATHER WAS OBSERVED.


RELATIVE HUMIDITY (PERCENT)
 HIGHEST    93          1200 AM
 LOWEST     44           400 PM
 AVERAGE    69

..........................................................


THE CONCORD NH CLIMATE NORMALS FOR TODAY
                         NORMAL    RECORD    YEAR
 MAXIMUM TEMPERATURE (F)   80        93      1955
 MINIMUM TEMPERATURE (F)   55        34      1982


SUNRISE AND SUNSET
AUGUST 22 2017........SUNRISE   559 AM EDT   SUNSET   737 PM EDT
AUGUST 23 2017........SUNRISE   601 AM EDT   SUNSET   736 PM EDT


-  INDICATES NEGATIVE NUMBERS.
R  INDICATES RECORD WAS SET OR TIED.
MM INDICATES DATA IS MISSING.
T  INDICATES TRACE AMOUNT.




$$
