000
CDUS41 KGYX 300804
CLICON


CLIMATE REPORT
NATIONAL WEATHER SERVICE GRAY ME
404 AM EDT TUE JUN 30 2015


...................................

...THE CONCORD NH CLIMATE SUMMARY FOR JUNE 29 2015...

CLIMATE NORMAL PERIOD 1981 TO 2010
CLIMATE RECORD PERIOD 1868 TO 2015


WEATHER ITEM   OBSERVED TIME   RECORD YEAR NORMAL DEPARTURE LAST
                VALUE   (LST)  VALUE       VALUE  FROM      YEAR
                                                  NORMAL
..................................................................
TEMPERATURE (F)
 YESTERDAY
  MAXIMUM         73    510 PM  97    1944  81     -8       85
  MINIMUM         50   1253 AM  37    1970  56     -6       52
  AVERAGE         62                        68     -6       69

PRECIPITATION (IN)
  YESTERDAY        0.01          1.56 1973   0.10  -0.09     0.00
                                      1921
  MONTH TO DATE    5.30                      3.58   1.72     3.83
  SINCE JUN 1      5.30                      3.58   1.72     3.83
  SINCE JAN 1     15.75                     19.24  -3.49    21.57

SNOWFALL (IN)
  YESTERDAY        0.0           0.0  2002   0.0    0.0      0.0
                                      2001
                                      2000
  MONTH TO DATE    0.0                       0.0    0.0      0.0
  SINCE JUN 1      0.0                       0.0    0.0      0.0
  SINCE JUL 1     92.1                      61.4   30.7     80.4
  SNOW DEPTH       0

DEGREE DAYS
 HEATING
  YESTERDAY        3                         1      2        0
  MONTH TO DATE   95                        83     12       56
  SINCE JUN 1     95                        83     12       56
  SINCE JUL 1   7462                      7233    229     7624

 COOLING
  YESTERDAY        0                         4     -4        4
  MONTH TO DATE   62                        78    -16       62
  SINCE JUN 1     62                        78    -16       62
  SINCE JAN 1    128                        96     32       64
..................................................................


WIND (MPH)
  RESULTANT WIND SPEED   1   RESULTANT WIND DIRECTION  SW (240)
  HIGHEST WIND SPEED    10   HIGHEST WIND DIRECTION    SW (220)
  HIGHEST GUST SPEED    14   HIGHEST GUST DIRECTION     W (290)
  AVERAGE WIND SPEED     2.7


SKY COVER
  AVERAGE SKY COVER 1.0


WEATHER CONDITIONS
 THE FOLLOWING WEATHER WAS RECORDED YESTERDAY.
  LIGHT RAIN
  FOG


RELATIVE HUMIDITY (PERCENT)
 HIGHEST   100           300 AM
 LOWEST     61           300 PM
 AVERAGE    81

..........................................................


THE CONCORD NH CLIMATE NORMALS FOR TODAY
                         NORMAL    RECORD    YEAR
 MAXIMUM TEMPERATURE (F)   81        97      1964
 MINIMUM TEMPERATURE (F)   56        38      1988


SUNRISE AND SUNSET
JUNE 30 2015..........SUNRISE   509 AM EDT   SUNSET   830 PM EDT
JULY  1 2015..........SUNRISE   510 AM EDT   SUNSET   830 PM EDT


-  INDICATES NEGATIVE NUMBERS.
R  INDICATES RECORD WAS SET OR TIED.
MM INDICATES DATA IS MISSING.
T  INDICATES TRACE AMOUNT.




$$
