000
CDUS41 KGYX 230803
CLICON


CLIMATE REPORT
NATIONAL WEATHER SERVICE GRAY ME
403 AM EDT TUE SEP 23 2014


...................................

...THE CONCORD NH CLIMATE SUMMARY FOR SEPTEMBER 22 2014...

CLIMATE NORMAL PERIOD 1981 TO 2010
CLIMATE RECORD PERIOD 1868 TO 2014


WEATHER ITEM   OBSERVED TIME   RECORD YEAR NORMAL DEPARTURE LAST
                VALUE   (LST)  VALUE       VALUE  FROM      YEAR
                                                  NORMAL
..................................................................
TEMPERATURE (F)
 YESTERDAY
  MAXIMUM         69   1244 PM  92    1970  70     -1       71
                                      1914
  MINIMUM         40   1151 PM  25    1871  45     -5       48
  AVERAGE         55                        57     -2       60

PRECIPITATION (IN)
  YESTERDAY        T             2.16 1913   0.12  -0.12     0.65
  MONTH TO DATE    0.42                      2.38  -1.96     4.81
  SINCE SEP 1      0.42                      2.38  -1.96     4.81
  SINCE JAN 1     33.30                     28.65   4.65    33.10

SNOWFALL (IN)
  YESTERDAY       MM             0.0  2002   0.0   MM        0.0
                                      2001
                                      2000
  MONTH TO DATE    0.0                       0.0    0.0      0.0
  SINCE SEP 1      0.0                       0.0    0.0      0.0
  SINCE JUL 1      0.0                       0.0    0.0      0.0
  SNOW DEPTH       0

DEGREE DAYS
 HEATING
  YESTERDAY       10                         8      2        5
  MONTH TO DATE  144                       107     37      125
  SINCE SEP 1    144                       107     37      125
  SINCE JUL 1    176                       155     21      155

 COOLING
  YESTERDAY        0                         1     -1        0
  MONTH TO DATE   46                        35     11       46
  SINCE SEP 1     46                        35     11       46
  SINCE JAN 1    377                       448    -71      537
..................................................................


WIND (MPH)
  RESULTANT WIND SPEED  10   RESULTANT WIND DIRECTION   W (290)
  HIGHEST WIND SPEED    25   HIGHEST WIND DIRECTION     W (280)
  HIGHEST GUST SPEED    35   HIGHEST GUST DIRECTION     W (270)
  AVERAGE WIND SPEED    10.3


SKY COVER
  AVERAGE SKY COVER 0.2


WEATHER CONDITIONS
 THE FOLLOWING WEATHER WAS RECORDED YESTERDAY.
  FOG
  FOG W/VISIBILITY <= 1/4 MILE


RELATIVE HUMIDITY (PERCENT)
 HIGHEST   100          1200 AM
 LOWEST     34           300 PM
 AVERAGE    67

..........................................................


THE CONCORD NH CLIMATE NORMALS FOR TODAY
                         NORMAL    RECORD    YEAR
 MAXIMUM TEMPERATURE (F)   70        91      1914
 MINIMUM TEMPERATURE (F)   44        26      1904


SUNRISE AND SUNSET
SEPTEMBER 23 2014.....SUNRISE   634 AM EDT   SUNSET   642 PM EDT
SEPTEMBER 24 2014.....SUNRISE   635 AM EDT   SUNSET   640 PM EDT


-  INDICATES NEGATIVE NUMBERS.
R  INDICATES RECORD WAS SET OR TIED.
MM INDICATES DATA IS MISSING.
T  INDICATES TRACE AMOUNT.




$$
