000
CDUS41 KGYX 020718
CLICON


CLIMATE REPORT
NATIONAL WEATHER SERVICE GRAY ME
318 AM EDT WED SEP 2 2015


...................................

...THE CONCORD NH CLIMATE SUMMARY FOR SEPTEMBER 1 2015...

CLIMATE NORMAL PERIOD 1981 TO 2010
CLIMATE RECORD PERIOD 1868 TO 2015


WEATHER ITEM   OBSERVED TIME   RECORD YEAR NORMAL DEPARTURE LAST
                VALUE   (LST)  VALUE       VALUE  FROM      YEAR
                                                  NORMAL
..................................................................
TEMPERATURE (F)
 YESTERDAY
  MAXIMUM         85    351 PM  95    2010  78      7       88
  MINIMUM         56    541 AM  36    1970  53      3       63
  AVERAGE         71                        65      6       76

PRECIPITATION (IN)
  YESTERDAY        0.00          1.68 2013   0.10  -0.10     0.00
  MONTH TO DATE    0.00                      0.10  -0.10     0.00
  SINCE SEP 1      0.00                      0.10  -0.10     0.00
  SINCE JAN 1     23.34                     26.37  -3.03    32.88

SNOWFALL (IN)
  YESTERDAY        0.0           0.0  2002   0.0    0.0      0.0
                                      2001
                                      2000
  MONTH TO DATE    0.0                       0.0    0.0      0.0
  SINCE SEP 1      0.0                       0.0    0.0      0.0
  SINCE JUL 1      0.0                       0.0    0.0      0.0
  SNOW DEPTH       0

DEGREE DAYS
 HEATING
  YESTERDAY        0                         2     -2        0
  MONTH TO DATE    0                         2     -2        0
  SINCE SEP 1      0                         2     -2        0
  SINCE JUL 1      8                        50    -42       32

 COOLING
  YESTERDAY        6                         3      3       11
  MONTH TO DATE    6                         3      3       11
  SINCE SEP 1      6                         3      3       11
  SINCE JAN 1    506                       416     90      342
..................................................................


WIND (MPH)
  RESULTANT WIND SPEED   0   RESULTANT WIND DIRECTION   S (160)
  HIGHEST WIND SPEED     9   HIGHEST WIND DIRECTION    NW (310)
  HIGHEST GUST SPEED    14   HIGHEST GUST DIRECTION     W (290)
  AVERAGE WIND SPEED     2.3


SKY COVER
  AVERAGE SKY COVER 0.0


WEATHER CONDITIONS
 THE FOLLOWING WEATHER WAS RECORDED YESTERDAY.
  FOG
  HAZE


RELATIVE HUMIDITY (PERCENT)
 HIGHEST    93           400 AM
 LOWEST     34           100 PM
 AVERAGE    64

..........................................................


THE CONCORD NH CLIMATE NORMALS FOR TODAY
                         NORMAL    RECORD    YEAR
 MAXIMUM TEMPERATURE (F)   78        98      1953
 MINIMUM TEMPERATURE (F)   53        34      1970


SUNRISE AND SUNSET
SEPTEMBER  2 2015.....SUNRISE   611 AM EDT   SUNSET   720 PM EDT
SEPTEMBER  3 2015.....SUNRISE   612 AM EDT   SUNSET   718 PM EDT


-  INDICATES NEGATIVE NUMBERS.
R  INDICATES RECORD WAS SET OR TIED.
MM INDICATES DATA IS MISSING.
T  INDICATES TRACE AMOUNT.




$$
