000
CDUS41 KGYX 202145
CLICON


CLIMATE REPORT
NATIONAL WEATHER SERVICE GRAY ME
445 PM EST SAT JAN 20 2018


...................................

...THE CONCORD NH CLIMATE SUMMARY FOR JANUARY 20 2018...
VALID TODAY AS OF 0400 PM LOCAL TIME.

CLIMATE NORMAL PERIOD 1981 TO 2010
CLIMATE RECORD PERIOD 1868 TO 2018


WEATHER ITEM   OBSERVED TIME   RECORD YEAR NORMAL DEPARTURE LAST
                VALUE   (LST)  VALUE       VALUE  FROM      YEAR
                                                  NORMAL
..................................................................
TEMPERATURE (F)
 TODAY
  MAXIMUM         47    242 PM  57    2006  30     17       37
  MINIMUM         26    832 AM -28    1994  10     16       20
  AVERAGE         37                        20     17       29

PRECIPITATION (IN)
  TODAY            0.00          1.30 1898   0.09  -0.09     0.00
  MONTH TO DATE    2.25                      1.73   0.52     1.64
  SINCE DEC 1      5.32                      4.93   0.39     4.96
  SINCE JAN 1      2.25                      1.73   0.52     1.64

SNOWFALL (IN)
  TODAY            8.0          11.3  1978   0.6    7.4      0.0
  MONTH TO DATE   24.3                      11.7   12.6      7.5
  SINCE DEC 1     44.4                      26.2   18.2     30.7
  SINCE JUL 1     45.0                      28.8   16.2     31.4
  SNOW DEPTH       0

DEGREE DAYS
 HEATING
  TODAY           28                        45    -17       36
  MONTH TO DATE  917                       890     27      768
  SINCE DEC 1   2238                      2076    162     1919
  SINCE JUL 1   3439                      3636   -197     3171

 COOLING
  TODAY            0                         0      0        0
  MONTH TO DATE    0                         0      0        0
  SINCE DEC 1      0                         0      0        0
  SINCE JAN 1      0                         0      0        0
..................................................................


WIND (MPH)
  HIGHEST WIND SPEED    17   HIGHEST WIND DIRECTION     W (290)
  HIGHEST GUST SPEED    24   HIGHEST GUST DIRECTION     W (290)
  AVERAGE WIND SPEED     6.9


SKY COVER
  POSSIBLE SUNSHINE  MM
  AVERAGE SKY COVER 0.1


WEATHER CONDITIONS
 THE FOLLOWING WEATHER WAS RECORDED TODAY.
  NO SIGNIFICANT WEATHER WAS OBSERVED.


RELATIVE HUMIDITY (PERCENT)
 HIGHEST    81          1200 AM
 LOWEST     45           100 PM
 AVERAGE    63

..........................................................


THE CONCORD NH CLIMATE NORMALS FOR TOMORROW
                         NORMAL    RECORD    YEAR
 MAXIMUM TEMPERATURE (F)   31        62      1906
 MINIMUM TEMPERATURE (F)   10       -25      1994


SUNRISE AND SUNSET
JANUARY 20 2018.......SUNRISE   712 AM EST   SUNSET   442 PM EST
JANUARY 21 2018.......SUNRISE   711 AM EST   SUNSET   444 PM EST


-  INDICATES NEGATIVE NUMBERS.
R  INDICATES RECORD WAS SET OR TIED.
MM INDICATES DATA IS MISSING.
T  INDICATES TRACE AMOUNT.




$$
