000
CDUS41 KGYX 262044
CLICON


CLIMATE REPORT
NATIONAL WEATHER SERVICE GRAY ME
444 PM EDT MON JUN 26 2017


...................................

...THE CONCORD NH CLIMATE SUMMARY FOR JUNE 26 2017...
VALID TODAY AS OF 0400 PM LOCAL TIME.

CLIMATE NORMAL PERIOD 1981 TO 2010
CLIMATE RECORD PERIOD 1868 TO 2017


WEATHER ITEM   OBSERVED TIME   RECORD YEAR NORMAL DEPARTURE LAST
                VALUE   (LST)  VALUE       VALUE  FROM      YEAR
                                                  NORMAL
..................................................................
TEMPERATURE (F)
 TODAY
  MAXIMUM         77    131 PM  97    1980  80     -3       90
                                      1952
  MINIMUM         59    444 AM  32    1979  55      4       50
  AVERAGE         68                        68      0       70

PRECIPITATION (IN)
  TODAY            0.00          1.56 1945   0.12  -0.12     0.00
  MONTH TO DATE    3.63                      3.26   0.37     1.11
  SINCE JUN 1      3.63                      3.26   0.37     1.11
  SINCE JAN 1     22.70                     18.92   3.78    13.81

SNOWFALL (IN)
  TODAY            0.0           0.0  2002   0.0    0.0      0.0
                                      2001
                                      2000
  MONTH TO DATE    0.0                       0.0    0.0      0.0
  SINCE JUN 1      0.0                       0.0    0.0      0.0
  SINCE JUL 1     86.3                      61.4   24.9     29.7
  SNOW DEPTH       0

DEGREE DAYS
 HEATING
  TODAY            0                         1     -1        0
  MONTH TO DATE   67                        80    -13       42
  SINCE JUN 1     67                        80    -13       42
  SINCE JUL 1   6464                      7230   -766     6061

 COOLING
  TODAY            3                         4     -1        5
  MONTH TO DATE  113                        66     47       47
  SINCE JUN 1    113                        66     47       47
  SINCE JAN 1    145                        84     61       87
..................................................................


WIND (MPH)
  HIGHEST WIND SPEED    17   HIGHEST WIND DIRECTION     W (280)
  HIGHEST GUST SPEED    24   HIGHEST GUST DIRECTION     W (290)
  AVERAGE WIND SPEED     8.1


SKY COVER
  POSSIBLE SUNSHINE  MM
  AVERAGE SKY COVER 0.4


WEATHER CONDITIONS
 THE FOLLOWING WEATHER WAS RECORDED TODAY.
  NO SIGNIFICANT WEATHER WAS OBSERVED.


RELATIVE HUMIDITY (PERCENT)
 HIGHEST    64           400 AM
 LOWEST     36           100 PM
 AVERAGE    50

..........................................................


THE CONCORD NH CLIMATE NORMALS FOR TOMORROW
                         NORMAL    RECORD    YEAR
 MAXIMUM TEMPERATURE (F)   80        97      1966
 MINIMUM TEMPERATURE (F)   56        34      1897


SUNRISE AND SUNSET
JUNE 26 2017..........SUNRISE   508 AM EDT   SUNSET   830 PM EDT
JUNE 27 2017..........SUNRISE   508 AM EDT   SUNSET   830 PM EDT


-  INDICATES NEGATIVE NUMBERS.
R  INDICATES RECORD WAS SET OR TIED.
MM INDICATES DATA IS MISSING.
T  INDICATES TRACE AMOUNT.




$$
