000
CDUS41 KGYX 252044
CLICON


CLIMATE REPORT
NATIONAL WEATHER SERVICE GRAY ME
444 PM EDT MON MAY 25 2015


...................................

...THE CONCORD NH CLIMATE SUMMARY FOR MAY 25 2015...
VALID TODAY AS OF 0400 PM LOCAL TIME.

CLIMATE NORMAL PERIOD 1981 TO 2010
CLIMATE RECORD PERIOD 1868 TO 2015


WEATHER ITEM   OBSERVED TIME   RECORD YEAR NORMAL DEPARTURE LAST
                VALUE   (LST)  VALUE       VALUE  FROM      YEAR
                                                  NORMAL
..................................................................
TEMPERATURE (F)
 TODAY
  MAXIMUM         80    204 PM  93    2007  72      8       73
  MINIMUM         50    415 AM  24    1956  46      4       48
  AVERAGE         65                        59      6       61

PRECIPITATION (IN)
  TODAY            0.00          1.14 1979   0.13  -0.13     0.05
  MONTH TO DATE    0.04                      2.90  -2.86     3.28
  SINCE MAR 1      3.78                      9.58  -5.80    10.13
  SINCE JAN 1      9.84                     14.90  -5.06    17.45

SNOWFALL (IN)
  TODAY            0.0           0.0  2002   0.0    0.0      0.0
                                      2001
                                      2000
  MONTH TO DATE    0.0                       0.2   -0.2      0.0
  SINCE MAR 1      7.9                      14.1   -6.2     10.6
  SINCE JUL 1     92.1                      61.6   30.5     80.4
  SNOW DEPTH       0

DEGREE DAYS
 HEATING
  TODAY            0                         7     -7        4
  MONTH TO DATE  151                       265   -114      214
  SINCE MAR 1   1908                      1852     56     2047
  SINCE JUL 1   7362                      7112    250     7516

 COOLING
  TODAY            0                         1     -1        0
  MONTH TO DATE   18                         8     10        2
  SINCE MAR 1     18                        10      8        2
  SINCE JAN 1     18                        10      8        2
..................................................................


WIND (MPH)
  HIGHEST WIND SPEED    14   HIGHEST WIND DIRECTION     S (160)
  HIGHEST GUST SPEED    18   HIGHEST GUST DIRECTION     S (180)
  AVERAGE WIND SPEED     3.5


SKY COVER
  POSSIBLE SUNSHINE  MM
  AVERAGE SKY COVER 0.2


WEATHER CONDITIONS
 THE FOLLOWING WEATHER WAS RECORDED TODAY.
  NO SIGNIFICANT WEATHER WAS OBSERVED.


RELATIVE HUMIDITY (PERCENT)
 HIGHEST    83           500 AM
 LOWEST     36          1100 AM
 AVERAGE    60

..........................................................


THE CONCORD NH CLIMATE NORMALS FOR TOMORROW
                         NORMAL    RECORD    YEAR
 MAXIMUM TEMPERATURE (F)   72        96      2010
 MINIMUM TEMPERATURE (F)   46        28      1956


SUNRISE AND SUNSET
MAY 25 2015...........SUNRISE   514 AM EDT   SUNSET   813 PM EDT
MAY 26 2015...........SUNRISE   513 AM EDT   SUNSET   814 PM EDT


-  INDICATES NEGATIVE NUMBERS.
R  INDICATES RECORD WAS SET OR TIED.
MM INDICATES DATA IS MISSING.
T  INDICATES TRACE AMOUNT.




$$
