000
CDUS45 KPUB 170027
CLICOS


CLIMATE REPORT
NATIONAL WEATHER SERVICE PUEBLO
527 PM MST TUE JAN 16 2018


...................................

...THE COLORADO SPRINGS CO CLIMATE SUMMARY FOR JANUARY 16 2018...
VALID TODAY AS OF 0500 PM LOCAL TIME.

CLIMATE NORMAL PERIOD 1981 TO 2010
CLIMATE RECORD PERIOD 1872 TO 2018


WEATHER ITEM   OBSERVED TIME   RECORD YEAR NORMAL DEPARTURE LAST
                VALUE   (LST)  VALUE       VALUE  FROM      YEAR
                                                  NORMAL
..................................................................
TEMPERATURE (F)
 TODAY
  MAXIMUM         33    251 PM  72    1974  43    -10       34
  MINIMUM         -1    546 AM  -8    1917  18    -19       28
  AVERAGE         16                        31    -15       31

PRECIPITATION (IN)
  TODAY            T             0.35 2001   0.01  -0.01     0.01
  MONTH TO DATE    0.08                      0.15  -0.07     0.24
  SINCE DEC 1      0.09                      0.49  -0.40     0.92
  SINCE JAN 1      0.08                      0.15  -0.07     0.24

SNOWFALL (IN)
  TODAY            T             6.7  2001   0.1   -0.1      0.8
  MONTH TO DATE    T                         2.8   -2.8      4.7
  SINCE DEC 1      0.9                       8.5   -7.6     11.1
  SINCE JUL 1      2.5                      16.3  -13.8     11.1
  SNOW DEPTH       0

DEGREE DAYS
 HEATING
  TODAY           49                        34     15       34
  MONTH TO DATE  501                       554    -53      590
  SINCE DEC 1   1471                      1645   -174     1690
  SINCE JUL 1   2639                      3126   -487     2593

 COOLING
  TODAY            0                         0      0        0
  MONTH TO DATE    0                         0      0        0
  SINCE DEC 1      0                         0      0        0
  SINCE JAN 1      0                         0      0        0
..................................................................


WIND (MPH)
  HIGHEST WIND SPEED    14   HIGHEST WIND DIRECTION     S (170)
  HIGHEST GUST SPEED    17   HIGHEST GUST DIRECTION     S (160)
  AVERAGE WIND SPEED     4.4


SKY COVER
  POSSIBLE SUNSHINE  MM
  AVERAGE SKY COVER 0.3


WEATHER CONDITIONS
 THE FOLLOWING WEATHER WAS RECORDED TODAY.
  LIGHT SNOW
  FOG
  HAZE


RELATIVE HUMIDITY (PERCENT)
 HIGHEST    83           500 AM
 LOWEST     31           100 PM
 AVERAGE    57

..........................................................


THE COLORADO SPRINGS CO CLIMATE NORMALS FOR TOMORROW
                         NORMAL    RECORD    YEAR
 MAXIMUM TEMPERATURE (F)   43        64      1974
 MINIMUM TEMPERATURE (F)   18       -22      1930


SUNRISE AND SUNSET
JANUARY 16 2018.......SUNRISE   715 AM MST   SUNSET   502 PM MST
JANUARY 17 2018.......SUNRISE   715 AM MST   SUNSET   503 PM MST


-  INDICATES NEGATIVE NUMBERS.
R  INDICATES RECORD WAS SET OR TIED.
MM INDICATES DATA IS MISSING.
T  INDICATES TRACE AMOUNT.




$$
