000
CDUS45 KPUB 281040
CLICOS


CLIMATE REPORT
NATIONAL WEATHER SERVICE PUEBLO
440 AM MDT TUE MAR 28 2017


...................................

...THE COLORADO SPRINGS CO CLIMATE SUMMARY FOR MARCH 27 2017...

CLIMATE NORMAL PERIOD 1981 TO 2010
CLIMATE RECORD PERIOD 1872 TO 2017


WEATHER ITEM   OBSERVED TIME   RECORD YEAR NORMAL DEPARTURE LAST
                VALUE   (LST)  VALUE       VALUE  FROM      YEAR
                                                  NORMAL
..................................................................
TEMPERATURE (F)
 YESTERDAY
  MAXIMUM         58    346 PM  76    1988  55      3       49
  MINIMUM         32    612 AM  -1    1931  29      3       16
  AVERAGE         45                        42      3       33

PRECIPITATION (IN)
  YESTERDAY        0.01          1.47 1906   0.04  -0.03     0.00
  MONTH TO DATE    0.24                      0.86  -0.62     0.73
  SINCE MAR 1      0.24                      0.86  -0.62     0.73
  SINCE JAN 1      0.63                      1.52  -0.89     2.27

SNOWFALL (IN)
  YESTERDAY        0.0          10.0  1906   0.3   -0.3      0.0
  MONTH TO DATE    1.7                       7.1   -5.4     10.4
  SINCE MAR 1      1.7                       7.1   -5.4     10.4
  SINCE JUL 1     15.1                      31.1  -16.0     37.5
  SNOW DEPTH       0

DEGREE DAYS
 HEATING
  YESTERDAY       20                        23     -3       32
  MONTH TO DATE  472                       714   -242      623
  SINCE MAR 1    472                       714   -242      623
  SINCE JUL 1   4225                      5277  -1052     4526

 COOLING
  YESTERDAY        0                         0      0        0
  MONTH TO DATE    0                         0      0        0
  SINCE MAR 1      0                         0      0        0
  SINCE JAN 1      0                         0      0        0
..................................................................


WIND (MPH)
  HIGHEST WIND SPEED    24   HIGHEST WIND DIRECTION    SE (140)
  HIGHEST GUST SPEED    32   HIGHEST GUST DIRECTION     S (160)
  AVERAGE WIND SPEED    10.0


SKY COVER
  POSSIBLE SUNSHINE  MM
  AVERAGE SKY COVER 0.6


WEATHER CONDITIONS
 THE FOLLOWING WEATHER WAS RECORDED YESTERDAY.
  LIGHT RAIN
  FOG


RELATIVE HUMIDITY (PERCENT)
 HIGHEST    96           300 AM
 LOWEST     35           100 PM
 AVERAGE    66

..........................................................


THE COLORADO SPRINGS CO CLIMATE NORMALS FOR TODAY
                         NORMAL    RECORD    YEAR
 MAXIMUM TEMPERATURE (F)   55        80      1963
 MINIMUM TEMPERATURE (F)   29        -3      1899


SUNRISE AND SUNSET
MARCH 28 2017.........SUNRISE   649 AM MDT   SUNSET   719 PM MDT
MARCH 29 2017.........SUNRISE   648 AM MDT   SUNSET   720 PM MDT


-  INDICATES NEGATIVE NUMBERS.
R  INDICATES RECORD WAS SET OR TIED.
MM INDICATES DATA IS MISSING.
T  INDICATES TRACE AMOUNT.




$$
