000
CDUS45 KPUB 301051
CLICOS


CLIMATE REPORT
NATIONAL WEATHER SERVICE PUEBLO
451 AM MDT TUE MAY 30 2017


...................................

...THE COLORADO SPRINGS CO CLIMATE SUMMARY FOR MAY 29 2017...

CLIMATE NORMAL PERIOD 1981 TO 2010
CLIMATE RECORD PERIOD 1872 TO 2017


WEATHER ITEM   OBSERVED TIME   RECORD YEAR NORMAL DEPARTURE LAST
                VALUE   (LST)  VALUE       VALUE  FROM      YEAR
                                                  NORMAL
..................................................................
TEMPERATURE (F)
 YESTERDAY
  MAXIMUM         67    317 PM  93    2000  73     -6       76
  MINIMUM         47    448 AM  31    1947  47      0       44
  AVERAGE         57                        60     -3       60

PRECIPITATION (IN)
  YESTERDAY        0.02          1.34 1990   0.08  -0.06     0.21
  MONTH TO DATE    3.15                      1.86   1.29     2.10
  SINCE MAR 1      5.73                      4.28   1.45     5.11
  SINCE JAN 1      6.12                      4.94   1.18     6.65

SNOWFALL (IN)
  YESTERDAY        0.0           0.2  1975   0.0    0.0      0.0
  MONTH TO DATE    0.1                       0.7   -0.6       T
  SINCE MAR 1     11.8                      13.7   -1.9     23.6
  SINCE JUL 1     25.2                      37.7  -12.5     50.7
  SNOW DEPTH       0

DEGREE DAYS
 HEATING
  YESTERDAY        8                         6      2        5
  MONTH TO DATE  275                       279     -4      309
  SINCE MAR 1   1316                      1638   -322     1562
  SINCE JUL 1   5069                      6201  -1132     5465

 COOLING
  YESTERDAY        0                         1     -1        0
  MONTH TO DATE    2                         5     -3        2
  SINCE MAR 1      2                         6     -4        2
  SINCE JAN 1      2                         6     -4        2
..................................................................


WIND (MPH)
  HIGHEST WIND SPEED    22   HIGHEST WIND DIRECTION    NE (60)
  HIGHEST GUST SPEED    28   HIGHEST GUST DIRECTION     E (70)
  AVERAGE WIND SPEED     8.4


SKY COVER
  POSSIBLE SUNSHINE  MM
  AVERAGE SKY COVER 0.3


WEATHER CONDITIONS
 THE FOLLOWING WEATHER WAS RECORDED YESTERDAY.
  THUNDERSTORM
  LIGHT RAIN


RELATIVE HUMIDITY (PERCENT)
 HIGHEST    66          1200 AM
 LOWEST     39          1000 AM
 AVERAGE    53

..........................................................


THE COLORADO SPRINGS CO CLIMATE NORMALS FOR TODAY
                         NORMAL    RECORD    YEAR
 MAXIMUM TEMPERATURE (F)   73        94      2000
 MINIMUM TEMPERATURE (F)   47        33      1924


SUNRISE AND SUNSET
MAY 30 2017...........SUNRISE   536 AM MDT   SUNSET   817 PM MDT
MAY 31 2017...........SUNRISE   536 AM MDT   SUNSET   818 PM MDT


-  INDICATES NEGATIVE NUMBERS.
R  INDICATES RECORD WAS SET OR TIED.
MM INDICATES DATA IS MISSING.
T  INDICATES TRACE AMOUNT.




$$
