000
CDUS45 KPUB 181156
CLICOS


CLIMATE REPORT
NATIONAL WEATHER SERVICE PUEBLO
456 AM MST SAT NOV 18 2017


...................................

...THE COLORADO SPRINGS CO CLIMATE SUMMARY FOR NOVEMBER 17 2017...

CLIMATE NORMAL PERIOD 1981 TO 2010
CLIMATE RECORD PERIOD 1872 TO 2017


WEATHER ITEM   OBSERVED TIME   RECORD YEAR NORMAL DEPARTURE LAST
                VALUE   (LST)  VALUE       VALUE  FROM      YEAR
                                                  NORMAL
..................................................................
TEMPERATURE (F)
 YESTERDAY
  MAXIMUM         67    242 PM  78    1981  50     17       60
  MINIMUM         35   1159 PM   3    1903  25     10       27
  AVERAGE         51                        37     14       44

PRECIPITATION (IN)
  YESTERDAY        0.03          0.32 1991   0.01   0.02     0.01
  MONTH TO DATE    0.15                      0.24  -0.09     0.01
  SINCE SEP 1      3.15                      2.25   0.90     0.17
  SINCE JAN 1     18.43                     16.04   2.39    13.61

SNOWFALL (IN)
  YESTERDAY        T             8.6  1991   0.2   -0.2       T
  MONTH TO DATE    0.7                       2.4   -1.7       T
  SINCE SEP 1      1.6                       5.5   -3.9       T
  SINCE JUL 1      1.6                       5.5   -3.9       T
  SNOW DEPTH       0

DEGREE DAYS
 HEATING
  YESTERDAY       14                        28    -14       21
  MONTH TO DATE  340                       410    -70      248
  SINCE SEP 1    922                      1053   -131      531
  SINCE JUL 1    931                      1084   -153      552

 COOLING
  YESTERDAY        0                         0      0        0
  MONTH TO DATE    0                         0      0        0
  SINCE SEP 1     91                        37     54       84
  SINCE JAN 1    639                       455    184      710
..................................................................


WIND (MPH)
  HIGHEST WIND SPEED    35   HIGHEST WIND DIRECTION    SW (240)
  HIGHEST GUST SPEED    42   HIGHEST GUST DIRECTION    NE (30)
  AVERAGE WIND SPEED    19.8


SKY COVER
  POSSIBLE SUNSHINE  MM
  AVERAGE SKY COVER 0.5


WEATHER CONDITIONS
 THE FOLLOWING WEATHER WAS RECORDED YESTERDAY.
  RAIN
  LIGHT RAIN
  LIGHT SNOW
  FOG


RELATIVE HUMIDITY (PERCENT)
 HIGHEST    70           800 PM
 LOWEST     23           400 PM
 AVERAGE    47

..........................................................


THE COLORADO SPRINGS CO CLIMATE NORMALS FOR TODAY
                         NORMAL    RECORD    YEAR
 MAXIMUM TEMPERATURE (F)   50        76      2008
 MINIMUM TEMPERATURE (F)   24        -5      1903


SUNRISE AND SUNSET
NOVEMBER 18 2017......SUNRISE   645 AM MST   SUNSET   443 PM MST
NOVEMBER 19 2017......SUNRISE   646 AM MST   SUNSET   442 PM MST


-  INDICATES NEGATIVE NUMBERS.
R  INDICATES RECORD WAS SET OR TIED.
MM INDICATES DATA IS MISSING.
T  INDICATES TRACE AMOUNT.




$$
