000
CDUS45 KPUB 311031
CLICOS


CLIMATE REPORT
NATIONAL WEATHER SERVICE PUEBLO
431 AM MDT FRI JUL 31 2015


...................................

...THE COLORADO SPRINGS CO CLIMATE SUMMARY FOR JULY 30 2015...

CLIMATE NORMAL PERIOD 1981 TO 2010
CLIMATE RECORD PERIOD 1872 TO 2015


WEATHER ITEM   OBSERVED TIME   RECORD YEAR NORMAL DEPARTURE LAST
                VALUE   (LST)  VALUE       VALUE  FROM      YEAR
                                                  NORMAL
..................................................................
TEMPERATURE (F)
 YESTERDAY
  MAXIMUM         85    108 PM  96    2006  84      1       62
  MINIMUM         56    459 AM  48    2009  57     -1       56
  AVERAGE         71                        71      0       59

PRECIPITATION (IN)
  YESTERDAY        0.00          2.34 1930   0.11  -0.11     0.80
  MONTH TO DATE    3.14                      2.73   0.41     4.52
  SINCE JUN 1      8.86                      5.23   3.63     5.81
  SINCE JAN 1     21.09                     10.34  10.75    10.60

SNOWFALL (IN)
  YESTERDAY        0.0           0.0  2002   0.0    0.0      0.0
                                      2001
  MONTH TO DATE    T                         0.0    0.0       T
  SINCE JUN 1      T                         0.0    0.0       T
  SINCE JUL 1      T                         0.0    0.0       T
  SNOW DEPTH       0

DEGREE DAYS
 HEATING
  YESTERDAY        0                         0      0        6
  MONTH TO DATE   10                         3      7       20
  SINCE JUN 1     20                        82    -62       59
  SINCE JUL 1     10                         3      7       20

 COOLING
  YESTERDAY        6                         6      0        0
  MONTH TO DATE  177                       183     -6      194
  SINCE JUN 1    299                       266     33      298
  SINCE JAN 1    299                       276     23      311
..................................................................


WIND (MPH)
  HIGHEST WIND SPEED    21   HIGHEST WIND DIRECTION     E (70)
  HIGHEST GUST SPEED    25   HIGHEST GUST DIRECTION    NE (50)
  AVERAGE WIND SPEED     6.2


SKY COVER
  POSSIBLE SUNSHINE  MM
  AVERAGE SKY COVER 0.6


WEATHER CONDITIONS
 THE FOLLOWING WEATHER WAS RECORDED YESTERDAY.
  NO SIGNIFICANT WEATHER WAS OBSERVED.


RELATIVE HUMIDITY (PERCENT)
 HIGHEST    86           500 AM
 LOWEST     33           100 PM
 AVERAGE    60

..........................................................


THE COLORADO SPRINGS CO CLIMATE NORMALS FOR TODAY
                         NORMAL    RECORD    YEAR
 MAXIMUM TEMPERATURE (F)   84        96      2002
 MINIMUM TEMPERATURE (F)   57        45      1913


SUNRISE AND SUNSET
JULY 31 2015..........SUNRISE   559 AM MDT   SUNSET   811 PM MDT
AUGUST  1 2015........SUNRISE   600 AM MDT   SUNSET   810 PM MDT


-  INDICATES NEGATIVE NUMBERS.
R  INDICATES RECORD WAS SET OR TIED.
MM INDICATES DATA IS MISSING.
T  INDICATES TRACE AMOUNT.




$$
