000
CDUS45 KPUB 171042
CLICOS


CLIMATE REPORT
NATIONAL WEATHER SERVICE PUEBLO
442 AM MDT WED SEP 17 2014


...................................

...THE COLORADO SPRINGS CO CLIMATE SUMMARY FOR SEPTEMBER 16 2014...

CLIMATE NORMAL PERIOD 1981 TO 2010
CLIMATE RECORD PERIOD 1872 TO 2014


WEATHER ITEM   OBSERVED TIME   RECORD YEAR NORMAL DEPARTURE LAST
                VALUE   (LST)  VALUE       VALUE  FROM      YEAR
                                                  NORMAL
..................................................................
TEMPERATURE (F)
 YESTERDAY
  MAXIMUM         88    158 PM  91    2000  75     13       61
                                      1914
  MINIMUM         50    638 AM  29    1965  47      3       52
  AVERAGE         69                        61      8       57

PRECIPITATION (IN)
  YESTERDAY        0.00          0.35 1897   0.04  -0.04     0.19
  MONTH TO DATE    0.10                      0.78  -0.68     4.00
  SINCE SEP 1      0.10                      0.78  -0.68     4.00
  SINCE JAN 1     13.15                     14.57  -1.42    17.66

SNOWFALL (IN)
  YESTERDAY        0.0           0.1  1971   0.0    0.0      0.0
  MONTH TO DATE    T                         0.0    0.0      0.0
  SINCE SEP 1      T                         0.0    0.0      0.0
  SINCE JUL 1      T                         0.0    0.0       T
  SNOW DEPTH       0

DEGREE DAYS
 HEATING
  YESTERDAY        0                         5     -5        8
  MONTH TO DATE   71                        52     19       15
  SINCE SEP 1     71                        52     19       15
  SINCE JUL 1    101                        83     18       25

 COOLING
  YESTERDAY        4                         1      3        0
  MONTH TO DATE   28                        29     -1       81
  SINCE SEP 1     28                        29     -1       81
  SINCE JAN 1    455                       447      8      683
..................................................................


WIND (MPH)
  HIGHEST WIND SPEED    15   HIGHEST WIND DIRECTION     E (90)
  HIGHEST GUST SPEED    19   HIGHEST GUST DIRECTION     E (80)
  AVERAGE WIND SPEED     5.8


SKY COVER
  POSSIBLE SUNSHINE  MM
  AVERAGE SKY COVER 0.5


WEATHER CONDITIONS
 THE FOLLOWING WEATHER WAS RECORDED YESTERDAY.
  FOG
  HAZE


RELATIVE HUMIDITY (PERCENT)
 HIGHEST    93          1200 AM
 LOWEST     13           200 PM
 AVERAGE    53

..........................................................


THE COLORADO SPRINGS CO CLIMATE NORMALS FOR TODAY
                         NORMAL    RECORD    YEAR
 MAXIMUM TEMPERATURE (F)   74        95      1936
 MINIMUM TEMPERATURE (F)   47        26      1903


SUNRISE AND SUNSET
SEPTEMBER 17 2014.....SUNRISE   642 AM MDT   SUNSET   704 PM MDT
SEPTEMBER 18 2014.....SUNRISE   643 AM MDT   SUNSET   702 PM MDT


-  INDICATES NEGATIVE NUMBERS.
R  INDICATES RECORD WAS SET OR TIED.
MM INDICATES DATA IS MISSING.
T  INDICATES TRACE AMOUNT.




$$
