132
CDUS45 KPUB 290023
CLICOS


CLIMATE REPORT
NATIONAL WEATHER SERVICE PUEBLO
623 PM MDT SAT MAY 28 2016


...................................

...THE COLORADO SPRINGS CO CLIMATE SUMMARY FOR MAY 28 2016...
VALID TODAY AS OF 0500 PM LOCAL TIME.

CLIMATE NORMAL PERIOD 1981 TO 2010
CLIMATE RECORD PERIOD 1872 TO 2016


WEATHER ITEM   OBSERVED TIME   RECORD YEAR NORMAL DEPARTURE LAST
                VALUE   (LST)  VALUE       VALUE  FROM      YEAR
                                                  NORMAL
..................................................................
TEMPERATURE (F)
 TODAY
  MAXIMUM         68    114 PM  91    1974  73     -5       75
  MINIMUM         41    452 AM  31    1947  46     -5       47
  AVERAGE         55                        59     -4       61

PRECIPITATION (IN)
  TODAY            0.00          1.07 1946   0.07  -0.07     0.23
  MONTH TO DATE    1.89                      1.78   0.11     7.89
  SINCE MAR 1      4.90                      4.20   0.70     9.67
  SINCE JAN 1      6.44                      4.86   1.58    11.99

SNOWFALL (IN)
  TODAY            0.0           T    2001   0.0    0.0      0.0
  MONTH TO DATE    T                         0.7   -0.7       T
  SINCE MAR 1     23.6                      13.7    9.9      5.6
  SINCE JUL 1     50.7                      37.7   13.0     46.5
  SNOW DEPTH       0

DEGREE DAYS
 HEATING
  TODAY           10                         6      4        4
  MONTH TO DATE  301                       273     28      368
  SINCE MAR 1   1554                      1632    -78     1526
  SINCE JUL 1   5457                      6195   -738     5747

 COOLING
  TODAY            0                         1     -1        0
  MONTH TO DATE    2                         4     -2        0
  SINCE MAR 1      2                         5     -3        0
  SINCE JAN 1      2                         5     -3        0
..................................................................


WIND (MPH)
  HIGHEST WIND SPEED    23   HIGHEST WIND DIRECTION     S (180)
  HIGHEST GUST SPEED    27   HIGHEST GUST DIRECTION    SW (210)
  AVERAGE WIND SPEED     6.9


SKY COVER
  POSSIBLE SUNSHINE  MM
  AVERAGE SKY COVER 0.4


WEATHER CONDITIONS
 THE FOLLOWING WEATHER WAS RECORDED TODAY.
  NO SIGNIFICANT WEATHER WAS OBSERVED.


RELATIVE HUMIDITY (PERCENT)
 HIGHEST    82          1200 AM
 LOWEST     28          1100 AM
 AVERAGE    55

..........................................................


THE COLORADO SPRINGS CO CLIMATE NORMALS FOR TOMORROW
                         NORMAL    RECORD    YEAR
 MAXIMUM TEMPERATURE (F)   73        93      2000
 MINIMUM TEMPERATURE (F)   47        31      1947


SUNRISE AND SUNSET
MAY 28 2016...........SUNRISE   537 AM MDT   SUNSET   816 PM MDT
MAY 29 2016...........SUNRISE   537 AM MDT   SUNSET   816 PM MDT


-  INDICATES NEGATIVE NUMBERS.
R  INDICATES RECORD WAS SET OR TIED.
MM INDICATES DATA IS MISSING.
T  INDICATES TRACE AMOUNT.




$$
