000
CDUS45 KPUB 111041
CLICOS


CLIMATE REPORT
NATIONAL WEATHER SERVICE PUEBLO
441 AM MDT FRI JUL 11 2014


...................................

...THE COLORADO SPRINGS CO CLIMATE SUMMARY FOR JULY 10 2014...

CLIMATE NORMAL PERIOD 1981 TO 2010
CLIMATE RECORD PERIOD 1872 TO 2014


WEATHER ITEM   OBSERVED TIME   RECORD YEAR NORMAL DEPARTURE LAST
                VALUE   (LST)  VALUE       VALUE  FROM      YEAR
                                                  NORMAL
..................................................................
TEMPERATURE (F)
 YESTERDAY
  MAXIMUM         92    328 PM  97    1954  85      7       87
  MINIMUM         55    413 AM  40    1946  57     -2       63
  AVERAGE         74                        71      3       75

PRECIPITATION (IN)
  YESTERDAY        0.00          2.16 1949   0.08  -0.08     0.70
  MONTH TO DATE    0.57                      0.75  -0.18     1.64
  SINCE JUN 1      1.86                      3.25  -1.39     2.24
  SINCE JAN 1      6.65                      8.36  -1.71     4.97

SNOWFALL (IN)
  YESTERDAY        0.0           0.0  2002   0.0    0.0       T
                                      2001
  MONTH TO DATE    T                         0.0    0.0       T
  SINCE JUN 1      T                         0.0    0.0       T
  SINCE JUL 1      T                         0.0    0.0       T
  SNOW DEPTH       0

DEGREE DAYS
 HEATING
  YESTERDAY        0                         0      0        0
  MONTH TO DATE    5                         3      2        2
  SINCE JUN 1     44                        82    -38       27
  SINCE JUL 1      5                         3      2        2

 COOLING
  YESTERDAY        9                         6      3       10
  MONTH TO DATE   65                        58      7       80
  SINCE JUN 1    169                       141     28      262
  SINCE JAN 1    182                       151     31      284
..................................................................


WIND (MPH)
  HIGHEST WIND SPEED    22   HIGHEST WIND DIRECTION     E (90)
  HIGHEST GUST SPEED    28   HIGHEST GUST DIRECTION     E (80)
  AVERAGE WIND SPEED     9.0


SKY COVER
  POSSIBLE SUNSHINE  MM
  AVERAGE SKY COVER 0.4


WEATHER CONDITIONS
 THE FOLLOWING WEATHER WAS RECORDED YESTERDAY.
  NO SIGNIFICANT WEATHER WAS OBSERVED.


RELATIVE HUMIDITY (PERCENT)
 HIGHEST    77           400 AM
 LOWEST     14           600 PM
 AVERAGE    46

..........................................................


THE COLORADO SPRINGS CO CLIMATE NORMALS FOR TODAY
                         NORMAL    RECORD    YEAR
 MAXIMUM TEMPERATURE (F)   85        99      1954
 MINIMUM TEMPERATURE (F)   57        46      1902
                                             1895


SUNRISE AND SUNSET
JULY 11 2014..........SUNRISE   543 AM MDT   SUNSET   825 PM MDT
JULY 12 2014..........SUNRISE   544 AM MDT   SUNSET   825 PM MDT


-  INDICATES NEGATIVE NUMBERS.
R  INDICATES RECORD WAS SET OR TIED.
MM INDICATES DATA IS MISSING.
T  INDICATES TRACE AMOUNT.




$$
