000
CDUS43 KLSX 282233
CLICOU


CLIMATE REPORT
NATIONAL WEATHER SERVICE ST LOUIS MO
533 PM CDT TUE JUL 28 2015


...................................

...THE COLUMBIA ASOS CLIMATE SUMMARY FOR JULY 28 2015...
VALID TODAY AS OF 0500 PM LOCAL TIME.

CLIMATE NORMAL PERIOD 1981 TO 2010
CLIMATE RECORD PERIOD 1890 TO 2015


WEATHER ITEM   OBSERVED TIME   RECORD YEAR NORMAL DEPARTURE LAST
                VALUE   (LST)  VALUE       VALUE  FROM      YEAR
                                                  NORMAL
..................................................................
TEMPERATURE (F)
 TODAY
  MAXIMUM         93    259 PM 108    1930  88      5       81
  MINIMUM         73    529 AM  52    2013  67      6       60
  AVERAGE         83                        77      6       71

PRECIPITATION (IN)
  TODAY            0.00          1.52 2008   0.12  -0.12     0.00
  MONTH TO DATE    8.40                      3.99   4.41     1.46
  SINCE JUN 1     15.96                      8.46   7.50     6.53
  SINCE JAN 1     28.82                     25.01   3.81    21.35

SNOWFALL (IN)
  TODAY            0.0           0.0  2013   0.0    0.0      0.0
  MONTH TO DATE    0.0                       0.0    0.0      0.0
  SINCE JUN 1      0.0                       0.0    0.0      0.0
  SINCE JUL 1      0.0                       0.0    0.0      0.0
  SNOW DEPTH       0

DEGREE DAYS
 HEATING
  TODAY            0                         0      0        0
  MONTH TO DATE    1                         0      1        0
  SINCE JUN 1      8                        11     -3        0
  SINCE JUL 1      1                         0      1        0

 COOLING
  TODAY           18                        12      6        6
  MONTH TO DATE  360                       342     18      246
  SINCE JUN 1    671                       590     81      533
  SINCE JAN 1    790                       693     97      693
..................................................................


WIND (MPH)
  HIGHEST WIND SPEED    16   HIGHEST WIND DIRECTION     S (190)
  HIGHEST GUST SPEED    19   HIGHEST GUST DIRECTION     S (190)
  AVERAGE WIND SPEED     7.9


SKY COVER
  AVERAGE SKY COVER 0.0



RELATIVE HUMIDITY (PERCENT)
 HIGHEST   100           600 AM
 LOWEST     56           200 PM
 AVERAGE    78

..........................................................


THE COLUMBIA ASOS CLIMATE NORMALS FOR TOMORROW
                         NORMAL    RECORD    YEAR
 MAXIMUM TEMPERATURE (F)   88       104      1999
 MINIMUM TEMPERATURE (F)   67        53      1925


SUNRISE AND SUNSET
JULY 28 2015..........SUNRISE   606 AM CDT   SUNSET   824 PM CDT
JULY 29 2015..........SUNRISE   607 AM CDT   SUNSET   823 PM CDT


-  INDICATES NEGATIVE NUMBERS.
R  INDICATES RECORD WAS SET OR TIED.
MM INDICATES DATA IS MISSING.
T  INDICATES TRACE AMOUNT.




$$
