000
CDUS43 KLSX 242128
CLICOU


CLIMATE REPORT
NATIONAL WEATHER SERVICE ST LOUIS MO
427 PM CDT THU APR 24 2014


...................................

...THE COLUMBIA ASOS CLIMATE SUMMARY FOR APRIL 24 2014...
VALID TODAY AS OF 0400 PM LOCAL TIME.

CLIMATE NORMAL PERIOD 1981 TO 2010
CLIMATE RECORD PERIOD 1890 TO 2014


WEATHER ITEM   OBSERVED TIME   RECORD YEAR NORMAL DEPARTURE LAST
                VALUE   (LST)  VALUE       VALUE  FROM      YEAR
                                                  NORMAL
..................................................................
TEMPERATURE (F)
 TODAY
  MAXIMUM         77    155 PM  88    1965  69      8       52
  MINIMUM         56    400 AM  27    1910  47      9       33
  AVERAGE         67                        58      9       43

PRECIPITATION (IN)
  TODAY            T             2.84 2010   0.18  -0.18     0.02
  MONTH TO DATE    7.05                      3.47   3.58     7.00
  SINCE MAR 1      8.28                      6.38   1.90    10.29
  SINCE JAN 1     10.54                     10.55  -0.01    16.53

SNOWFALL (IN)
  TODAY            0.0           T    2013   0.0    0.0       T
                                      1961
  MONTH TO DATE    T                         0.2   -0.2       T
  SINCE MAR 1      0.5                       1.9   -1.4     10.3
  SINCE JUL 1     17.8                      18.0   -0.2     35.0
  SNOW DEPTH       0

DEGREE DAYS
 HEATING
  TODAY            0                         8     -8       22
  MONTH TO DATE  260                       276    -16      317
  SINCE MAR 1    990                       912     78     1131
  SINCE JUL 1   5419                      4858    561     4714

 COOLING
  TODAY            2                         1      1        0
  MONTH TO DATE   11                        17     -6       12
  SINCE MAR 1     11                        20     -9       12
  SINCE JAN 1     11                        20     -9       13
..................................................................


WIND (MPH)
  HIGHEST WIND SPEED    39   HIGHEST WIND DIRECTION     W (270)
  HIGHEST GUST SPEED    63   HIGHEST GUST DIRECTION     W (260)
  AVERAGE WIND SPEED    13.6


SKY COVER
  AVERAGE SKY COVER 0.1



RELATIVE HUMIDITY (PERCENT)
 HIGHEST    49           100 PM
 LOWEST     40           900 AM
 AVERAGE    45

..........................................................


THE COLUMBIA ASOS CLIMATE NORMALS FOR TOMORROW
                         NORMAL    RECORD    YEAR
 MAXIMUM TEMPERATURE (F)   69        89      1986
 MINIMUM TEMPERATURE (F)   47        32      1934
                                             1910


SUNRISE AND SUNSET
APRIL 24 2014.........SUNRISE   620 AM CDT   SUNSET   755 PM CDT
APRIL 25 2014.........SUNRISE   619 AM CDT   SUNSET   756 PM CDT


-  INDICATES NEGATIVE NUMBERS.
R  INDICATES RECORD WAS SET OR TIED.
MM INDICATES DATA IS MISSING.
T  INDICATES TRACE AMOUNT.




$$
