199
CDUS43 KLSX 110736
CLICOU


CLIMATE REPORT
NATIONAL WEATHER SERVICE ST LOUIS MO
135 AM CST THU FEB 11 2016


...................................

...THE COLUMBIA ASOS CLIMATE SUMMARY FOR FEBRUARY 10 2016...

CLIMATE NORMAL PERIOD 1981 TO 2010
CLIMATE RECORD PERIOD 1890 TO 2016


WEATHER ITEM   OBSERVED TIME   RECORD YEAR NORMAL DEPARTURE LAST
                VALUE   (LST)  VALUE       VALUE  FROM      YEAR
                                                  NORMAL
..................................................................
TEMPERATURE (F)
 YESTERDAY
  MAXIMUM         27    508 PM  77    1932  42    -15       43
  MINIMUM         14    653 AM -12    1899  24    -10       22
  AVERAGE         21                        33    -12       33

PRECIPITATION (IN)
  YESTERDAY        0.06          0.70 1953   0.08  -0.02     0.00
  MONTH TO DATE    0.09                      0.72  -0.63     0.50
  SINCE DEC 1      8.03                      5.08   2.95     3.62
  SINCE JAN 1      0.99                      2.64  -1.65     1.44

SNOWFALL (IN)
  YESTERDAY        0.8           5.8  1988   0.2    0.6      0.0
  MONTH TO DATE    0.8                       1.8   -1.0      0.9
  SINCE DEC 1      7.7                      12.3   -4.6      2.0
  SINCE JUL 1      7.7                      13.2   -5.5      2.8
  SNOW DEPTH       0

DEGREE DAYS
 HEATING
  YESTERDAY       44                        32     12       32
  MONTH TO DATE  295                       332    -37      324
  SINCE DEC 1   1972                      2436   -464     2202
  SINCE JUL 1   2668                      3421   -753     3283

 COOLING
  YESTERDAY        0                         0      0        0
  MONTH TO DATE    0                         0      0        0
  SINCE DEC 1      0                         0      0        0
  SINCE JAN 1      0                         0      0        0
..................................................................


WIND (MPH)
  HIGHEST WIND SPEED    16   HIGHEST WIND DIRECTION    NW (320)
  HIGHEST GUST SPEED    21   HIGHEST GUST DIRECTION    NW (330)
  AVERAGE WIND SPEED     7.6


SKY COVER
  AVERAGE SKY COVER 0.5


WEATHER CONDITIONS
 THE FOLLOWING WEATHER WAS RECORDED YESTERDAY.
  LIGHT SNOW
  FOG


RELATIVE HUMIDITY (PERCENT)
 HIGHEST    88
 LOWEST     61
 AVERAGE    75

..........................................................


THE COLUMBIA ASOS CLIMATE NORMALS FOR TODAY
                         NORMAL    RECORD    YEAR
 MAXIMUM TEMPERATURE (F)   43        74      1951
 MINIMUM TEMPERATURE (F)   24       -21      1899


SUNRISE AND SUNSET
FEBRUARY 11 2016......SUNRISE   705 AM CST   SUNSET   541 PM CST
FEBRUARY 12 2016......SUNRISE   704 AM CST   SUNSET   543 PM CST


-  INDICATES NEGATIVE NUMBERS.
R  INDICATES RECORD WAS SET OR TIED.
MM INDICATES DATA IS MISSING.
T  INDICATES TRACE AMOUNT.




$$
