000
CDUS43 KLSX 260801
CLICOU


CLIMATE REPORT
NATIONAL WEATHER SERVICE ST LOUIS MO
259 AM CDT TUE JUL 26 2016


...................................

...THE COLUMBIA ASOS CLIMATE SUMMARY FOR JULY 25 2016...

CLIMATE NORMAL PERIOD 1981 TO 2010
CLIMATE RECORD PERIOD 1890 TO 2016


WEATHER ITEM   OBSERVED TIME   RECORD YEAR NORMAL DEPARTURE LAST
                VALUE   (LST)  VALUE       VALUE  FROM      YEAR
                                                  NORMAL
..................................................................
TEMPERATURE (F)
 YESTERDAY
  MAXIMUM         84    412 PM 111    1934  88     -4       91
  MINIMUM         71   1159 PM  53    1911  67      4       71
                                      1905
  AVERAGE         78                        77      1       81

PRECIPITATION (IN)
  YESTERDAY        1.47          2.36 1981   0.13   1.34     0.10
  MONTH TO DATE   10.13                      3.63   6.50     6.77
  SINCE JUN 1     11.59                      8.10   3.49    14.33
  SINCE JAN 1     21.72                     24.65  -2.93    27.19

SNOWFALL (IN)
  YESTERDAY        0.0           0.0  2015   0.0    0.0      0.0
  MONTH TO DATE    0.0                       0.0    0.0      0.0
  SINCE JUN 1      0.0                       0.0    0.0      0.0
  SINCE JUL 1      0.0                       0.0    0.0      0.0
  SNOW DEPTH       0

DEGREE DAYS
 HEATING
  YESTERDAY        0                         0      0        0
  MONTH TO DATE    0                         0      0        1
  SINCE JUN 1      0                        11    -11        8
  SINCE JUL 1      0                         0      0        1

 COOLING
  YESTERDAY       13                        12      1       16
  MONTH TO DATE  347                       306     41      309
  SINCE JUN 1    741                       554    187      620
  SINCE JAN 1    865                       657    208      739
..................................................................


WIND (MPH)
  HIGHEST WIND SPEED    23   HIGHEST WIND DIRECTION     N (340)
  HIGHEST GUST SPEED    26   HIGHEST GUST DIRECTION     N (340)
  AVERAGE WIND SPEED     6.6


SKY COVER
  AVERAGE SKY COVER 0.4


WEATHER CONDITIONS
 THE FOLLOWING WEATHER WAS RECORDED YESTERDAY.
  THUNDERSTORM
  HEAVY RAIN
  RAIN
  LIGHT RAIN
  FOG


RELATIVE HUMIDITY (PERCENT)
 HIGHEST   100
 LOWEST     69
 AVERAGE    85

..........................................................


THE COLUMBIA ASOS CLIMATE NORMALS FOR TODAY
                         NORMAL    RECORD    YEAR
 MAXIMUM TEMPERATURE (F)   88       105      1952
 MINIMUM TEMPERATURE (F)   67        51      1911


SUNRISE AND SUNSET
JULY 26 2016..........SUNRISE   605 AM CDT   SUNSET   825 PM CDT
JULY 27 2016..........SUNRISE   606 AM CDT   SUNSET   824 PM CDT


-  INDICATES NEGATIVE NUMBERS.
R  INDICATES RECORD WAS SET OR TIED.
MM INDICATES DATA IS MISSING.
T  INDICATES TRACE AMOUNT.




$$
