000
CDUS43 KLSX 292237
CLICOU


CLIMATE REPORT
NATIONAL WEATHER SERVICE ST LOUIS MO
537 PM CDT WED MAR 29 2017


...................................

...THE COLUMBIA ASOS CLIMATE SUMMARY FOR MARCH 29 2017...
VALID TODAY AS OF 0500 PM LOCAL TIME.

CLIMATE NORMAL PERIOD 1981 TO 2010
CLIMATE RECORD PERIOD 1890 TO 2017


WEATHER ITEM   OBSERVED TIME   RECORD YEAR NORMAL DEPARTURE LAST
                VALUE   (LST)  VALUE       VALUE  FROM      YEAR
                                                  NORMAL
..................................................................
TEMPERATURE (F)
 TODAY
  MAXIMUM         61    322 PM  85    1986  60      1       67
                                      1895
  MINIMUM         49   1036 AM  18    1894  38     11       42
  AVERAGE         55                        49      6       55

PRECIPITATION (IN)
  TODAY            0.14          1.20 1992   0.11   0.03     0.00
  MONTH TO DATE    2.87                      2.68   0.19     1.43
  SINCE MAR 1      2.87                      2.68   0.19     1.43
  SINCE JAN 1      4.09                      6.85  -2.76     3.08

SNOWFALL (IN)
  TODAY            0.0           3.8  1926   0.0    0.0      0.0
  MONTH TO DATE    T                         1.6   -1.6       T
  SINCE MAR 1      T                         1.6   -1.6       T
  SINCE JUL 1      1.6                      17.7  -16.1      9.0
  SNOW DEPTH       0

DEGREE DAYS
 HEATING
  TODAY           10                        16     -6       10
  MONTH TO DATE  471                       604   -133      407
  SINCE MAR 1    471                       604   -133      407
  SINCE JUL 1   3512                      4550  -1038     3584

 COOLING
  TODAY            0                         0      0        0
  MONTH TO DATE    4                         0      4        4
  SINCE MAR 1      4                         0      4        4
  SINCE JAN 1      8                         0      8        4
..................................................................


WIND (MPH)
  HIGHEST WIND SPEED    26   HIGHEST WIND DIRECTION     E (110)
  HIGHEST GUST SPEED    40   HIGHEST GUST DIRECTION     E (100)
  AVERAGE WIND SPEED    15.5


SKY COVER
  AVERAGE SKY COVER 0.9



RELATIVE HUMIDITY (PERCENT)
 HIGHEST   100           800 AM
 LOWEST     78           300 PM
 AVERAGE    89

..........................................................


THE COLUMBIA ASOS CLIMATE NORMALS FOR TOMORROW
                         NORMAL    RECORD    YEAR
 MAXIMUM TEMPERATURE (F)   61        84      1967
 MINIMUM TEMPERATURE (F)   39        16      1964


SUNRISE AND SUNSET
MARCH 29 2017.........SUNRISE   658 AM CDT   SUNSET   730 PM CDT
MARCH 30 2017.........SUNRISE   656 AM CDT   SUNSET   731 PM CDT


-  INDICATES NEGATIVE NUMBERS.
R  INDICATES RECORD WAS SET OR TIED.
MM INDICATES DATA IS MISSING.
T  INDICATES TRACE AMOUNT.




$$
