000
CDUS43 KLSX 302225
CLICOU


CLIMATE REPORT
NATIONAL WEATHER SERVICE ST LOUIS MO
525 PM CDT WED JUL 30 2014


...................................

...THE COLUMBIA ASOS CLIMATE SUMMARY FOR JULY 30 2014...
VALID TODAY AS OF 0500 PM LOCAL TIME.

CLIMATE NORMAL PERIOD 1981 TO 2010
CLIMATE RECORD PERIOD 1890 TO 2014


WEATHER ITEM   OBSERVED TIME   RECORD YEAR NORMAL DEPARTURE LAST
                VALUE   (LST)  VALUE       VALUE  FROM      YEAR
                                                  NORMAL
..................................................................
TEMPERATURE (F)
 TODAY
  MAXIMUM         83    159 PM 111    1980  88     -5       85
  MINIMUM         61    247 AM  54    1971  67     -6       67
  AVERAGE         72                        77     -5       76

PRECIPITATION (IN)
  TODAY            0.00          5.94 1989   0.12  -0.12     0.10
  MONTH TO DATE    1.46                      4.24  -2.78     2.45
  SINCE JUN 1      6.53                      8.71  -2.18     4.50
  SINCE JAN 1     21.35                     25.26  -3.91    31.21

SNOWFALL (IN)
  TODAY            0.0           0.0  2013   0.0    0.0      0.0
  MONTH TO DATE    0.0                       0.0    0.0      0.0
  SINCE JUN 1      0.0                       0.0    0.0      0.0
  SINCE JUL 1      0.0                       0.0    0.0      0.0
  SNOW DEPTH       0

DEGREE DAYS
 HEATING
  TODAY            0                         0      0        0
  MONTH TO DATE    0                         0      0        0
  SINCE JUN 1      0                        11    -11        6
  SINCE JUL 1      0                         0      0        0

 COOLING
  TODAY            7                        12     -5       11
  MONTH TO DATE  258                       366   -108      315
  SINCE JUN 1    545                       614    -69      582
  SINCE JAN 1    705                       717    -12      716
..................................................................


WIND (MPH)
  HIGHEST WIND SPEED     9   HIGHEST WIND DIRECTION     W (260)
  HIGHEST GUST SPEED    12   HIGHEST GUST DIRECTION     W (270)
  AVERAGE WIND SPEED     2.8


SKY COVER
  AVERAGE SKY COVER 0.4



RELATIVE HUMIDITY (PERCENT)
 HIGHEST    90           600 AM
 LOWEST     42           300 PM
 AVERAGE    66

..........................................................


THE COLUMBIA ASOS CLIMATE NORMALS FOR TOMORROW
                         NORMAL    RECORD    YEAR
 MAXIMUM TEMPERATURE (F)   88       108      1980
 MINIMUM TEMPERATURE (F)   67        50      1971


SUNRISE AND SUNSET
JULY 30 2014..........SUNRISE   608 AM CDT   SUNSET   822 PM CDT
JULY 31 2014..........SUNRISE   609 AM CDT   SUNSET   821 PM CDT


-  INDICATES NEGATIVE NUMBERS.
R  INDICATES RECORD WAS SET OR TIED.
MM INDICATES DATA IS MISSING.
T  INDICATES TRACE AMOUNT.




$$
