000
CDUS45 KRIW 310911
CLICPR


CLIMATE REPORT
NATIONAL WEATHER SERVICE RIVERTON WY
310 AM MDT FRI JUL 31 2015


...................................

...THE CASPER WY CLIMATE SUMMARY FOR JULY 30 2015...

CLIMATE NORMAL PERIOD 1981 TO 2010
CLIMATE RECORD PERIOD 1939 TO 2015


WEATHER ITEM   OBSERVED TIME   RECORD YEAR NORMAL DEPARTURE LAST
                VALUE   (LST)  VALUE       VALUE  FROM      YEAR
                                                  NORMAL
..................................................................
TEMPERATURE (F)
 YESTERDAY
  MAXIMUM         88    438 PM 101    2006  89     -1       80
  MINIMUM         42    334 AM  38    1971  54    -12       52
  AVERAGE         65                        72     -7       66

PRECIPITATION (IN)
  YESTERDAY        0.00          0.84 1985   0.05  -0.05      T
  MONTH TO DATE    0.57                      1.37  -0.80     1.17
  SINCE JUN 1      2.07                      2.98  -0.91     2.52
  SINCE JAN 1      9.57                      8.19   1.38     7.28

SNOWFALL (IN)
  YESTERDAY        0.0                       0.0    0.0      0.0
  MONTH TO DATE    0.0                       0.0    0.0       T
  SINCE JUN 1      0.0                       0.1   -0.1       T
  SINCE JUL 1      0.0                       0.0    0.0       T
  SNOW DEPTH       0

DEGREE DAYS
 HEATING
  YESTERDAY        0                         0      0        0
  MONTH TO DATE   16                        11      5       16
  SINCE JUN 1     42                       147   -105      174
  SINCE JUL 1     16                        11      5       16

 COOLING
  YESTERDAY        0                         7     -7        1
  MONTH TO DATE  126                       183    -57      187
  SINCE JUN 1    202                       236    -34      204
  SINCE JAN 1    202                       240    -38      210
..................................................................


WIND (MPH)
  HIGHEST WIND SPEED    14   HIGHEST WIND DIRECTION     E (90)
  HIGHEST GUST SPEED    19   HIGHEST GUST DIRECTION    NW (320)
  AVERAGE WIND SPEED     5.5


SKY COVER
  POSSIBLE SUNSHINE  MM
  AVERAGE SKY COVER 0.0


WEATHER CONDITIONS
 THE FOLLOWING WEATHER WAS RECORDED YESTERDAY.
  NO SIGNIFICANT WEATHER WAS OBSERVED.


RELATIVE HUMIDITY (PERCENT)
 HIGHEST    58           500 AM
 LOWEST      9           600 PM
 AVERAGE    34

..........................................................


THE CASPER WY CLIMATE NORMALS FOR TODAY
                         NORMAL    RECORD    YEAR
 MAXIMUM TEMPERATURE (F)   89        99      1988
 MINIMUM TEMPERATURE (F)   54        42      1968


SUNRISE AND SUNSET
JULY 31 2015..........SUNRISE   556 AM MDT   SUNSET   828 PM MDT
AUGUST  1 2015........SUNRISE   557 AM MDT   SUNSET   827 PM MDT


-  INDICATES NEGATIVE NUMBERS.
R  INDICATES RECORD WAS SET OR TIED.
MM INDICATES DATA IS MISSING.
T  INDICATES TRACE AMOUNT.




$$
