000
CDUS45 KRIW 010734
CLICPR


CLIMATE REPORT
NATIONAL WEATHER SERVICE RIVERTON WY
134 AM MDT WED OCT 1 2014


...................................

...THE CASPER WY CLIMATE SUMMARY FOR SEPTEMBER 30 2014...

CLIMATE NORMAL PERIOD 1981 TO 2010
CLIMATE RECORD PERIOD 1939 TO 2014


WEATHER ITEM   OBSERVED TIME   RECORD YEAR NORMAL DEPARTURE LAST
                VALUE   (LST)  VALUE       VALUE  FROM      YEAR
                                                  NORMAL
..................................................................
TEMPERATURE (F)
 YESTERDAY
  MAXIMUM         66   1249 PM  88    1980  66      0       75
  MINIMUM         45    636 AM  17    1985  36      9       39
  AVERAGE         56                        51      5       57

PRECIPITATION (IN)
  YESTERDAY        0.00          0.66 1982   0.04  -0.04     0.00
  MONTH TO DATE    0.64                      1.08  -0.44     1.47
  SINCE SEP 1      0.64                      1.08  -0.44     1.47
  SINCE JAN 1      9.02                     10.16  -1.14    10.67

SNOWFALL (IN)
  YESTERDAY        0.0                       0.1   -0.1      0.0
  MONTH TO DATE    1.0                       1.8   -0.8      4.8
  SINCE SEP 1      1.0                       1.8   -0.8      4.8
  SINCE JUL 1      1.0                       1.8   -0.8      4.8
  SNOW DEPTH       0

DEGREE DAYS
 HEATING
  YESTERDAY        9                        14     -5        8
  MONTH TO DATE  190                       240    -50      167
  SINCE SEP 1    190                       239    -49      167
  SINCE JUL 1    237                       285    -48      167

 COOLING
  YESTERDAY        0                         0      0        0
  MONTH TO DATE   29                        25      4       80
  SINCE SEP 1     29                        25      4       80
  SINCE JAN 1    357                       422    -65      618
..................................................................


WIND (MPH)
  HIGHEST WIND SPEED    24   HIGHEST WIND DIRECTION     W (280)
  HIGHEST GUST SPEED    30   HIGHEST GUST DIRECTION     W (270)
  AVERAGE WIND SPEED    12.8


SKY COVER
  POSSIBLE SUNSHINE  MM
  AVERAGE SKY COVER 0.7


WEATHER CONDITIONS
 THE FOLLOWING WEATHER WAS RECORDED YESTERDAY.
  NO SIGNIFICANT WEATHER WAS OBSERVED.


RELATIVE HUMIDITY (PERCENT)
 HIGHEST    71          1200 AM
 LOWEST     30           100 PM
 AVERAGE    51

..........................................................


THE CASPER WY CLIMATE NORMALS FOR TODAY
                         NORMAL    RECORD    YEAR
 MAXIMUM TEMPERATURE (F)   66        87      1992
 MINIMUM TEMPERATURE (F)   35        20      1985


SUNRISE AND SUNSET
OCTOBER  1 2014.......SUNRISE   703 AM MDT   SUNSET   647 PM MDT
OCTOBER  2 2014.......SUNRISE   704 AM MDT   SUNSET   645 PM MDT


-  INDICATES NEGATIVE NUMBERS.
R  INDICATES RECORD WAS SET OR TIED.
MM INDICATES DATA IS MISSING.
T  INDICATES TRACE AMOUNT.




$$
