300
CDUS45 KRIW 310736
CLICPR


CLIMATE REPORT
NATIONAL WEATHER SERVICE RIVERTON WY
127 AM MDT SUN JUL 31 2016


...................................

...THE CASPER WY CLIMATE SUMMARY FOR JULY 30 2016...

CLIMATE NORMAL PERIOD 1981 TO 2010
CLIMATE RECORD PERIOD 1939 TO 2016


WEATHER ITEM   OBSERVED TIME   RECORD YEAR NORMAL DEPARTURE LAST
                VALUE   (LST)  VALUE       VALUE  FROM      YEAR
                                                  NORMAL
..................................................................
TEMPERATURE (F)
 YESTERDAY
  MAXIMUM         96    346 PM 101    2006  89      7       88
  MINIMUM         51    446 AM  38    1971  54     -3       42
  AVERAGE         74                        72      2       65

PRECIPITATION (IN)
  YESTERDAY        0.00          0.84 1985   0.05  -0.05     0.00
  MONTH TO DATE    0.24                      1.37  -1.13     0.57
  SINCE JUN 1      1.41                      2.98  -1.57     2.07
  SINCE JAN 1     10.87                      8.19   2.68     9.57

SNOWFALL (IN)
  YESTERDAY        0.0                       0.0    0.0      0.0
  MONTH TO DATE    0.0                       0.0    0.0      0.0
  SINCE JUN 1      0.0                       0.1   -0.1      0.0
  SINCE JUL 1      0.0                       0.0    0.0      0.0
  SNOW DEPTH       0

DEGREE DAYS
 HEATING
  YESTERDAY        0                         0      0        0
  MONTH TO DATE    5                        11     -6       16
  SINCE JUN 1     42                       147   -105       42
  SINCE JUL 1      5                        11     -6       16

 COOLING
  YESTERDAY        9                         7      2        0
  MONTH TO DATE  194                       183     11      126
  SINCE JUN 1    297                       236     61      202
  SINCE JAN 1    297                       240     57      202
..................................................................


WIND (MPH)
  HIGHEST WIND SPEED    28   HIGHEST WIND DIRECTION     W (290)
  HIGHEST GUST SPEED    33   HIGHEST GUST DIRECTION     W (290)
  AVERAGE WIND SPEED     9.2


SKY COVER
  POSSIBLE SUNSHINE  MM
  AVERAGE SKY COVER 0.0


WEATHER CONDITIONS
 THE FOLLOWING WEATHER WAS RECORDED YESTERDAY.
  NO SIGNIFICANT WEATHER WAS OBSERVED.


RELATIVE HUMIDITY (PERCENT)
 HIGHEST   100           400 AM
 LOWEST      9           400 PM
 AVERAGE    55

..........................................................


THE CASPER WY CLIMATE NORMALS FOR TODAY
                         NORMAL    RECORD    YEAR
 MAXIMUM TEMPERATURE (F)   89        99      1988
 MINIMUM TEMPERATURE (F)   54        42      1968


SUNRISE AND SUNSET
JULY 31 2016..........SUNRISE   557 AM MDT   SUNSET   827 PM MDT
AUGUST  1 2016........SUNRISE   558 AM MDT   SUNSET   826 PM MDT


-  INDICATES NEGATIVE NUMBERS.
R  INDICATES RECORD WAS SET OR TIED.
MM INDICATES DATA IS MISSING.
T  INDICATES TRACE AMOUNT.




$$
