000
CDUS45 KRIW 240031
CLICPR


CLIMATE REPORT
NATIONAL WEATHER SERVICE RIVERTON WY
630 PM MDT TUE AUG 23 2016


...................................

...THE CASPER WY CLIMATE SUMMARY FOR AUGUST 23 2016...
VALID TODAY AS OF 0500 PM LOCAL TIME.

CLIMATE NORMAL PERIOD 1981 TO 2010
CLIMATE RECORD PERIOD 1939 TO 2016


WEATHER ITEM   OBSERVED TIME   RECORD YEAR NORMAL DEPARTURE LAST
                VALUE   (LST)  VALUE       VALUE  FROM      YEAR
                                                  NORMAL
..................................................................
TEMPERATURE (F)
 TODAY
  MAXIMUM         83        MM  97    2006  85     -2       82
  MINIMUM         43        MM  29    2015  50     -7       29
  AVERAGE         63                        68     -5       56

PRECIPITATION (IN)
  TODAY            0.00          0.80 1972   0.03  -0.03     0.00
  MONTH TO DATE    0.52                      0.67  -0.15     0.83
  SINCE JUN 1      1.93                      3.69  -1.76     2.90
  SINCE JAN 1     11.39                      8.90   2.49    10.40

SNOWFALL (IN)
  TODAY            0.0                       0.0    0.0      0.0
  MONTH TO DATE    0.0                       0.0    0.0      0.0
  SINCE JUN 1      0.0                       0.1   -0.1      0.0
  SINCE JUL 1      0.0                       0.0    0.0      0.0
  SNOW DEPTH       0

DEGREE DAYS
 HEATING
  TODAY            2                         1      1        9
  MONTH TO DATE   32                        14     18       44
  SINCE JUN 1     74                       166    -92       86
  SINCE JUL 1     37                        30      7       60

 COOLING
  TODAY            0                         4     -4        0
  MONTH TO DATE  103                       128    -25      100
  SINCE JUN 1    412                       369     43      306
  SINCE JAN 1    412                       373     39      306
..................................................................


WIND (MPH)
  HIGHEST WIND SPEED    14   HIGHEST WIND DIRECTION    SW (220)
  HIGHEST GUST SPEED    MM   HIGHEST GUST DIRECTION    MM
  AVERAGE WIND SPEED     5.3


SKY COVER
  POSSIBLE SUNSHINE  MM
  AVERAGE SKY COVER 0.0


WEATHER CONDITIONS
 THE FOLLOWING WEATHER WAS RECORDED TODAY.
  NO SIGNIFICANT WEATHER WAS OBSERVED.


RELATIVE HUMIDITY (PERCENT)
 HIGHEST    53           600 AM
 LOWEST      9           200 PM
 AVERAGE    31

..........................................................


THE CASPER WY CLIMATE NORMALS FOR TOMORROW
                         NORMAL    RECORD    YEAR
 MAXIMUM TEMPERATURE (F)   85        97      1994
 MINIMUM TEMPERATURE (F)   50        39      2010


SUNRISE AND SUNSET
AUGUST 23 2016........SUNRISE   621 AM MDT   SUNSET   755 PM MDT
AUGUST 24 2016........SUNRISE   622 AM MDT   SUNSET   753 PM MDT


-  INDICATES NEGATIVE NUMBERS.
R  INDICATES RECORD WAS SET OR TIED.
MM INDICATES DATA IS MISSING.
T  INDICATES TRACE AMOUNT.




$$
