000
CDUS45 KRIW 300730
CLICPR


CLIMATE REPORT
NATIONAL WEATHER SERVICE RIVERTON WY
129 AM MDT FRI SEP 30 2016


...................................

...THE CASPER WY CLIMATE SUMMARY FOR SEPTEMBER 29 2016...

CLIMATE NORMAL PERIOD 1981 TO 2010
CLIMATE RECORD PERIOD 1939 TO 2016


WEATHER ITEM   OBSERVED TIME   RECORD YEAR NORMAL DEPARTURE LAST
                VALUE   (LST)  VALUE       VALUE  FROM      YEAR
                                                  NORMAL
..................................................................
TEMPERATURE (F)
 YESTERDAY
  MAXIMUM         78   1229 PM  86    2009  67     11       78
  MINIMUM         39    617 AM  18    1984  36      3       47
  AVERAGE         59                        51      8       63

PRECIPITATION (IN)
  YESTERDAY        T             0.50 1995   0.04  -0.04      T
  MONTH TO DATE    1.55                      1.04   0.51     0.19
  SINCE SEP 1      1.55                      1.04   0.51     0.19
  SINCE JAN 1     13.72                     10.12   3.60    10.59

SNOWFALL (IN)
  YESTERDAY        0.0                       0.2   -0.2      0.0
  MONTH TO DATE    0.0                       1.7   -1.7      0.0
  SINCE SEP 1      0.0                       1.7   -1.7      0.0
  SINCE JUL 1      0.0                       1.7   -1.7      0.0
  SNOW DEPTH       0

DEGREE DAYS
 HEATING
  YESTERDAY        6                        14     -8        2
  MONTH TO DATE  205                       226    -21       75
  SINCE SEP 1    205                       226    -21       75
  SINCE JUL 1    265                       272     -7      135

 COOLING
  YESTERDAY        0                         0      0        0
  MONTH TO DATE   29                        24      5       66
  SINCE SEP 1     29                        24      5       66
  SINCE JAN 1    451                       421     30      424
..................................................................


WIND (MPH)
  HIGHEST WIND SPEED    28   HIGHEST WIND DIRECTION    SW (240)
  HIGHEST GUST SPEED    34   HIGHEST GUST DIRECTION    SW (240)
  AVERAGE WIND SPEED    10.8


SKY COVER
  POSSIBLE SUNSHINE  MM
  AVERAGE SKY COVER 0.2


WEATHER CONDITIONS
 THE FOLLOWING WEATHER WAS RECORDED YESTERDAY.
  NO SIGNIFICANT WEATHER WAS OBSERVED.


RELATIVE HUMIDITY (PERCENT)
 HIGHEST    89           200 AM
 LOWEST     29          1100 AM
 AVERAGE    59

..........................................................


THE CASPER WY CLIMATE NORMALS FOR TODAY
                         NORMAL    RECORD    YEAR
 MAXIMUM TEMPERATURE (F)   66        88      1980
 MINIMUM TEMPERATURE (F)   36        17      1985


SUNRISE AND SUNSET
SEPTEMBER 30 2016.....SUNRISE   703 AM MDT   SUNSET   648 PM MDT
OCTOBER  1 2016.......SUNRISE   704 AM MDT   SUNSET   646 PM MDT


-  INDICATES NEGATIVE NUMBERS.
R  INDICATES RECORD WAS SET OR TIED.
MM INDICATES DATA IS MISSING.
T  INDICATES TRACE AMOUNT.




$$
