000
CDUS45 KRIW 270801
CLICPR


CLIMATE REPORT
NATIONAL WEATHER SERVICE RIVERTON WY
200 AM MDT TUE JUN 27 2017


...................................

...THE CASPER WY CLIMATE SUMMARY FOR JUNE 26 2017...

CLIMATE NORMAL PERIOD 1981 TO 2010
CLIMATE RECORD PERIOD 1939 TO 2017


WEATHER ITEM   OBSERVED TIME   RECORD YEAR NORMAL DEPARTURE LAST
                VALUE   (LST)  VALUE       VALUE  FROM      YEAR
                                                  NORMAL
..................................................................
TEMPERATURE (F)
 YESTERDAY
  MAXIMUM         90    314 PM 100    1994  83      7       87
  MINIMUM         40    352 AM  37    2000  49     -9       38
  AVERAGE         65                        66     -1       63

PRECIPITATION (IN)
  YESTERDAY        0.00          0.57 1985   0.04  -0.04     0.00
  MONTH TO DATE    0.93                      1.43  -0.50     1.03
  SINCE JUN 1      0.93                      1.43  -0.50     1.03
  SINCE JAN 1      8.53                      6.64   1.89    10.49

SNOWFALL (IN)
  YESTERDAY        0.0                       0.0    0.0      0.0
  MONTH TO DATE    0.0                       0.1   -0.1      0.0
  SINCE JUN 1      0.0                       0.1   -0.1      0.0
  SINCE JUL 1     70.0                      74.9   -4.9     86.6
  SNOW DEPTH       0

DEGREE DAYS
 HEATING
  YESTERDAY        0                         2     -2        2
  MONTH TO DATE   77                       128    -51       37
  SINCE JUN 1     77                       128    -51       37
  SINCE JUL 1   7028                      7572   -544     6942

 COOLING
  YESTERDAY        0                         3     -3        0
  MONTH TO DATE   33                        40     -7       89
  SINCE JUN 1     33                        40     -7       89
  SINCE JAN 1     33                        44    -11       89
..................................................................


WIND (MPH)
  HIGHEST WIND SPEED    20   HIGHEST WIND DIRECTION     S (180)
  HIGHEST GUST SPEED    24   HIGHEST GUST DIRECTION     S (170)
  AVERAGE WIND SPEED     6.4


SKY COVER
  POSSIBLE SUNSHINE  MM
  AVERAGE SKY COVER 0.0


WEATHER CONDITIONS
 THE FOLLOWING WEATHER WAS RECORDED YESTERDAY.
  NO SIGNIFICANT WEATHER WAS OBSERVED.


RELATIVE HUMIDITY (PERCENT)
 HIGHEST    82           200 AM
 LOWEST     10           300 PM
 AVERAGE    46

..........................................................


THE CASPER WY CLIMATE NORMALS FOR TODAY
                         NORMAL    RECORD    YEAR
 MAXIMUM TEMPERATURE (F)   84       101      1990
                                             1970
 MINIMUM TEMPERATURE (F)   49        38      2011


SUNRISE AND SUNSET
JUNE 27 2017..........SUNRISE   529 AM MDT   SUNSET   849 PM MDT
JUNE 28 2017..........SUNRISE   530 AM MDT   SUNSET   849 PM MDT


-  INDICATES NEGATIVE NUMBERS.
R  INDICATES RECORD WAS SET OR TIED.
MM INDICATES DATA IS MISSING.
T  INDICATES TRACE AMOUNT.




$$
