000
CDUS45 KRIW 270739
CLICPR


CLIMATE REPORT
NATIONAL WEATHER SERVICE RIVERTON WY
138 AM MDT FRI MAY 27 2016


...................................

...THE CASPER WY CLIMATE SUMMARY FOR MAY 26 2016...

CLIMATE NORMAL PERIOD 1981 TO 2010
CLIMATE RECORD PERIOD 1939 TO 2016


WEATHER ITEM   OBSERVED TIME   RECORD YEAR NORMAL DEPARTURE LAST
                VALUE   (LST)  VALUE       VALUE  FROM      YEAR
                                                  NORMAL
..................................................................
TEMPERATURE (F)
 YESTERDAY
  MAXIMUM         66    240 PM  91    2006  71     -5       70
  MINIMUM         35    340 AM  29    1989  40     -5       41
                                      1950
  AVERAGE         51                        55     -4       56

PRECIPITATION (IN)
  YESTERDAY        0.00          0.96 1997   0.06  -0.06     0.06
  MONTH TO DATE    2.81                      1.70   1.11     3.45
  SINCE MAR 1      7.80                      3.81   3.99     5.75
  SINCE JAN 1      9.26                      4.89   4.37     7.06

SNOWFALL (IN)
  YESTERDAY        0.0                       0.0    0.0      0.0
  MONTH TO DATE    0.0                       2.8   -2.8      6.3
  SINCE MAR 1     27.9                      25.3    2.6     20.3
  SINCE JUL 1     86.6                      74.7   11.9     71.7
  SNOW DEPTH       0

DEGREE DAYS
 HEATING
  YESTERDAY       14                        10      4        9
  MONTH TO DATE  405                       356     49      444
  SINCE MAR 1   1911                      1950    -39     1845
  SINCE JUL 1   6846                      7398   -552     6896

 COOLING
  YESTERDAY        0                         0      0        0
  MONTH TO DATE    0                         0      0        0
  SINCE MAR 1      0                         0      0        0
  SINCE JAN 1      0                         0      0        0
..................................................................


WIND (MPH)
  HIGHEST WIND SPEED    25   HIGHEST WIND DIRECTION    NW (330)
  HIGHEST GUST SPEED    31   HIGHEST GUST DIRECTION     N (340)
  AVERAGE WIND SPEED     9.3


SKY COVER
  POSSIBLE SUNSHINE  MM
  AVERAGE SKY COVER 0.2


WEATHER CONDITIONS
 THE FOLLOWING WEATHER WAS RECORDED YESTERDAY.
  NO SIGNIFICANT WEATHER WAS OBSERVED.


RELATIVE HUMIDITY (PERCENT)
 HIGHEST    92           100 AM
 LOWEST     31           300 PM
 AVERAGE    62

..........................................................


THE CASPER WY CLIMATE NORMALS FOR TODAY
                         NORMAL    RECORD    YEAR
 MAXIMUM TEMPERATURE (F)   71        91      1969
 MINIMUM TEMPERATURE (F)   40        30      1950


SUNRISE AND SUNSET
MAY 27 2016...........SUNRISE   532 AM MDT   SUNSET   834 PM MDT
MAY 28 2016...........SUNRISE   532 AM MDT   SUNSET   835 PM MDT


-  INDICATES NEGATIVE NUMBERS.
R  INDICATES RECORD WAS SET OR TIED.
MM INDICATES DATA IS MISSING.
T  INDICATES TRACE AMOUNT.




$$
