000
CDUS45 KRIW 010738
CLICPR


CLIMATE REPORT
NATIONAL WEATHER SERVICE RIVERTON WY
1238 AM MST SUN MAR 1 2015


...................................

...THE CASPER WY CLIMATE SUMMARY FOR FEBRUARY 28 2015...

CLIMATE NORMAL PERIOD 1981 TO 2010
CLIMATE RECORD PERIOD 1939 TO 2015


WEATHER ITEM   OBSERVED TIME   RECORD YEAR NORMAL DEPARTURE LAST
                VALUE   (LST)  VALUE       VALUE  FROM      YEAR
                                                  NORMAL
..................................................................
TEMPERATURE (F)
 YESTERDAY
  MAXIMUM         23    246 PM  61    1972  42    -19       39
  MINIMUM         11    851 AM -20    1996  18     -7        6
  AVERAGE         17                        30    -13       23

PRECIPITATION (IN)
  YESTERDAY        T             0.21 1994   0.02  -0.02     0.16
  MONTH TO DATE    0.79                      0.57   0.22     0.74
  SINCE DEC 1      2.56                      1.57   0.99     2.68
  SINCE JAN 1      1.31                      1.08   0.23     1.48

SNOWFALL (IN)
  YESTERDAY        T                         0.3   -0.3      2.0
  MONTH TO DATE   12.4                       9.8    2.6     11.5
  SINCE DEC 1     36.6                      29.9    6.7     41.4
  SINCE JUL 1     51.4                      49.4    2.0     66.2
  SNOW DEPTH       T

DEGREE DAYS
 HEATING
  YESTERDAY       48                        35     13       42
  MONTH TO DATE  969                      1070   -101     1282
  SINCE DEC 1   3276                      3594   -318     3920
  SINCE JUL 1   5051                      5448   -397     5764

 COOLING
  YESTERDAY        0                         0      0        0
  MONTH TO DATE    0                         0      0        0
  SINCE DEC 1      0                         0      0        0
  SINCE JAN 1      0                         0      0        0
..................................................................


WIND (MPH)
  HIGHEST WIND SPEED    15   HIGHEST WIND DIRECTION     E (70)
  HIGHEST GUST SPEED    19   HIGHEST GUST DIRECTION     E (70)
  AVERAGE WIND SPEED    10.4


SKY COVER
  POSSIBLE SUNSHINE  MM
  AVERAGE SKY COVER 0.9


WEATHER CONDITIONS
 THE FOLLOWING WEATHER WAS RECORDED YESTERDAY.
  LIGHT SNOW
  FOG


RELATIVE HUMIDITY (PERCENT)
 HIGHEST    80           100 AM
 LOWEST     57           200 PM
 AVERAGE    69

..........................................................


THE CASPER WY CLIMATE NORMALS FOR TODAY
                         NORMAL    RECORD    YEAR
 MAXIMUM TEMPERATURE (F)   43        64      1986
 MINIMUM TEMPERATURE (F)   19       -12      1960


SUNRISE AND SUNSET
MARCH  1 2015.........SUNRISE   642 AM MST   SUNSET   555 PM MST
MARCH  2 2015.........SUNRISE   640 AM MST   SUNSET   556 PM MST


-  INDICATES NEGATIVE NUMBERS.
R  INDICATES RECORD WAS SET OR TIED.
MM INDICATES DATA IS MISSING.
T  INDICATES TRACE AMOUNT.




$$
