000
CDUS45 KRIW 170734
CLICPR


CLIMATE REPORT
NATIONAL WEATHER SERVICE RIVERTON WY
1234 AM MST SAT FEB 17 2018


...................................

...THE CASPER WY CLIMATE SUMMARY FOR FEBRUARY 16 2018...

CLIMATE NORMAL PERIOD 1981 TO 2010
CLIMATE RECORD PERIOD 1939 TO 2018


WEATHER ITEM   OBSERVED TIME   RECORD YEAR NORMAL DEPARTURE LAST
                VALUE   (LST)  VALUE       VALUE  FROM      YEAR
                                                  NORMAL
..................................................................
TEMPERATURE (F)
 YESTERDAY
  MAXIMUM         40    231 PM  61    1996  38      2       58
  MINIMUM          8   1213 AM -21    1993  16     -8       37
  AVERAGE         24                        27     -3       48

PRECIPITATION (IN)
  YESTERDAY        0.00          0.15 2015   0.02  -0.02     0.00
  MONTH TO DATE    0.18                      0.31  -0.13     0.34
  SINCE DEC 1      2.23                      1.31   0.92     2.19
  SINCE JAN 1      0.86                      0.82   0.04     0.88

SNOWFALL (IN)
  YESTERDAY        0.0                       0.4   -0.4      0.0
  MONTH TO DATE    2.8                       5.6   -2.8      4.9
  SINCE DEC 1     34.5                      25.7    8.8     40.9
  SINCE JUL 1     43.7                      45.2   -1.5     44.1
  SNOW DEPTH       1

DEGREE DAYS
 HEATING
  YESTERDAY       41                        38      3       17
  MONTH TO DATE  644                       632     12      535
  SINCE DEC 1   3104                      3155    -51     3359
  SINCE JUL 1   4848                      5009   -161     4785

 COOLING
  YESTERDAY        0                         0      0        0
  MONTH TO DATE    0                         0      0        0
  SINCE DEC 1      0                         0      0        0
  SINCE JAN 1      0                         0      0        0
..................................................................


WIND (MPH)
  HIGHEST WIND SPEED    40   HIGHEST WIND DIRECTION    SW (240)
  HIGHEST GUST SPEED    50   HIGHEST GUST DIRECTION    SW (240)
  AVERAGE WIND SPEED    21.6


SKY COVER
  POSSIBLE SUNSHINE  MM
  AVERAGE SKY COVER 0.3


WEATHER CONDITIONS
 THE FOLLOWING WEATHER WAS RECORDED YESTERDAY.
  NO SIGNIFICANT WEATHER WAS OBSERVED.


RELATIVE HUMIDITY (PERCENT)
 HIGHEST    91          1200 AM
 LOWEST     29           200 PM
 AVERAGE    60

..........................................................


THE CASPER WY CLIMATE NORMALS FOR TODAY
                         NORMAL    RECORD    YEAR
 MAXIMUM TEMPERATURE (F)   38        58      1943
 MINIMUM TEMPERATURE (F)   16       -32      2006


SUNRISE AND SUNSET
FEBRUARY 17 2018......SUNRISE   700 AM MST   SUNSET   540 PM MST
FEBRUARY 18 2018......SUNRISE   659 AM MST   SUNSET   541 PM MST


-  INDICATES NEGATIVE NUMBERS.
R  INDICATES RECORD WAS SET OR TIED.
MM INDICATES DATA IS MISSING.
T  INDICATES TRACE AMOUNT.




$$
