000
CDUS46 KLOX 300120
CLICQT


CLIMATE REPORT
NATIONAL WEATHER SERVICE LOS ANGELES/OXNARD CA
619 PM PDT MON MAY 29 2017


...................................

...THE DOWNTOWN LOS ANGELES (USC) CA CLIMATE SUMMARY FOR MAY 29 2017...
VALID TODAY AS OF 0600 PM LOCAL TIME.

CLIMATE NORMAL PERIOD 1981 TO 2010
CLIMATE RECORD PERIOD 1877 TO 2017


WEATHER ITEM   OBSERVED TIME   RECORD YEAR NORMAL DEPARTURE LAST
                VALUE   (LST)  VALUE       VALUE  FROM      YEAR
                                                  NORMAL
..................................................................
TEMPERATURE (F)
 TODAY
  MAXIMUM         MM        MM  99    1978  75     MM       71
  MINIMUM         60        MM  46    1881  58      2       60
  AVERAGE         MM                        67     MM       66

PRECIPITATION (IN)
  TODAY            0.00          0.09 1918   0.00   0.00     0.00
  MONTH TO DATE    0.32                      0.25   0.07     0.05
  SINCE OCT 1     18.99                     14.54   4.45     6.88
  SINCE JAN 1     13.04                     10.51   2.53     5.85

SNOWFALL (IN)
  TODAY            0.0
  MONTH TO DATE    0.0
  SINCE MAR 1      0.0
  SINCE JUL 1      0.0

DEGREE DAYS
 HEATING
  TODAY           MM                         1     MM        0
  MONTH TO DATE   23                        42    -19       20
  SINCE MAR 1     77                       300   -223      118
  SINCE JUL 1    729                      1075   -346      758

 COOLING
  TODAY           MM                         2     MM        1
  MONTH TO DATE   91                        58     33       26
  SINCE MAR 1    263                       122    141      130
  SINCE JAN 1    271                       145    126      205
..................................................................


WIND (MPH)
  HIGHEST WIND SPEED    MM   HIGHEST WIND DIRECTION     E (99)
  HIGHEST GUST SPEED    MM   HIGHEST GUST DIRECTION    MM
  AVERAGE WIND SPEED    MM


SKY COVER
  POSSIBLE SUNSHINE  MM
  AVERAGE SKY COVER  MM


WEATHER CONDITIONS
 THE FOLLOWING WEATHER WAS RECORDED TODAY.
  HAZE


RELATIVE HUMIDITY (PERCENT)
 HIGHEST    90           100 AM
 LOWEST     MM
 AVERAGE    MM

..........................................................


THE DOWNTOWN LOS ANGELES (USC) CA CLIMATE NORMALS FOR TOMORROW
                         NORMAL    RECORD    YEAR
 MAXIMUM TEMPERATURE (F)   75        95      1972
 MINIMUM TEMPERATURE (F)   58        48      1878


SUNRISE AND SUNSET
MAY 29 2017...........SUNRISE   544 AM PDT   SUNSET   758 PM PDT
MAY 30 2017...........SUNRISE   543 AM PDT   SUNSET   758 PM PDT


-  INDICATES NEGATIVE NUMBERS.
R  INDICATES RECORD WAS SET OR TIED.
MM INDICATES DATA IS MISSING.
T  INDICATES TRACE AMOUNT.




$$
