000
CDUS46 KLOX 180902
CLICQT


CLIMATE REPORT
NATIONAL WEATHER SERVICE LOS ANGELES/OXNARD CA
202 AM PDT FRI APR 18 2014


...................................

...THE DOWNTOWN LOS ANGELES (USC) CA CLIMATE SUMMARY FOR APRIL 17 2014...

CLIMATE NORMAL PERIOD 1981 TO 2010
CLIMATE RECORD PERIOD 1877 TO 2014


WEATHER ITEM   OBSERVED TIME   RECORD YEAR NORMAL DEPARTURE LAST
                VALUE   (LST)  VALUE       VALUE  FROM      YEAR
                                                  NORMAL
..................................................................
TEMPERATURE (F)
 YESTERDAY
  MAXIMUM         71    100 PM  90    1999  73     -2       76
  MINIMUM         59    500 AM  40    1896  54      5       54
  AVERAGE         65                        63      2       65

PRECIPITATION (IN)
  YESTERDAY        0.00          1.24 2000   0.03  -0.03     0.00
  MONTH TO DATE    0.29                      0.60  -0.31      T
  SINCE JUL 1      6.02                     14.27  -8.25     5.14
  SINCE JAN 1      5.05                      9.95  -4.90     1.92

SNOWFALL (IN)
  YESTERDAY        0.0
  MONTH TO DATE    0.0
  SINCE MAR 1      0.0
  SINCE JUL 1      0.0

DEGREE DAYS
 HEATING
  YESTERDAY        0                         3     -3        0
  MONTH TO DATE   40                        63    -23       36
  SINCE MAR 1    103                       220   -117      131
  SINCE JUL 1    580                       995   -415      906

 COOLING
  YESTERDAY        0                         1     -1        0
  MONTH TO DATE   24                        17      7        2
  SINCE MAR 1     53                        37     16       15
  SINCE JAN 1     76                        60     16       23
..................................................................


WIND (MPH)
  HIGHEST WIND SPEED     9   HIGHEST WIND DIRECTION     W (280)
  HIGHEST GUST SPEED    13   HIGHEST GUST DIRECTION     W (270)
  AVERAGE WIND SPEED     2.1


SKY COVER
  POSSIBLE SUNSHINE  MM
  AVERAGE SKY COVER 0.7


WEATHER CONDITIONS
 THE FOLLOWING WEATHER WAS RECORDED YESTERDAY.
  HAZE


RELATIVE HUMIDITY (PERCENT)
 HIGHEST    80          1200 AM
 LOWEST     53          1200 PM
 AVERAGE    67

..........................................................


THE DOWNTOWN LOS ANGELES (USC) CA CLIMATE NORMALS FOR TODAY
                         NORMAL    RECORD    YEAR
 MAXIMUM TEMPERATURE (F)   73        91      1939
 MINIMUM TEMPERATURE (F)   54        40      1882


SUNRISE AND SUNSET
APRIL 18 2014.........SUNRISE   618 AM PDT   SUNSET   727 PM PDT
APRIL 19 2014.........SUNRISE   617 AM PDT   SUNSET   728 PM PDT


-  INDICATES NEGATIVE NUMBERS.
R  INDICATES RECORD WAS SET OR TIED.
MM INDICATES DATA IS MISSING.
T  INDICATES TRACE AMOUNT.




$$
