000
CDUS46 KLOX 230935
CLICQT


CLIMATE REPORT
NATIONAL WEATHER SERVICE LOS ANGELES/OXNARD CA
235 AM PDT SAT SEP 23 2017


...................................

...THE DOWNTOWN LOS ANGELES (USC) CA CLIMATE SUMMARY FOR SEPTEMBER 22 2017...

CLIMATE NORMAL PERIOD 1981 TO 2010
CLIMATE RECORD PERIOD 1877 TO 2017


WEATHER ITEM   OBSERVED TIME   RECORD YEAR NORMAL DEPARTURE LAST
                VALUE   (LST)  VALUE       VALUE  FROM      YEAR
                                                  NORMAL
..................................................................
TEMPERATURE (F)
 YESTERDAY
  MAXIMUM         76   1159 AM 104    1883  82     -6       79
  MINIMUM         62    607 AM  48    1895  63     -1       66
  AVERAGE         69                        72     -3       73

PRECIPITATION (IN)
  YESTERDAY        0.00          0.40 2007   0.02  -0.02     0.00
  MONTH TO DATE    0.07                      0.14  -0.07      T
  SINCE OCT 1     19.07                     14.83   4.24     6.88
  SINCE JAN 1     13.12                     10.80   2.32     5.85

SNOWFALL (IN)
  YESTERDAY        0.0
  MONTH TO DATE    0.0
  SINCE SEP 1      0.0
  SINCE JUL 1      0.0

DEGREE DAYS
 HEATING
  YESTERDAY        0                         0      0        0
  MONTH TO DATE    0                         0      0        0
  SINCE SEP 1      0                         0      0        0
  SINCE JUL 1      0                         0      0        0

 COOLING
  YESTERDAY        4                         7     -3        8
  MONTH TO DATE  241                       188     53      151
  SINCE SEP 1    241                       188     53      151
  SINCE JAN 1   1443                      1022    421     1146
..................................................................


WIND (MPH)
  HIGHEST WIND SPEED    12   HIGHEST WIND DIRECTION     W (270)
  HIGHEST GUST SPEED    19   HIGHEST GUST DIRECTION     W (280)
  AVERAGE WIND SPEED     2.5


SKY COVER
  POSSIBLE SUNSHINE  MM
  AVERAGE SKY COVER 0.1


WEATHER CONDITIONS
 THE FOLLOWING WEATHER WAS RECORDED YESTERDAY.
  NO SIGNIFICANT WEATHER WAS OBSERVED.


RELATIVE HUMIDITY (PERCENT)
 HIGHEST    73          1000 PM
 LOWEST     38          1200 PM
 AVERAGE    56

..........................................................


THE DOWNTOWN LOS ANGELES (USC) CA CLIMATE NORMALS FOR TODAY
                         NORMAL    RECORD    YEAR
 MAXIMUM TEMPERATURE (F)   82       104      1978
 MINIMUM TEMPERATURE (F)   62        44      1880


SUNRISE AND SUNSET
SEPTEMBER 23 2017.....SUNRISE   642 AM PDT   SUNSET   648 PM PDT
SEPTEMBER 24 2017.....SUNRISE   643 AM PDT   SUNSET   647 PM PDT


-  INDICATES NEGATIVE NUMBERS.
R  INDICATES RECORD WAS SET OR TIED.
MM INDICATES DATA IS MISSING.
T  INDICATES TRACE AMOUNT.




$$
