928
CDUS46 KLOX 260905
CLICQT


CLIMATE REPORT
NATIONAL WEATHER SERVICE LOS ANGELES/OXNARD CA
205 AM PDT TUE JUL 26 2016


...................................

...THE DOWNTOWN LOS ANGELES (USC) CA CLIMATE SUMMARY FOR JULY 25 2016...

CLIMATE NORMAL PERIOD 1981 TO 2010
CLIMATE RECORD PERIOD 1877 TO 2016


WEATHER ITEM   OBSERVED TIME   RECORD YEAR NORMAL DEPARTURE LAST
                VALUE   (LST)  VALUE       VALUE  FROM      YEAR
                                                  NORMAL
..................................................................
TEMPERATURE (F)
 YESTERDAY
  MAXIMUM         91   1136 AM 109    1891  84      7       87
  MINIMUM         69   1159 PM  52    1903  64      5       67
  AVERAGE         80                        74      6       77

PRECIPITATION (IN)
  YESTERDAY        0.00          0.04 1910   0.00   0.00     0.00
  MONTH TO DATE    0.00                      0.01  -0.01     0.38
  SINCE OCT 1      6.88                     14.65  -7.77     8.85
  SINCE JAN 1      5.85                     10.62  -4.77     4.24

SNOWFALL (IN)
  YESTERDAY        0.0
  MONTH TO DATE    0.0
  SINCE JUN 1      0.0
  SINCE JUL 1      0.0

DEGREE DAYS
 HEATING
  YESTERDAY        0                         0      0        0
  MONTH TO DATE    0                         0      0        0
  SINCE JUN 1      0                         8     -8        0
  SINCE JUL 1      0                         0      0        0

 COOLING
  YESTERDAY       15                         9      6       12
  MONTH TO DATE  240                       207     33      212
  SINCE JUN 1    435                       341     94      387
  SINCE JAN 1    642                       495    147      675
..................................................................


WIND (MPH)
  HIGHEST WIND SPEED     9   HIGHEST WIND DIRECTION     W (280)
  HIGHEST GUST SPEED    14   HIGHEST GUST DIRECTION     W (270)
  AVERAGE WIND SPEED     2.4


SKY COVER
  POSSIBLE SUNSHINE  MM
  AVERAGE SKY COVER 0.0


WEATHER CONDITIONS
 THE FOLLOWING WEATHER WAS RECORDED YESTERDAY.
  FOG
  HAZE


RELATIVE HUMIDITY (PERCENT)
 HIGHEST    90          1200 AM
 LOWEST     34          1100 AM
 AVERAGE    62

..........................................................


THE DOWNTOWN LOS ANGELES (USC) CA CLIMATE NORMALS FOR TODAY
                         NORMAL    RECORD    YEAR
 MAXIMUM TEMPERATURE (F)   84       100      1891
 MINIMUM TEMPERATURE (F)   64        52      1886


SUNRISE AND SUNSET
JULY 26 2016..........SUNRISE   601 AM PDT   SUNSET   758 PM PDT
JULY 27 2016..........SUNRISE   601 AM PDT   SUNSET   757 PM PDT


-  INDICATES NEGATIVE NUMBERS.
R  INDICATES RECORD WAS SET OR TIED.
MM INDICATES DATA IS MISSING.
T  INDICATES TRACE AMOUNT.




$$
