000
CDUS46 KLOX 170915
CLICQT


CLIMATE REPORT
NATIONAL WEATHER SERVICE LOS ANGELES/OXNARD CA
115 AM PST WED JAN 17 2018


...................................

...THE DOWNTOWN LOS ANGELES (USC) CA CLIMATE SUMMARY FOR JANUARY 16 2018...

CLIMATE NORMAL PERIOD 1981 TO 2010
CLIMATE RECORD PERIOD 1877 TO 2018


WEATHER ITEM   OBSERVED TIME   RECORD YEAR NORMAL DEPARTURE LAST
                VALUE   (LST)  VALUE       VALUE  FROM      YEAR
                                                  NORMAL
..................................................................
TEMPERATURE (F)
 YESTERDAY
  MAXIMUM         72    224 PM  86    1976  68      4       66
  MINIMUM         52    720 AM  31    1888  48      4       52
  AVERAGE         62                        58      4       59

PRECIPITATION (IN)
  YESTERDAY        0.00          2.74 1973   0.10  -0.10     0.00
  MONTH TO DATE    1.77                      1.65   0.12     2.85
  SINCE OCT 1      1.89                      5.68  -3.79     8.80
  SINCE JAN 1      1.77                      1.65   0.12     2.85

SNOWFALL (IN)
  YESTERDAY        0.0
  MONTH TO DATE    0.0
  SINCE DEC 1      0.0
  SINCE JUL 1      0.0

DEGREE DAYS
 HEATING
  YESTERDAY        3                         7     -4        6
  MONTH TO DATE   42                       118    -76      110
  SINCE DEC 1    172                       352   -180      307
  SINCE JUL 1    190                       483   -293      378

 COOLING
  YESTERDAY        0                         0      0        0
  MONTH TO DATE   10                         0     10        1
  SINCE DEC 1     22                         4     18        7
  SINCE JAN 1     10                         0     10        1
..................................................................


WIND (MPH)
  HIGHEST WIND SPEED     7   HIGHEST WIND DIRECTION     W (270)
  HIGHEST GUST SPEED    10   HIGHEST GUST DIRECTION     W (280)
  AVERAGE WIND SPEED     0.6


SKY COVER
  POSSIBLE SUNSHINE  MM
  AVERAGE SKY COVER 0.1


WEATHER CONDITIONS
 THE FOLLOWING WEATHER WAS RECORDED YESTERDAY.
  FOG
  FOG W/VISIBILITY <= 1/4 MILE
  HAZE


RELATIVE HUMIDITY (PERCENT)
 HIGHEST   100           400 AM
 LOWEST     38           200 PM
 AVERAGE    69

..........................................................


THE DOWNTOWN LOS ANGELES (USC) CA CLIMATE NORMALS FOR TODAY
                         NORMAL    RECORD    YEAR
 MAXIMUM TEMPERATURE (F)   68        90      1971
 MINIMUM TEMPERATURE (F)   48        34      1888
                                             1884


SUNRISE AND SUNSET
JANUARY 17 2018.......SUNRISE   658 AM PST   SUNSET   509 PM PST
JANUARY 18 2018.......SUNRISE   658 AM PST   SUNSET   510 PM PST


-  INDICATES NEGATIVE NUMBERS.
R  INDICATES RECORD WAS SET OR TIED.
MM INDICATES DATA IS MISSING.
T  INDICATES TRACE AMOUNT.




$$
