228
CDUS42 KILM 191320
CLICRE


CLIMATE REPORT
NATIONAL WEATHER SERVICE WILMINGTON NC
820 AM EST MON FEB 19 2018


...................................

...THE N.MYRTLE BEACH SOUTH CAROLINA CLIMATE SUMMARY FOR FEBRUARY 18 2018...

CLIMATE NORMAL PERIOD 1981 TO 2010
CLIMATE RECORD PERIOD 1949 TO 2018


WEATHER ITEM   OBSERVED TIME   RECORD YEAR NORMAL DEPARTURE LAST
                VALUE   (LST)  VALUE       VALUE  FROM      YEAR
                                                  NORMAL
..................................................................
TEMPERATURE (F)
 YESTERDAY
  MAXIMUM         67   1215 PM  81    1956  58      9       66
  MINIMUM         52   1159 PM  23    2013  39     13       41
                                      1950
  AVERAGE         60                        48     12       54

PRECIPITATION (IN)
  YESTERDAY        0.01          0.91 2008   0.14  -0.13      T
  MONTH TO DATE    1.31                      2.15  -0.84     1.31
  SINCE DEC 1      8.97                      9.30  -0.33     5.96
  SINCE JAN 1      5.53                      5.84  -0.31     3.34

SNOWFALL (IN)
  YESTERDAY       MM            MM          MM
  MONTH TO DATE   MM                        MM
  SINCE DEC 1     MM                        MM
  SINCE JUL 1     MM                        MM
  SNOW DEPTH      MM

DEGREE DAYS
 HEATING
  YESTERDAY        5                        17    -12       11
  MONTH TO DATE  205                       323   -118      224
  SINCE DEC 1   1390                      1430    -40     1050
  SINCE JUL 1   1731                      1791    -60     1353

 COOLING
  YESTERDAY        0                         0      0        0
  MONTH TO DATE    4                         0      4        0
  SINCE DEC 1      4                         3      1        0
  SINCE JAN 1      4                         0      4        0
..................................................................


WIND (MPH)
  RESULTANT WIND SPEED   4   RESULTANT WIND DIRECTION   E (70)
  HIGHEST WIND SPEED    20   HIGHEST WIND DIRECTION    NE (50)
  HIGHEST GUST SPEED    26   HIGHEST GUST DIRECTION     E (100)
  AVERAGE WIND SPEED     8.5


SKY COVER
  POSSIBLE SUNSHINE  MM
  AVERAGE SKY COVER 0.8


WEATHER CONDITIONS
 THE FOLLOWING WEATHER WAS RECORDED YESTERDAY.
  LIGHT RAIN
  FOG
  FOG W/VISIBILITY <= 1/4 MILE


RELATIVE HUMIDITY (PERCENT)
 HIGHEST   100          1200 AM
 LOWEST     52          1200 PM
 AVERAGE    76

..........................................................


THE N.MYRTLE BEACH SOUTH CAROLINA CLIMATE NORMALS FOR TODAY
                         NORMAL    RECORD    YEAR
 MAXIMUM TEMPERATURE (F)   58        73      2017
                                             2011
 MINIMUM TEMPERATURE (F)   39        19      2015


SUNRISE AND SUNSET
FEBRUARY 19 2018......SUNRISE   655 AM EST   SUNSET   603 PM EST
FEBRUARY 20 2018......SUNRISE   654 AM EST   SUNSET   604 PM EST


-  INDICATES NEGATIVE NUMBERS.
R  INDICATES RECORD WAS SET OR TIED.
MM INDICATES DATA IS MISSING.
T  INDICATES TRACE AMOUNT.




$$
