000
CDUS42 KILM 012044
CLICRE


CLIMATE REPORT
NATIONAL WEATHER SERVICE WILMINGTON NC
442 PM EDT SUN MAY 1 2016


...................................

...THE NORTH MYRTLE BEACH SC CLIMATE SUMMARY FOR MAY 1 2016...
VALID TODAY AS OF 0400 PM LOCAL TIME.

CLIMATE NORMAL PERIOD 1981 TO 2010
CLIMATE RECORD PERIOD 1949 TO 2016


WEATHER ITEM   OBSERVED TIME   RECORD YEAR NORMAL DEPARTURE LAST
                VALUE   (LST)  VALUE       VALUE  FROM      YEAR
                                                  NORMAL
..................................................................
TEMPERATURE (F)
 TODAY
  MAXIMUM         76   1238 PM  90    1953  75      1       69
  MINIMUM         68   1212 AM  42    1993  56     12       50
  AVERAGE         72                        66      6       60

PRECIPITATION (IN)
  TODAY            0.01                      0.09  -0.08      T
  MONTH TO DATE    0.01                      0.09  -0.08      T
  SINCE MAR 1      2.47                      6.97  -4.50     6.07
  SINCE JAN 1     10.54                     14.08  -3.54    13.26

DEGREE DAYS
 HEATING
  TODAY            0                         2     -2        5
  MONTH TO DATE    0                         2     -2        5
  SINCE MAR 1    294                       481   -187      360
  SINCE JUL 1   1769                      2425   -656     2447

 COOLING
  TODAY            7                         3      4        0
  MONTH TO DATE    7                         3      4        0
  SINCE MAR 1    107                        45     62       52
  SINCE JAN 1    107                        45     62       53
..................................................................


WIND (MPH)
  HIGHEST WIND SPEED    13   HIGHEST WIND DIRECTION     S (160)
  HIGHEST GUST SPEED    18   HIGHEST GUST DIRECTION     S (160)
  AVERAGE WIND SPEED     7.7


SKY COVER
  POSSIBLE SUNSHINE  MM
  AVERAGE SKY COVER 0.5


WEATHER CONDITIONS
 THE FOLLOWING WEATHER WAS RECORDED TODAY.
  THUNDERSTORM


RELATIVE HUMIDITY (PERCENT)
 HIGHEST    90           100 AM
 LOWEST     69          1100 AM
 AVERAGE    80

..........................................................


THE NORTH MYRTLE BEACH SC CLIMATE NORMALS FOR TOMORROW
                         NORMAL    RECORD    YEAR
 MAXIMUM TEMPERATURE (F)   76        90      1952
 MINIMUM TEMPERATURE (F)   57        48      2006
                                             1955


SUNRISE AND SUNSET
MAY  1 2016...........SUNRISE   626 AM EDT   SUNSET   759 PM EDT
MAY  2 2016...........SUNRISE   625 AM EDT   SUNSET   759 PM EDT


-  INDICATES NEGATIVE NUMBERS.
R  INDICATES RECORD WAS SET OR TIED.
MM INDICATES DATA IS MISSING.
T  INDICATES TRACE AMOUNT.




$$
