000
CDUS42 KILM 300841
CLICRE


CLIMATE REPORT
NATIONAL WEATHER SERVICE WILMINGTON NC
440 AM EDT FRI SEP 30 2016


...................................

...THE NORTH MYRTLE BEACH SC CLIMATE SUMMARY FOR SEPTEMBER 29 2016...

CLIMATE NORMAL PERIOD 1981 TO 2010
CLIMATE RECORD PERIOD 1949 TO 2016


WEATHER ITEM   OBSERVED TIME   RECORD YEAR NORMAL DEPARTURE LAST
                VALUE   (LST)  VALUE       VALUE  FROM      YEAR
                                                  NORMAL
..................................................................
TEMPERATURE (F)
 YESTERDAY
  MAXIMUM         83    234 PM  87    2005  80      3       85
  MINIMUM         71    720 PM  51    2003  63      8       74
                                      2001
  AVERAGE         77                        71      6       80

PRECIPITATION (IN)
  YESTERDAY        T                         0.17  -0.17     0.00
  MONTH TO DATE   17.72                      6.10  11.62     5.30
  SINCE SEP 1     17.72                      6.10  11.62     5.30
  SINCE JAN 1     43.36                     41.45   1.91    38.06

DEGREE DAYS
 HEATING
  YESTERDAY        0                         0      0        0
  MONTH TO DATE    0                         0      0        0
  SINCE SEP 1      0                         0      0        0
  SINCE JUL 1      0                         0      0        0

 COOLING
  YESTERDAY       12                         7      5       15
  MONTH TO DATE  363                       301     62      349
  SINCE SEP 1    363                       301     62      349
  SINCE JAN 1   2219                      1777    442     2058
..................................................................


WIND (MPH)
  HIGHEST WIND SPEED    20   HIGHEST WIND DIRECTION     S (200)
  HIGHEST GUST SPEED    25   HIGHEST GUST DIRECTION     S (200)
  AVERAGE WIND SPEED     9.3


SKY COVER
  POSSIBLE SUNSHINE  MM
  AVERAGE SKY COVER 0.2


WEATHER CONDITIONS
 THE FOLLOWING WEATHER WAS RECORDED YESTERDAY.
  THUNDERSTORM
  LIGHT RAIN
  FOG


RELATIVE HUMIDITY (PERCENT)
 HIGHEST    93           700 PM
 LOWEST     69          1100 AM
 AVERAGE    81

..........................................................


THE NORTH MYRTLE BEACH SC CLIMATE NORMALS FOR TODAY
                         NORMAL    RECORD    YEAR
 MAXIMUM TEMPERATURE (F)   80        86      2011
                                             1997
 MINIMUM TEMPERATURE (F)   62        48      2003
                                             2001


SUNRISE AND SUNSET
SEPTEMBER 30 2016.....SUNRISE   709 AM EDT   SUNSET   700 PM EDT
OCTOBER  1 2016.......SUNRISE   710 AM EDT   SUNSET   658 PM EDT


-  INDICATES NEGATIVE NUMBERS.
R  INDICATES RECORD WAS SET OR TIED.
MM INDICATES DATA IS MISSING.
T  INDICATES TRACE AMOUNT.




$$
