000
CDUS42 KILM 230940
CLICRE


CLIMATE REPORT
NATIONAL WEATHER SERVICE WILMINGTON NC
440 AM EST MON JAN 23 2017


...................................

...THE NORTH MYRTLE BEACH SC CLIMATE SUMMARY FOR JANUARY 22 2017...

CLIMATE NORMAL PERIOD 1981 TO 2010
CLIMATE RECORD PERIOD 1949 TO 2017


WEATHER ITEM   OBSERVED TIME   RECORD YEAR NORMAL DEPARTURE LAST
                VALUE   (LST)  VALUE       VALUE  FROM      YEAR
                                                  NORMAL
..................................................................
TEMPERATURE (F)
 YESTERDAY
  MAXIMUM         62   1129 PM  73    1999  55      7       42
  MINIMUM         58    837 AM  19    1994  36     22       35
  AVERAGE         60                        46     14       39

PRECIPITATION (IN)
  YESTERDAY        1.06                      0.12   0.94     0.52
  MONTH TO DATE    1.92                      2.44  -0.52     1.83
  SINCE DEC 1      4.54                      5.90  -1.36     4.95
  SINCE JAN 1      1.92                      2.44  -0.52     1.83

SNOWFALL (IN)
  YESTERDAY       MM
  MONTH TO DATE   MM
  SINCE DEC 1     MM
  SINCE JUL 1     MM
  SNOW DEPTH      MM

DEGREE DAYS
 HEATING
  YESTERDAY        5                        19    -14       26
  MONTH TO DATE  262                       429   -167      454
  SINCE DEC 1    698                       936   -238      628
  SINCE JUL 1   1001                      1297   -296      825

 COOLING
  YESTERDAY        0                         0      0        0
  MONTH TO DATE    0                         0      0        0
  SINCE DEC 1      0                         3     -3       51
  SINCE JAN 1      0                         0      0        0
..................................................................


WIND (MPH)
  HIGHEST WIND SPEED    17   HIGHEST WIND DIRECTION     E (80)
  HIGHEST GUST SPEED    24   HIGHEST GUST DIRECTION     E (90)
  AVERAGE WIND SPEED     7.2


SKY COVER
  POSSIBLE SUNSHINE  MM
  AVERAGE SKY COVER 0.6


WEATHER CONDITIONS
 THE FOLLOWING WEATHER WAS RECORDED YESTERDAY.
  THUNDERSTORM
  HEAVY RAIN
  RAIN
  LIGHT RAIN
  FOG


RELATIVE HUMIDITY (PERCENT)
 HIGHEST   100           800 AM
 LOWEST     90          1200 AM
 AVERAGE    95

..........................................................


THE NORTH MYRTLE BEACH SC CLIMATE NORMALS FOR TODAY
                         NORMAL    RECORD    YEAR
 MAXIMUM TEMPERATURE (F)   55        73      1950
 MINIMUM TEMPERATURE (F)   36        17      2011


SUNRISE AND SUNSET
JANUARY 23 2017.......SUNRISE   717 AM EST   SUNSET   537 PM EST
JANUARY 24 2017.......SUNRISE   716 AM EST   SUNSET   538 PM EST


-  INDICATES NEGATIVE NUMBERS.
R  INDICATES RECORD WAS SET OR TIED.
MM INDICATES DATA IS MISSING.
T  INDICATES TRACE AMOUNT.




$$
