000
CDUS42 KILM 282040
CLICRE


CLIMATE REPORT
NATIONAL WEATHER SERVICE WILMINGTON NC
440 PM EDT WED JUN 28 2017


...................................

...THE NORTH MYRTLE BEACH SC CLIMATE SUMMARY FOR JUNE 28 2017...
VALID TODAY AS OF 0400 PM LOCAL TIME.

CLIMATE NORMAL PERIOD 1981 TO 2010
CLIMATE RECORD PERIOD 1949 TO 2017


WEATHER ITEM   OBSERVED TIME   RECORD YEAR NORMAL DEPARTURE LAST
                VALUE   (LST)  VALUE       VALUE  FROM      YEAR
                                                  NORMAL
..................................................................
TEMPERATURE (F)
 TODAY
  MAXIMUM         83    259 PM  99    1998  87     -4       86
  MINIMUM         66    537 AM  60    2012  72     -6       75
  AVERAGE         75                        79     -4       81

PRECIPITATION (IN)
  TODAY            0.00                      0.16  -0.16     1.03
  MONTH TO DATE    3.65                      4.30  -0.65     3.24
  SINCE JUN 1      3.65                      4.30  -0.65     3.24
  SINCE JAN 1     16.86                     21.70  -4.84    18.98

DEGREE DAYS
 HEATING
  TODAY            0                         0      0        0
  MONTH TO DATE    3                         0      3        0
  SINCE JUN 1      3                         0      3        0
  SINCE JUL 1   1809                      2447   -638     1781

 COOLING
  TODAY           10                        14     -4       16
  MONTH TO DATE  332                       328      4      414
  SINCE JUN 1    332                       328      4      414
  SINCE JAN 1    695                       540    155      710
..................................................................


WIND (MPH)
  HIGHEST WIND SPEED    14   HIGHEST WIND DIRECTION    SE (140)
  HIGHEST GUST SPEED    17   HIGHEST GUST DIRECTION    NE (50)
  AVERAGE WIND SPEED     7.8


SKY COVER
  POSSIBLE SUNSHINE  MM
  AVERAGE SKY COVER 0.0


WEATHER CONDITIONS
 THE FOLLOWING WEATHER WAS RECORDED TODAY.
  NO SIGNIFICANT WEATHER WAS OBSERVED.


RELATIVE HUMIDITY (PERCENT)
 HIGHEST    90           200 AM
 LOWEST     37          1000 AM
 AVERAGE    64

..........................................................


THE NORTH MYRTLE BEACH SC CLIMATE NORMALS FOR TOMORROW
                         NORMAL    RECORD    YEAR
 MAXIMUM TEMPERATURE (F)   87        94      1952
 MINIMUM TEMPERATURE (F)   72        59      1955


SUNRISE AND SUNSET
JUNE 28 2017..........SUNRISE   607 AM EDT   SUNSET   830 PM EDT
JUNE 29 2017..........SUNRISE   607 AM EDT   SUNSET   830 PM EDT


-  INDICATES NEGATIVE NUMBERS.
R  INDICATES RECORD WAS SET OR TIED.
MM INDICATES DATA IS MISSING.
T  INDICATES TRACE AMOUNT.




$$
