000
CDUS44 KCRP 290834
CLICRP

CLIMATE REPORT
NATIONAL WEATHER SERVICE CORPUS CHRISTI TX
332 AM CDT SAT APR 29 2017


...................................

...THE CORPUS CHRISTI CLIMATE SUMMARY FOR APRIL 28 2017...

CLIMATE NORMAL PERIOD 1981 TO 2010
CLIMATE RECORD PERIOD 1887 TO 2017


WEATHER ITEM   OBSERVED TIME   RECORD YEAR NORMAL DEPARTURE LAST
                VALUE   (LST)  VALUE       VALUE  FROM      YEAR
                                                  NORMAL
..................................................................
TEMPERATURE (F)
 YESTERDAY
  MAXIMUM         94    336 PM 103    2014  84     10       85
  MINIMUM         73    632 AM  50    1997  66      7       76
  AVERAGE         84                        75      9       81

PRECIPITATION (IN)
  YESTERDAY        0.00          0.95 1936   0.07  -0.07      T
  MONTH TO DATE    2.19                      1.69   0.50     3.40
  SINCE MAR 1      7.18                      3.58   3.60     9.94
  SINCE JAN 1     10.02                      7.05   2.97    12.23

SNOWFALL (IN)
  YESTERDAY        0.0
  MONTH TO DATE    0.0
  SINCE MAR 1      0.0
  SINCE JUL 1      0.0
  SNOW DEPTH       0

DEGREE DAYS
 HEATING
  YESTERDAY        0                         0      0        0
  MONTH TO DATE    0                        15    -15        0
  SINCE MAR 1     16                        96    -80       21
  SINCE JUL 1    368                       896   -528      640

 COOLING
  YESTERDAY       19                        10      9       16
  MONTH TO DATE  283                       217     66      259
  SINCE MAR 1    486                       332    154      459
  SINCE JAN 1    755                       408    347      536
..................................................................


WIND (MPH)
  HIGHEST WIND SPEED    30   HIGHEST WIND DIRECTION    SE (150)
  HIGHEST GUST SPEED    36   HIGHEST GUST DIRECTION    SE (140)
  AVERAGE WIND SPEED    19.7


SKY COVER
  POSSIBLE SUNSHINE  MM
  AVERAGE SKY COVER 0.7


WEATHER CONDITIONS
 THE FOLLOWING WEATHER WAS RECORDED YESTERDAY.
  FOG
  HAZE


RELATIVE HUMIDITY (PERCENT)
 HIGHEST   100           300 AM
 LOWEST     49           400 PM
 AVERAGE    75

..........................................................


THE CORPUS CHRISTI CLIMATE NORMALS FOR TODAY
                         NORMAL    RECORD    YEAR
 MAXIMUM TEMPERATURE (F)   84        99      2014
 MINIMUM TEMPERATURE (F)   66        50      1996


SUNRISE AND SUNSET
APRIL 29 2017.........SUNRISE   652 AM CDT   SUNSET   803 PM CDT
APRIL 30 2017.........SUNRISE   651 AM CDT   SUNSET   804 PM CDT


-  INDICATES NEGATIVE NUMBERS.
R  INDICATES RECORD WAS SET OR TIED.
MM INDICATES DATA IS MISSING.
T  INDICATES TRACE AMOUNT.




$$
