000
CDUS44 KCRP 290040
CLICRP

CLIMATE REPORT
NATIONAL WEATHER SERVICE CORPUS CHRISTI TX
638 PM CST FRI NOV 28 2014


...................................

...THE CORPUS CHRISTI CLIMATE SUMMARY FOR NOVEMBER 28 2014...
VALID TODAY AS OF 0500 PM LOCAL TIME.

CLIMATE NORMAL PERIOD 1981 TO 2010
CLIMATE RECORD PERIOD 1887 TO 2014


WEATHER ITEM   OBSERVED TIME   RECORD YEAR NORMAL DEPARTURE LAST
                VALUE   (LST)  VALUE       VALUE  FROM      YEAR
                                                  NORMAL
..................................................................
TEMPERATURE (F)
 TODAY
  MAXIMUM         76    217 PM  89    1949  72      4       60
  MINIMUM         51    744 AM  27    2011  52     -1       38
  AVERAGE         64                        62      2       49

PRECIPITATION (IN)
  TODAY            0.00          0.56 1969   0.05  -0.05     0.00
  MONTH TO DATE    2.84                      1.88   0.96     3.39
  SINCE SEP 1     14.48                     10.50   3.98    12.15
  SINCE JAN 1     28.32                     29.84  -1.52    23.16

SNOWFALL (IN)
  TODAY            0.0
  MONTH TO DATE    0.0
  SINCE SEP 1      0.0
  SINCE JUL 1      0.0
  SNOW DEPTH       0

DEGREE DAYS
 HEATING
  TODAY            1                         5     -4       16
  MONTH TO DATE  161                        80     81      148
  SINCE SEP 1    161                        90     71      148
  SINCE JUL 1    161                        90     71      148

 COOLING
  TODAY            0                         3     -3        0
  MONTH TO DATE   52                       120    -68      129
  SINCE SEP 1    930                       910     20     1099
  SINCE JAN 1   3633                      3471    162     4112
..................................................................


WIND (MPH)
  HIGHEST WIND SPEED    20   HIGHEST WIND DIRECTION     S (170)
  HIGHEST GUST SPEED    26   HIGHEST GUST DIRECTION     S (170)


SKY COVER
  POSSIBLE SUNSHINE  MM
  AVERAGE SKY COVER 0.3


WEATHER CONDITIONS
 THE FOLLOWING WEATHER WAS RECORDED TODAY.
  FOG
  FOG W/VISIBILITY <= 1/4 MILE


RELATIVE HUMIDITY (PERCENT)
 HIGHEST   100           500 AM
 LOWEST     43           200 PM
 AVERAGE    72

..........................................................


THE CORPUS CHRISTI CLIMATE NORMALS FOR TOMORROW
                         NORMAL    RECORD    YEAR
 MAXIMUM TEMPERATURE (F)   72        95      1949
 MINIMUM TEMPERATURE (F)   52        30      1911


SUNRISE AND SUNSET
NOVEMBER 28 2014......SUNRISE   701 AM CST   SUNSET   535 PM CST
NOVEMBER 29 2014......SUNRISE   702 AM CST   SUNSET   534 PM CST


-  INDICATES NEGATIVE NUMBERS.
R  INDICATES RECORD WAS SET OR TIED.
MM INDICATES DATA IS MISSING.
T  INDICATES TRACE AMOUNT.




$$
