000
CDUS44 KCRP 251016
CLICRP

CLIMATE REPORT
NATIONAL WEATHER SERVICE CORPUS CHRISTI TX
416 AM CST THU DEC 25 2014


...................................

...THE CORPUS CHRISTI CLIMATE SUMMARY FOR DECEMBER 24 2014...

CLIMATE NORMAL PERIOD 1981 TO 2010
CLIMATE RECORD PERIOD 1887 TO 2014


WEATHER ITEM   OBSERVED TIME   RECORD YEAR NORMAL DEPARTURE LAST
                VALUE   (LST)  VALUE       VALUE  FROM      YEAR
                                                  NORMAL
..................................................................
TEMPERATURE (F)
 YESTERDAY
  MAXIMUM         62    258 PM  88    1974  67     -5       63
  MINIMUM         37   1126 PM  15    1989  47    -10       35
  AVERAGE         50                        57     -7       49

PRECIPITATION (IN)
  YESTERDAY        0.00          1.59 1938   0.06  -0.06     0.00
  MONTH TO DATE    0.43                      1.37  -0.94     0.03
  SINCE DEC 1      0.43                      1.37  -0.94     0.03
  SINCE JAN 1     28.75                     31.30  -2.55    23.19

SNOWFALL (IN)
  YESTERDAY        0.0
  MONTH TO DATE    0.0
  SINCE DEC 1      0.0
  SINCE JUL 1      0.0
  SNOW DEPTH       0

DEGREE DAYS
 HEATING
  YESTERDAY       15                         9      6       16
  MONTH TO DATE   75                       186   -111      219
  SINCE DEC 1     75                       186   -111      219
  SINCE JUL 1    236                       287    -51      376

 COOLING
  YESTERDAY        0                         1     -1        0
  MONTH TO DATE   52                        42     10       36
  SINCE DEC 1     52                        42     10       36
  SINCE JAN 1   3693                      3517    176     4148
..................................................................


WIND (MPH)
  HIGHEST WIND SPEED    26   HIGHEST WIND DIRECTION    NW (320)
  HIGHEST GUST SPEED    32   HIGHEST GUST DIRECTION     N (340)
  AVERAGE WIND SPEED    12.2


SKY COVER
  POSSIBLE SUNSHINE  MM
  AVERAGE SKY COVER 0.2


WEATHER CONDITIONS
 THE FOLLOWING WEATHER WAS RECORDED YESTERDAY.
  NO SIGNIFICANT WEATHER WAS OBSERVED.


RELATIVE HUMIDITY (PERCENT)
 HIGHEST    70           500 AM
 LOWEST     29           500 PM
 AVERAGE    50

..........................................................


THE CORPUS CHRISTI CLIMATE NORMALS FOR TODAY
                         NORMAL    RECORD    YEAR
 MAXIMUM TEMPERATURE (F)   67        89      1964
 MINIMUM TEMPERATURE (F)   47        14      1983


SUNRISE AND SUNSET
DECEMBER 25 2014......SUNRISE   718 AM CST   SUNSET   542 PM CST
DECEMBER 26 2014......SUNRISE   719 AM CST   SUNSET   542 PM CST


-  INDICATES NEGATIVE NUMBERS.
R  INDICATES RECORD WAS SET OR TIED.
MM INDICATES DATA IS MISSING.
T  INDICATES TRACE AMOUNT.




$$
