955
CDUS44 KCRP 161029
CLICRP

CLIMATE REPORT
NATIONAL WEATHER SERVICE CORPUS CHRISTI TX
428 AM CST MON JAN 16 2017


...................................

...THE CORPUS CHRISTI CLIMATE SUMMARY FOR JANUARY 15 2017...

CLIMATE NORMAL PERIOD 1981 TO 2010
CLIMATE RECORD PERIOD 1887 TO 2017


WEATHER ITEM   OBSERVED TIME   RECORD YEAR NORMAL DEPARTURE LAST
                VALUE   (LST)  VALUE       VALUE  FROM      YEAR
                                                  NORMAL
..................................................................
TEMPERATURE (F)
 YESTERDAY
  MAXIMUM         80R   136 PM  80    2016  67     13       80
                                      1996
                                      1980
  MINIMUM         66    401 AM  16    1888  47     19       45
  AVERAGE         73                        57     16       63

PRECIPITATION (IN)
  YESTERDAY        0.00          1.65 2010   0.05  -0.05     0.00
  MONTH TO DATE    0.07                      0.76  -0.69     2.08
  SINCE DEC 1      2.27                      2.59  -0.32     2.97
  SINCE JAN 1      0.07                      0.76  -0.69     2.08

SNOWFALL (IN)
  YESTERDAY        0.0
  MONTH TO DATE    0.0
  SINCE DEC 1      0.0
  SINCE JUL 1      0.0
  SNOW DEPTH       0

DEGREE DAYS
 HEATING
  YESTERDAY        0                         9     -9        2
  MONTH TO DATE   92                       135    -43      159
  SINCE DEC 1    241                       385   -144      318
  SINCE JUL 1    259                       486   -227      392

 COOLING
  YESTERDAY        8                         1      7        0
  MONTH TO DATE   55                        15     40        0
  SINCE DEC 1    143                        64     79       78
  SINCE JAN 1     55                        15     40        0
..................................................................


WIND (MPH)
  HIGHEST WIND SPEED    37   HIGHEST WIND DIRECTION    SE (150)
  HIGHEST GUST SPEED    45   HIGHEST GUST DIRECTION    SE (150)
  AVERAGE WIND SPEED    18.2


SKY COVER
  POSSIBLE SUNSHINE  MM
  AVERAGE SKY COVER 0.7


WEATHER CONDITIONS
 THE FOLLOWING WEATHER WAS RECORDED YESTERDAY.
  FOG
  HAZE


RELATIVE HUMIDITY (PERCENT)
 HIGHEST   100           500 AM
 LOWEST     67          1200 PM
 AVERAGE    84

..........................................................


THE CORPUS CHRISTI CLIMATE NORMALS FOR TODAY
                         NORMAL    RECORD    YEAR
 MAXIMUM TEMPERATURE (F)   67        83      2006
                                             1978
 MINIMUM TEMPERATURE (F)   47        16      1888


SUNRISE AND SUNSET
JANUARY 16 2017.......SUNRISE   722 AM CST   SUNSET   558 PM CST
JANUARY 17 2017.......SUNRISE   722 AM CST   SUNSET   559 PM CST


-  INDICATES NEGATIVE NUMBERS.
R  INDICATES RECORD WAS SET OR TIED.
MM INDICATES DATA IS MISSING.
T  INDICATES TRACE AMOUNT.




$$
