000
CDUS44 KCRP 180923
CLICRP

CLIMATE REPORT
NATIONAL WEATHER SERVICE CORPUS CHRISTI TX
422 AM CDT FRI APR 18 2014


...................................

...THE CORPUS CHRISTI CLIMATE SUMMARY FOR APRIL 17 2014...

CLIMATE NORMAL PERIOD 1981 TO 2010
CLIMATE RECORD PERIOD 1887 TO 2014


WEATHER ITEM   OBSERVED TIME   RECORD YEAR NORMAL DEPARTURE LAST
                VALUE   (LST)  VALUE       VALUE  FROM      YEAR
                                                  NORMAL
..................................................................
TEMPERATURE (F)
 YESTERDAY
  MAXIMUM         75    235 PM  92    1918  82     -7       88
  MINIMUM         66    958 PM  44    1999  63      3       75
  AVERAGE         71                        73     -2       82

PRECIPITATION (IN)
  YESTERDAY        0.12          1.28 1992   0.06   0.06      T
  MONTH TO DATE    0.43                      0.96  -0.53     0.17
  SINCE MAR 1      2.08                      2.85  -0.77     0.23
  SINCE JAN 1      2.99                      6.32  -3.33     1.92

SNOWFALL (IN)
  YESTERDAY        0.0
  MONTH TO DATE    0.0
  SINCE MAR 1      0.0
  SINCE JUL 1      T
  SNOW DEPTH       0

DEGREE DAYS
 HEATING
  YESTERDAY        0                         0      0        0
  MONTH TO DATE   14                        15     -1        6
  SINCE MAR 1    146                        96     50       70
  SINCE JUL 1   1145                       896    249      522

 COOLING
  YESTERDAY        6                         8     -2       17
  MONTH TO DATE  109                       117     -8      151
  SINCE MAR 1    193                       232    -39      308
  SINCE JAN 1    270                       308    -38      452
..................................................................


WIND (MPH)
  HIGHEST WIND SPEED    22   HIGHEST WIND DIRECTION     E (80)
  HIGHEST GUST SPEED    29   HIGHEST GUST DIRECTION     E (90)
  AVERAGE WIND SPEED    12.9


SKY COVER
  POSSIBLE SUNSHINE  MM
  AVERAGE SKY COVER 1.0


WEATHER CONDITIONS
 THE FOLLOWING WEATHER WAS RECORDED YESTERDAY.
  RAIN
  LIGHT RAIN
  FOG
  HAZE


RELATIVE HUMIDITY (PERCENT)
 HIGHEST    87          1100 AM
 LOWEST     73          1200 AM
 AVERAGE    80

..........................................................


THE CORPUS CHRISTI CLIMATE NORMALS FOR TODAY
                         NORMAL    RECORD    YEAR
 MAXIMUM TEMPERATURE (F)   82        96      1975
 MINIMUM TEMPERATURE (F)   64        49      1921


SUNRISE AND SUNSET
APRIL 18 2014.........SUNRISE   702 AM CDT   SUNSET   757 PM CDT
APRIL 19 2014.........SUNRISE   701 AM CDT   SUNSET   757 PM CDT


-  INDICATES NEGATIVE NUMBERS.
R  INDICATES RECORD WAS SET OR TIED.
MM INDICATES DATA IS MISSING.
T  INDICATES TRACE AMOUNT.




$$
