000
CDUS44 KCRP 230801
CLICRP

CLIMATE REPORT
NATIONAL WEATHER SERVICE CORPUS CHRISTI TX
300 AM CDT MON OCT 23 2017

...................................

...THE CORPUS CHRISTI CLIMATE SUMMARY FOR OCTOBER 22 2017...

CLIMATE NORMAL PERIOD 1981 TO 2010
CLIMATE RECORD PERIOD 1887 TO 2017


WEATHER ITEM   OBSERVED TIME   RECORD YEAR NORMAL DEPARTURE LAST
                VALUE   (LST)  VALUE       VALUE  FROM      YEAR
                                                  NORMAL
..................................................................
TEMPERATURE (F)
 YESTERDAY
  MAXIMUM         90   1207 PM  98    1950  83      7       81
  MINIMUM         65   1159 PM  45    1996  63      2       51
  AVERAGE         78                        73      5       66

PRECIPITATION (IN)
  YESTERDAY        T             2.20 1958   0.12  -0.12     0.00
  MONTH TO DATE    2.44                      2.68  -0.24     0.93
  SINCE SEP 1      3.90                      7.66  -3.76     3.98
  SINCE JAN 1     26.26                     27.00  -0.74    29.27

SNOWFALL (IN)
  YESTERDAY        0.0
  MONTH TO DATE    0.0
  SINCE SEP 1      0.0
  SINCE JUL 1      0.0
  SNOW DEPTH       0

DEGREE DAYS
 HEATING
  YESTERDAY        0                         0      0        0
  MONTH TO DATE    0                         0      0        0
  SINCE SEP 1      0                         0      0        0
  SINCE JUL 1      0                         0      0        0

 COOLING
  YESTERDAY       13                         9      4        1
  MONTH TO DATE  282                       240     42      323
  SINCE SEP 1    783                       722     61      922
  SINCE JAN 1   3764                      3283    481     3839
..................................................................

WIND (MPH)
  HIGHEST WIND SPEED    32   HIGHEST WIND DIRECTION     N (10)
  HIGHEST GUST SPEED    40   HIGHEST GUST DIRECTION     N (350)
  AVERAGE WIND SPEED     8.1

SKY COVER
  POSSIBLE SUNSHINE  MM
  AVERAGE SKY COVER 0.4

WEATHER CONDITIONS
 THE FOLLOWING WEATHER WAS RECORDED YESTERDAY.
  LIGHT RAIN
  FOG
  FOG W/VISIBILITY <= 1/4 MILE

RELATIVE HUMIDITY (PERCENT)
 HIGHEST   100           100 AM
 LOWEST     48           500 PM
 AVERAGE    74

..........................................................

THE CORPUS CHRISTI CLIMATE NORMALS FOR TODAY
                         NORMAL    RECORD    YEAR
 MAXIMUM TEMPERATURE (F)   83        94      2004
 MINIMUM TEMPERATURE (F)   63        41      1996

SUNRISE AND SUNSET
OCTOBER 23 2017.......SUNRISE   735 AM CDT   SUNSET   653 PM CDT
OCTOBER 24 2017.......SUNRISE   736 AM CDT   SUNSET   652 PM CDT

-  INDICATES NEGATIVE NUMBERS.
R  INDICATES RECORD WAS SET OR TIED.
MM INDICATES DATA IS MISSING.
T  INDICATES TRACE AMOUNT.

$$
