036
CDUS44 KCRP 162135
CLICRP

CLIMATE REPORT
NATIONAL WEATHER SERVICE CORPUS CHRISTI TX
332 PM CST TUE JAN 16 2018

...................................

...THE CORPUS CHRISTI CLIMATE SUMMARY FOR JANUARY 16 2018...
VALID AS OF 300 PM LOCAL TIME.

CLIMATE NORMAL PERIOD 1981 TO 2010
CLIMATE RECORD PERIOD 1887 TO 2018


WEATHER ITEM   OBSERVED TIME   RECORD YEAR NORMAL DEPARTURE LAST
                VALUE   (LST)  VALUE       VALUE  FROM      YEAR
                                                  NORMAL
..................................................................
TEMPERATURE (F)
 TODAY
  MAXIMUM         63    220 AM  83    2006  67     -4       77
                                      1978
  MINIMUM         30    259 PM  16    1888  47    -17       67
  AVERAGE         47                        57    -10       72

PRECIPITATION (IN)
  TODAY            0.27          1.46 1934   0.05   0.22     0.04
  MONTH TO DATE    0.27                      0.81  -0.54     0.11
  SINCE DEC 1      4.65                      2.64   2.01     2.31
  SINCE JAN 1      0.27                      0.81  -0.54     0.11

SNOWFALL (IN)
  TODAY            0.0
  MONTH TO DATE    0.0
  SINCE DEC 1      1.0
  SINCE JUL 1      1.0
  SNOW DEPTH       0

DEGREE DAYS
 HEATING
  TODAY           18                         9      9        0
  MONTH TO DATE  214                       144     70       92
  SINCE DEC 1    503                       394    109      241
  SINCE JUL 1    567                       495     72      259

 COOLING
  TODAY            0                         1     -1        7
  MONTH TO DATE    1                        16    -15       62
  SINCE DEC 1     39                        65    -26      150
  SINCE JAN 1      1                        16    -15       62
..................................................................


WIND (MPH)
  HIGHEST WIND SPEED    37   HIGHEST WIND DIRECTION     N (10)
  HIGHEST GUST SPEED    43   HIGHEST GUST DIRECTION     N (10)


SKY COVER
  POSSIBLE SUNSHINE  MM
  AVERAGE SKY COVER 1.0


WEATHER CONDITIONS
 THE FOLLOWING WEATHER WAS RECORDED TODAY.
  HEAVY RAIN
  RAIN
  LIGHT RAIN
  LT FREEZING RAIN
  LIGHT SNOW
  FOG


RELATIVE HUMIDITY (PERCENT)
 HIGHEST    96           900 AM
 LOWEST     85           100 PM
 AVERAGE    91

..........................................................


THE CORPUS CHRISTI CLIMATE NORMALS FOR TOMORROW
                         NORMAL    RECORD    YEAR
 MAXIMUM TEMPERATURE (F)   67        86      1936
 MINIMUM TEMPERATURE (F)   47        23      1930


SUNRISE AND SUNSET
JANUARY 16 2018.......SUNRISE   722 AM CST   SUNSET   558 PM CST
JANUARY 17 2018.......SUNRISE   722 AM CST   SUNSET   559 PM CST


-  INDICATES NEGATIVE NUMBERS.
R  INDICATES RECORD WAS SET OR TIED.
MM INDICATES DATA IS MISSING.
T  INDICATES TRACE AMOUNT.




$$
