000
CDUS41 KRLX 240816
CLICRW


CLIMATE REPORT
NATIONAL WEATHER SERVICE CHARLESTON WV
315 AM EST SAT FEB 24 2018


...................................

...THE CHARLESTON WV CLIMATE SUMMARY FOR FEBRUARY 23 2018...

CLIMATE NORMAL PERIOD 1981 TO 2010
CLIMATE RECORD PERIOD 1901 TO 2018


WEATHER ITEM   OBSERVED TIME   RECORD YEAR NORMAL DEPARTURE LAST
                VALUE   (LST)  VALUE       VALUE  FROM      YEAR
                                                  NORMAL
..................................................................
TEMPERATURE (F)
 YESTERDAY
  MAXIMUM         76R  1131 AM  75    1975  49     27       67
  MINIMUM         48    719 AM  -2    1963  30     18       47
  AVERAGE         62                        39     23       57

PRECIPITATION (IN)
  YESTERDAY        0.23          0.88 1998   0.13   0.10     0.00
  MONTH TO DATE    6.42                      2.59   3.83     1.32
  SINCE JAN 1      9.79                      5.59   4.20     6.09

SNOWFALL (IN)
  YESTERDAY        0.0           3.4  1988   0.3   -0.3      0.0
                                      2009
                                      2008
  MONTH TO DATE    0.7                       8.2   -7.5       T
  SINCE SEP 1     10.3                      27.6  -17.3      7.5
  SNOW DEPTH       0

DEGREE DAYS
 HEATING
  YESTERDAY        3                        26    -23        8
  MONTH TO DATE  486                       642   -156      449
  SINCE DEC 1   2419                      2446    -27     1970
  SINCE JUL 1   3205                      3330   -125     2624

 COOLING
  YESTERDAY        0                         0      0        0
  MONTH TO DATE    9                         0      9        0
  SINCE DEC 1      9                         1      8        0
  SINCE JAN 1      9                         0      9        0
..................................................................


WIND (MPH)
  HIGHEST WIND SPEED    24   HIGHEST WIND DIRECTION     W (280)
  HIGHEST GUST SPEED    37   HIGHEST GUST DIRECTION     W (280)
  AVERAGE WIND SPEED     4.1


SKY COVER
  POSSIBLE SUNSHINE  MM
  AVERAGE SKY COVER 0.7


WEATHER CONDITIONS
 THE FOLLOWING WEATHER WAS RECORDED YESTERDAY.
  THUNDERSTORM
  LIGHT RAIN
  FOG


RELATIVE HUMIDITY (PERCENT)
 HIGHEST   100          1200 AM
 LOWEST     54           200 PM
 AVERAGE    77

..........................................................


THE CHARLESTON WV CLIMATE NORMALS FOR TODAY
                         NORMAL    RECORD    YEAR
 MAXIMUM TEMPERATURE (F)   49        80      2017
 MINIMUM TEMPERATURE (F)   30         4      2015
                                             1967


SUNRISE AND SUNSET
FEBRUARY 24 2018......SUNRISE   705 AM EST   SUNSET   614 PM EST
FEBRUARY 25 2018......SUNRISE   704 AM EST   SUNSET   615 PM EST


-  INDICATES NEGATIVE NUMBERS.
R  INDICATES RECORD WAS SET OR TIED.
MM INDICATES DATA IS MISSING.
T  INDICATES TRACE AMOUNT.




$$
