000
CDUS41 KRLX 280731
CLICRW


CLIMATE REPORT
NATIONAL WEATHER SERVICE CHARLESTON WV
329 AM EDT SAT MAY 28 2016


...................................

...THE CHARLESTON WV CLIMATE SUMMARY FOR MAY 27 2016...

CLIMATE NORMAL PERIOD 1981 TO 2010
CLIMATE RECORD PERIOD 1901 TO 2016


WEATHER ITEM   OBSERVED TIME   RECORD YEAR NORMAL DEPARTURE LAST
                VALUE   (LST)  VALUE       VALUE  FROM      YEAR
                                                  NORMAL
..................................................................
TEMPERATURE (F)
 YESTERDAY
  MAXIMUM         89    545 PM  95    1918  77     12       83
  MINIMUM         59    527 AM  37    1949  56      3       65
  AVERAGE         74                        66      8       74

PRECIPITATION (IN)
  YESTERDAY        T             2.38 1917   0.16  -0.16     0.41
  MONTH TO DATE    5.09                      4.13   0.96     1.85
  SINCE JAN 1     16.86                     17.47  -0.61    19.11

SNOWFALL (IN)
  YESTERDAY        0.0
  MONTH TO DATE    0.0
  SINCE SEP 1     33.5
  SNOW DEPTH       0

DEGREE DAYS
 HEATING
  YESTERDAY        0                         2     -2        0
  MONTH TO DATE  138                       109     29       54
  SINCE MAR 1    781                      1003   -222      930
  SINCE JUL 1   3716                      4457   -741     4835

 COOLING
  YESTERDAY        9                         4      5        9
  MONTH TO DATE   46                        60    -14      134
  SINCE MAR 1     92                        92      0      149
  SINCE JAN 1     92                        92      0      149
..................................................................


WIND (MPH)
  HIGHEST WIND SPEED    25   HIGHEST WIND DIRECTION     S (160)
  HIGHEST GUST SPEED    34   HIGHEST GUST DIRECTION    SE (150)
  AVERAGE WIND SPEED     2.7


SKY COVER
  POSSIBLE SUNSHINE  MM
  AVERAGE SKY COVER 0.4


WEATHER CONDITIONS
 THE FOLLOWING WEATHER WAS RECORDED YESTERDAY.
  LIGHT RAIN
  FOG


RELATIVE HUMIDITY (PERCENT)
 HIGHEST    97           400 AM
 LOWEST     40           400 PM
 AVERAGE    69

..........................................................


THE CHARLESTON WV CLIMATE NORMALS FOR TODAY
                         NORMAL    RECORD    YEAR
 MAXIMUM TEMPERATURE (F)   77        94      1929
                                             1911
 MINIMUM TEMPERATURE (F)   56        38      1907


SUNRISE AND SUNSET
MAY 28 2016...........SUNRISE   606 AM EDT   SUNSET   842 PM EDT
MAY 29 2016...........SUNRISE   606 AM EDT   SUNSET   843 PM EDT


-  INDICATES NEGATIVE NUMBERS.
R  INDICATES RECORD WAS SET OR TIED.
MM INDICATES DATA IS MISSING.
T  INDICATES TRACE AMOUNT.




$$
