000
CDUS41 KRLX 240736
CLICRW


CLIMATE REPORT
NATIONAL WEATHER SERVICE CHARLESTON WV
327 AM EDT SUN MAY 24 2015


...................................

...THE CHARLESTON WV CLIMATE SUMMARY FOR MAY 23 2015...

CLIMATE NORMAL PERIOD 1981 TO 2010
CLIMATE RECORD PERIOD 1901 TO 2015


WEATHER ITEM   OBSERVED TIME   RECORD YEAR NORMAL DEPARTURE LAST
                VALUE   (LST)  VALUE       VALUE  FROM      YEAR
                                                  NORMAL
..................................................................
TEMPERATURE (F)
 YESTERDAY
  MAXIMUM         79    432 PM  92    1925  76      3       74
                                      1921
  MINIMUM         47    610 AM  34    1963  55     -8       54
  AVERAGE         63                        65     -2       64

PRECIPITATION (IN)
  YESTERDAY        0.00          1.52 1913   0.16  -0.16     0.00
  MONTH TO DATE    1.16                      3.49  -2.33     2.24
  SINCE JAN 1     18.42                     16.83   1.59    15.99

SNOWFALL (IN)
  YESTERDAY        0.0
  MONTH TO DATE    0.0
  SINCE SEP 1     29.1
  SNOW DEPTH       0

DEGREE DAYS
 HEATING
  YESTERDAY        2                         3     -1        1
  MONTH TO DATE   54                       100    -46       84
  SINCE MAR 1    930                       994    -64     1003
  SINCE JUL 1   4835                      4448    387     4770

 COOLING
  YESTERDAY        0                         3     -3        0
  MONTH TO DATE  104                        46     58       65
  SINCE MAR 1    119                        78     41       83
  SINCE JAN 1    119                        78     41       83
..................................................................


WIND (MPH)
  HIGHEST WIND SPEED    10   HIGHEST WIND DIRECTION    SW (240)
  HIGHEST GUST SPEED    14   HIGHEST GUST DIRECTION     W (260)
  AVERAGE WIND SPEED     2.4


SKY COVER
  POSSIBLE SUNSHINE  MM
  AVERAGE SKY COVER 0.3


WEATHER CONDITIONS
 THE FOLLOWING WEATHER WAS RECORDED YESTERDAY.
  FOG


RELATIVE HUMIDITY (PERCENT)
 HIGHEST   100           600 AM
 LOWEST     28           500 PM
 AVERAGE    64

..........................................................


THE CHARLESTON WV CLIMATE NORMALS FOR TODAY
                         NORMAL    RECORD    YEAR
 MAXIMUM TEMPERATURE (F)   76        92      1939
                                             1922
 MINIMUM TEMPERATURE (F)   55        32      1963


SUNRISE AND SUNSET
MAY 24 2015...........SUNRISE   609 AM EDT   SUNSET   838 PM EDT
MAY 25 2015...........SUNRISE   608 AM EDT   SUNSET   839 PM EDT


-  INDICATES NEGATIVE NUMBERS.
R  INDICATES RECORD WAS SET OR TIED.
MM INDICATES DATA IS MISSING.
T  INDICATES TRACE AMOUNT.




$$
