000
CDUS41 KRLX 312129
CLICRW


CLIMATE REPORT
NATIONAL WEATHER SERVICE CHARLESTON WV
527 PM EDT FRI OCT 31 2014


...................................

...THE CHARLESTON WV CLIMATE SUMMARY FOR OCTOBER 31 2014...
VALID TODAY AS OF 0500 PM LOCAL TIME.

CLIMATE NORMAL PERIOD 1981 TO 2010
CLIMATE RECORD PERIOD 1901 TO 2014


WEATHER ITEM   OBSERVED TIME   RECORD YEAR NORMAL DEPARTURE LAST
                VALUE   (LST)  VALUE       VALUE  FROM      YEAR
                                                  NORMAL
..................................................................
TEMPERATURE (F)
 TODAY
  MAXIMUM         50   1240 PM  86    1927  63    -13       73
  MINIMUM         33    723 AM  26    1980  41     -8       58
                                      1968
  AVERAGE         42                        52    -10       66

PRECIPITATION (IN)
  TODAY            0.02          1.60 1918   0.10  -0.08     0.04
  MONTH TO DATE    4.28                      2.67   1.61     1.27
  SINCE SEP 1      8.77                      5.92   2.85     3.76
  SINCE JAN 1     40.92                     37.03   3.89    37.80

DEGREE DAYS
 HEATING
  TODAY           23                        13     10        0
  MONTH TO DATE  292                       282     10      264
  SINCE SEP 1    337                       338     -1      303
  SINCE JUL 1    337                       340     -3      306

 COOLING
  TODAY            0                         0      0        1
  MONTH TO DATE   15                        21     -6       40
  SINCE SEP 1    142                       148     -6      155
  SINCE JAN 1   1049                      1094    -45     1121
..................................................................


WIND (MPH)
  HIGHEST WIND SPEED     7   HIGHEST WIND DIRECTION     W (270)
  HIGHEST GUST SPEED     9   HIGHEST GUST DIRECTION     W (270)
  AVERAGE WIND SPEED     1.1


SKY COVER
  POSSIBLE SUNSHINE  MM
  AVERAGE SKY COVER 0.7


WEATHER CONDITIONS
 THE FOLLOWING WEATHER WAS RECORDED TODAY.
  LIGHT RAIN
  FOG


RELATIVE HUMIDITY (PERCENT)
 HIGHEST   100           600 AM
 LOWEST     56           100 PM
 AVERAGE    78

..........................................................


THE CHARLESTON WV CLIMATE NORMALS FOR TOMORROW
                         NORMAL    RECORD    YEAR
 MAXIMUM TEMPERATURE (F)   63        85      1946
                                             1915
 MINIMUM TEMPERATURE (F)   41        25      1906


SUNRISE AND SUNSET
OCTOBER 31 2014.......SUNRISE   752 AM EDT   SUNSET   628 PM EDT
NOVEMBER  1 2014......SUNRISE   753 AM EDT   SUNSET   627 PM EDT


-  INDICATES NEGATIVE NUMBERS.
R  INDICATES RECORD WAS SET OR TIED.
MM INDICATES DATA IS MISSING.
T  INDICATES TRACE AMOUNT.




$$
