000
CDUS41 KRLX 212219
CLICRW


CLIMATE REPORT
NATIONAL WEATHER SERVICE CHARLESTON WV
519 PM EST TUE FEB 21 2017


...................................

...THE CHARLESTON WV CLIMATE SUMMARY FOR FEBRUARY 21 2017...
VALID TODAY AS OF 0500 PM LOCAL TIME.

CLIMATE NORMAL PERIOD 1981 TO 2010
CLIMATE RECORD PERIOD 1901 TO 2017


WEATHER ITEM   OBSERVED TIME   RECORD YEAR NORMAL DEPARTURE LAST
                VALUE   (LST)  VALUE       VALUE  FROM      YEAR
                                                  NORMAL
..................................................................
TEMPERATURE (F)
 TODAY
  MAXIMUM         74    359 PM  80    1913  48     26       59
  MINIMUM         43    211 AM   2    1968  30     13       48
  AVERAGE         59                        39     20       54

PRECIPITATION (IN)
  TODAY            0.00          1.57 1993   0.12  -0.12     0.85
  MONTH TO DATE    1.00                      2.34  -1.34     3.12
  SINCE DEC 1      9.60                      8.61   0.99    11.25
  SINCE JAN 1      5.77                      5.34   0.43     5.66

DEGREE DAYS
 HEATING
  TODAY            6                        26    -20       11
  MONTH TO DATE  433                       590   -157      603
  SINCE DEC 1   1954                      2394   -440     2124
  SINCE JUL 1   2608                      3278   -670     2776

 COOLING
  TODAY            0                         0      0        0
  MONTH TO DATE    0                         0      0        0
  SINCE DEC 1      0                         1     -1        0
  SINCE JAN 1      0                         0      0        0
..................................................................


WIND (MPH)
  HIGHEST WIND SPEED    10   HIGHEST WIND DIRECTION     S (160)
  HIGHEST GUST SPEED    14   HIGHEST GUST DIRECTION     S (160)
  AVERAGE WIND SPEED     1.5


SKY COVER
  POSSIBLE SUNSHINE  MM
  AVERAGE SKY COVER 0.5


WEATHER CONDITIONS
 THE FOLLOWING WEATHER WAS RECORDED TODAY.
  NO SIGNIFICANT WEATHER WAS OBSERVED.


RELATIVE HUMIDITY (PERCENT)
 HIGHEST    83           100 AM
 LOWEST     27           400 PM
 AVERAGE    55

..........................................................


THE CHARLESTON WV CLIMATE NORMALS FOR TOMORROW
                         NORMAL    RECORD    YEAR
 MAXIMUM TEMPERATURE (F)   48        74      1930
                                             1913
 MINIMUM TEMPERATURE (F)   30        -6      1968


SUNRISE AND SUNSET
FEBRUARY 21 2017......SUNRISE   709 AM EST   SUNSET   611 PM EST
FEBRUARY 22 2017......SUNRISE   708 AM EST   SUNSET   613 PM EST


-  INDICATES NEGATIVE NUMBERS.
R  INDICATES RECORD WAS SET OR TIED.
MM INDICATES DATA IS MISSING.
T  INDICATES TRACE AMOUNT.




$$
