000
CDUS41 KRLX 292149
CLICRW


CLIMATE REPORT
NATIONAL WEATHER SERVICE CHARLESTON WV
545 PM EDT SAT APR 29 2017


...................................

...THE CHARLESTON WV CLIMATE SUMMARY FOR APRIL 29 2017...
VALID TODAY AS OF 0500 PM LOCAL TIME.

CLIMATE NORMAL PERIOD 1981 TO 2010
CLIMATE RECORD PERIOD 1901 TO 2017


WEATHER ITEM   OBSERVED TIME   RECORD YEAR NORMAL DEPARTURE LAST
                VALUE   (LST)  VALUE       VALUE  FROM      YEAR
                                                  NORMAL
..................................................................
TEMPERATURE (F)
 TODAY
  MAXIMUM         86    223 PM  90    1996  72     14       77
  MINIMUM         65    655 AM  29    1976  48     17       57
  AVERAGE         76                        60     16       67

PRECIPITATION (IN)
  TODAY            0.01          0.88 1975   0.12  -0.11     0.00
  MONTH TO DATE    2.74                      3.13  -0.39     2.69
  SINCE MAR 1      6.93                      7.04  -0.11     5.34
  SINCE JAN 1     14.23                     13.23   1.00    11.51

DEGREE DAYS
 HEATING
  TODAY            0                         6     -6        0
  MONTH TO DATE  148                       288   -140      253
  SINCE MAR 1    717                       888   -171      638
  SINCE JUL 1   3424                      4342   -918     3573

 COOLING
  TODAY           11                         1     10        2
  MONTH TO DATE   38                        28     10       42
  SINCE MAR 1     41                        33      8       46
  SINCE JAN 1     41                        33      8       46
..................................................................


WIND (MPH)
  HIGHEST WIND SPEED    20   HIGHEST WIND DIRECTION    NW (310)
  HIGHEST GUST SPEED    28   HIGHEST GUST DIRECTION    NW (300)
  AVERAGE WIND SPEED     4.4


SKY COVER
  POSSIBLE SUNSHINE  MM
  AVERAGE SKY COVER 0.8


WEATHER CONDITIONS
 THE FOLLOWING WEATHER WAS RECORDED TODAY.
  THUNDERSTORM
  LIGHT RAIN


RELATIVE HUMIDITY (PERCENT)
 HIGHEST    87           800 AM
 LOWEST     48           100 PM
 AVERAGE    68

..........................................................


THE CHARLESTON WV CLIMATE NORMALS FOR TOMORROW
                         NORMAL    RECORD    YEAR
 MAXIMUM TEMPERATURE (F)   72        94      1942
 MINIMUM TEMPERATURE (F)   48        31      1977


SUNRISE AND SUNSET
APRIL 29 2017.........SUNRISE   632 AM EDT   SUNSET   816 PM EDT
APRIL 30 2017.........SUNRISE   630 AM EDT   SUNSET   817 PM EDT


-  INDICATES NEGATIVE NUMBERS.
R  INDICATES RECORD WAS SET OR TIED.
MM INDICATES DATA IS MISSING.
T  INDICATES TRACE AMOUNT.




$$
