000
CDUS41 KRLX 162132
CLICRW


CLIMATE REPORT
NATIONAL WEATHER SERVICE CHARLESTON WV
531 PM EDT WED APR 16 2014


...................................

...THE CHARLESTON WV CLIMATE SUMMARY FOR APRIL 16 2014...
VALID TODAY AS OF 0500 PM LOCAL TIME.

CLIMATE NORMAL PERIOD 1981 TO 2010
CLIMATE RECORD PERIOD 1901 TO 2014


WEATHER ITEM   OBSERVED TIME   RECORD YEAR NORMAL DEPARTURE LAST
                VALUE   (LST)  VALUE       VALUE  FROM      YEAR
                                                  NORMAL
..................................................................
TEMPERATURE (F)
 TODAY
  MAXIMUM         52    359 PM  89    2002  68    -16       86
                                      1922
  MINIMUM         26    626 AM  25    1950  45    -19       58
  AVERAGE         39                        56    -17       72

PRECIPITATION (IN)
  TODAY            0.00          1.90 1908   0.10  -0.10     0.20
  MONTH TO DATE    1.47                      1.66  -0.19     0.77
  SINCE MAR 1      5.17                      5.57  -0.40     3.94
  SINCE JAN 1     12.23                     11.76   0.47     9.97

DEGREE DAYS
 HEATING
  TODAY           26                         9     17        0
  MONTH TO DATE  136                       186    -50      154
  SINCE MAR 1    854                       786     68      931
  SINCE JUL 1   4621                      4240    381     4314

 COOLING
  TODAY            0                         1     -1        7
  MONTH TO DATE   15                        15      0       28
  SINCE MAR 1     15                        20     -5       28
  SINCE JAN 1     15                        20     -5       28
..................................................................


WIND (MPH)
  HIGHEST WIND SPEED    13   HIGHEST WIND DIRECTION    NE (60)
  HIGHEST GUST SPEED    20   HIGHEST GUST DIRECTION    NE (60)
  AVERAGE WIND SPEED     4.2


SKY COVER
  POSSIBLE SUNSHINE  MM
  AVERAGE SKY COVER 0.2


WEATHER CONDITIONS
 THE FOLLOWING WEATHER WAS RECORDED TODAY.
  NO SIGNIFICANT WEATHER WAS OBSERVED.


RELATIVE HUMIDITY (PERCENT)
 HIGHEST    92           700 AM
 LOWEST     28           400 PM
 AVERAGE    60

..........................................................


THE CHARLESTON WV CLIMATE NORMALS FOR TOMORROW
                         NORMAL    RECORD    YEAR
 MAXIMUM TEMPERATURE (F)   69        89      1976
 MINIMUM TEMPERATURE (F)   45        26      1980
                                             1962


SUNRISE AND SUNSET
APRIL 16 2014.........SUNRISE   649 AM EDT   SUNSET   804 PM EDT
APRIL 17 2014.........SUNRISE   648 AM EDT   SUNSET   805 PM EDT


-  INDICATES NEGATIVE NUMBERS.
R  INDICATES RECORD WAS SET OR TIED.
MM INDICATES DATA IS MISSING.
T  INDICATES TRACE AMOUNT.




$$
