000
CDUS42 KFFC 050823
CLICSG


CLIMATE REPORT
NATIONAL WEATHER SERVICE PEACHTREE CITY GA
423 AM EDT SAT SEP 5 2015


...................................

...THE COLUMBUS CLIMATE SUMMARY FOR SEPTEMBER 4 2015...

CLIMATE NORMAL PERIOD 1981 TO 2010
CLIMATE RECORD PERIOD 1948 TO 2015


WEATHER ITEM   OBSERVED TIME   RECORD YEAR NORMAL DEPARTURE LAST
                VALUE   (LST)  VALUE       VALUE  FROM      YEAR
                                                  NORMAL
..................................................................
TEMPERATURE (F)
 YESTERDAY
  MAXIMUM         95    328 PM  98    1954  89      6       90
                                      1951
  MINIMUM         73    656 AM  57    1952  70      3       70
  AVERAGE         84                        80      4       80

PRECIPITATION (IN)
  YESTERDAY        0.00          1.22 1988   0.11  -0.11     0.81
  MONTH TO DATE    0.00                      0.44  -0.44     3.43
  SINCE SEP 1      0.00                      0.44  -0.44     3.43
  SINCE JAN 1     33.29                     33.18   0.11    39.61

DEGREE DAYS
 HEATING
  YESTERDAY        0                         0      0        0
  MONTH TO DATE    0                         0      0        0
  SINCE SEP 1      0                         0      0        0
  SINCE JUL 1      0                         0      0        0

 COOLING
  YESTERDAY       19                        15      4       15
  MONTH TO DATE   71                        60     11       72
  SINCE SEP 1     71                        60     11       72
  SINCE JAN 1   2098                      1932    166     1867
..................................................................


WIND (MPH)
  HIGHEST WIND SPEED     9   HIGHEST WIND DIRECTION    NE (30)
  HIGHEST GUST SPEED    14   HIGHEST GUST DIRECTION     E (110)
  AVERAGE WIND SPEED     2.9


SKY COVER
  AVERAGE SKY COVER 0.0


WEATHER CONDITIONS
 THE FOLLOWING WEATHER WAS RECORDED YESTERDAY.
  NO SIGNIFICANT WEATHER WAS OBSERVED.


RELATIVE HUMIDITY (PERCENT)
 HIGHEST    93           200 AM
 LOWEST     36           400 PM
 AVERAGE    65

..........................................................


THE COLUMBUS CLIMATE NORMALS FOR TODAY
                         NORMAL    RECORD    YEAR
 MAXIMUM TEMPERATURE (F)   89        98      1954
                                             1951
 MINIMUM TEMPERATURE (F)   70        60      1984


SUNRISE AND SUNSET
SEPTEMBER  5 2015.....SUNRISE   717 AM EDT   SUNSET   759 PM EDT
SEPTEMBER  6 2015.....SUNRISE   718 AM EDT   SUNSET   758 PM EDT


-  INDICATES NEGATIVE NUMBERS.
R  INDICATES RECORD WAS SET OR TIED.
MM INDICATES DATA IS MISSING.
T  INDICATES TRACE AMOUNT.




$$
