000
CDUS42 KFFC 230817
CLICSG


CLIMATE REPORT
NATIONAL WEATHER SERVICE PEACHTREE CITY GA
417 AM EDT SAT JUL 23 2016


...................................

...THE COLUMBUS CLIMATE SUMMARY FOR JULY 22 2016...

CLIMATE NORMAL PERIOD 1981 TO 2010
CLIMATE RECORD PERIOD 1948 TO 2016


WEATHER ITEM   OBSERVED TIME   RECORD YEAR NORMAL DEPARTURE LAST
                VALUE   (LST)  VALUE       VALUE  FROM      YEAR
                                                  NORMAL
..................................................................
TEMPERATURE (F)
 YESTERDAY
  MAXIMUM         92    504 PM 102    1943  92      0       98
  MINIMUM         71    715 AM  61    1922  73     -2       76
  AVERAGE         82                        83     -1       87

PRECIPITATION (IN)
  YESTERDAY        0.00          2.57 1992   0.15  -0.15     0.00
  MONTH TO DATE    0.86                      3.48  -2.62     1.62
  SINCE JUN 1      3.01                      7.20  -4.19     5.69
  SINCE JAN 1     22.45                     27.69  -5.24    25.17

DEGREE DAYS
 HEATING
  YESTERDAY        0                         0      0        0
  MONTH TO DATE    0                         0      0        0
  SINCE JUN 1      0                         0      0        0
  SINCE JUL 1      0                         0      0        0

 COOLING
  YESTERDAY       17                        18     -1       22
  MONTH TO DATE  425                       388     37      409
  SINCE JUN 1    921                       834     87      881
  SINCE JAN 1   1307                      1192    115     1327
..................................................................


WIND (MPH)
  HIGHEST WIND SPEED     9   HIGHEST WIND DIRECTION    SW (220)
  HIGHEST GUST SPEED    13   HIGHEST GUST DIRECTION    SW (220)
  AVERAGE WIND SPEED     3.3


SKY COVER
  AVERAGE SKY COVER 0.2


WEATHER CONDITIONS
 THE FOLLOWING WEATHER WAS RECORDED YESTERDAY.
  FOG


RELATIVE HUMIDITY (PERCENT)
 HIGHEST   100           800 AM
 LOWEST     47           200 PM
 AVERAGE    74

..........................................................


THE COLUMBUS CLIMATE NORMALS FOR TODAY
                         NORMAL    RECORD    YEAR
 MAXIMUM TEMPERATURE (F)   92       103      1952
                                             1943
 MINIMUM TEMPERATURE (F)   73        63      1947


SUNRISE AND SUNSET
JULY 23 2016..........SUNRISE   648 AM EDT   SUNSET   844 PM EDT
JULY 24 2016..........SUNRISE   649 AM EDT   SUNSET   843 PM EDT


-  INDICATES NEGATIVE NUMBERS.
R  INDICATES RECORD WAS SET OR TIED.
MM INDICATES DATA IS MISSING.
T  INDICATES TRACE AMOUNT.




$$
