000
CDUS42 KFFC 180025
CLICSG


CLIMATE REPORT
NATIONAL WEATHER SERVICE PEACHTREE CITY GA
825 PM EDT THU AUG 17 2017


...................................

...THE COLUMBUS CLIMATE SUMMARY FOR AUGUST 17 2017...
VALID AS OF 0800 PM LOCAL TIME.

CLIMATE NORMAL PERIOD 1981 TO 2010
CLIMATE RECORD PERIOD 1948 TO 2017


WEATHER ITEM   OBSERVED TIME   RECORD YEAR NORMAL DEPARTURE LAST
                VALUE   (LST)  VALUE       VALUE  FROM      YEAR
                                                  NORMAL
..................................................................
TEMPERATURE (F)
 TODAY
  MAXIMUM         95    337 PM 102    2000  92      3       96
  MINIMUM         78    618 AM  65    2013  73      5       73
  AVERAGE         87                        82      5       85

PRECIPITATION (IN)
  TODAY            0.00          1.82 2009   0.12  -0.12     1.27
  MONTH TO DATE    2.81                      2.12   0.69     3.24
  SINCE JUN 1     11.37                     10.60   0.77     6.35
  SINCE JAN 1     36.94                     31.09   5.85    25.79

DEGREE DAYS
 COOLING
  TODAY           22                        17      5       20
  MONTH TO DATE  290                       293     -3      310
  SINCE JUN 1   1298                      1283     15     1413
  SINCE JAN 1   1850                      1641    209     1799
..................................................................


WIND (MPH)
  HIGHEST WIND SPEED    16   HIGHEST WIND DIRECTION    NW (310)
  HIGHEST GUST SPEED    22   HIGHEST GUST DIRECTION    NW (330)
  AVERAGE WIND SPEED     6.9


SKY COVER
  AVERAGE SKY COVER 0.1


WEATHER CONDITIONS
 THE FOLLOWING WEATHER WAS RECORDED TODAY.
  NO SIGNIFICANT WEATHER WAS OBSERVED.


RELATIVE HUMIDITY (PERCENT)
 HIGHEST    91           300 AM
 LOWEST     46           200 PM

..........................................................


THE COLUMBUS CLIMATE NORMALS FOR TOMORROW
                         NORMAL    RECORD
 MAXIMUM TEMPERATURE (F)   92       104
 MINIMUM TEMPERATURE (F)   73        62


SUNRISE AND SUNSET
AUGUST 17 2017........SUNRISE   705 AM EDT   SUNSET   822 PM EDT
AUGUST 18 2017........SUNRISE   706 AM EDT   SUNSET   821 PM EDT


-  INDICATES NEGATIVE NUMBERS.
R  INDICATES RECORD WAS SET OR TIED.
MM INDICATES DATA IS MISSING.
T  INDICATES TRACE AMOUNT.




$$
