000
CDUS42 KFFC 260022
CLICSG


CLIMATE REPORT
NATIONAL WEATHER SERVICE PEACHTREE CITY GA
822 PM EDT SAT OCT 25 2014


...................................

...THE COLUMBUS CLIMATE SUMMARY FOR OCTOBER 25 2014...
VALID AS OF 0800 PM LOCAL TIME.

CLIMATE NORMAL PERIOD 1981 TO 2010
CLIMATE RECORD PERIOD 1948 TO 2014


WEATHER ITEM   OBSERVED TIME   RECORD YEAR NORMAL DEPARTURE LAST
                VALUE   (LST)  VALUE       VALUE  FROM      YEAR
                                                  NORMAL
..................................................................
TEMPERATURE (F)
 TODAY
  MAXIMUM         79    346 PM  87    1984  75      4       63
  MINIMUM         48    646 AM  34    1965  52     -4       45
                                      1962
  AVERAGE         64                        64      0       54

PRECIPITATION (IN)
  TODAY            0.00          1.52 1977   0.07  -0.07     0.00
  MONTH TO DATE    4.26                      2.07   2.19     0.45
  SINCE SEP 1      8.37                      5.13   3.24     1.62
  SINCE JAN 1     44.55                     37.87   6.68    51.99

SNOWFALL (IN)
  TODAY            0.0           0.0  2002   0.0    0.0      0.0
                                      2001
  MONTH TO DATE    0.0                       0.0    0.0      0.0
  SINCE SEP 1      0.0                       0.0    0.0      0.0
  SINCE JUL 1      0.0                       0.0    0.0      0.0
  SNOW DEPTH       0

DEGREE DAYS
 HEATING
  TODAY            1                         4     -3       11
  MONTH TO DATE   31                        48    -17       27
  SINCE SEP 1     31                        51    -20       27
  SINCE JUL 1     31                        51    -20       27

 COOLING
  TODAY            0                         2     -2        0
  MONTH TO DATE  112                       106      6      142
  SINCE SEP 1    498                       456     42      537
  SINCE JAN 1   2293                      2328    -35     2321
..................................................................


WIND (MPH)
  HIGHEST WIND SPEED    13   HIGHEST WIND DIRECTION     N (10)
  HIGHEST GUST SPEED    17   HIGHEST GUST DIRECTION     N (10)
  AVERAGE WIND SPEED     5.1


SKY COVER
  AVERAGE SKY COVER 0.0


WEATHER CONDITIONS
 THE FOLLOWING WEATHER WAS RECORDED TODAY.
  NO SIGNIFICANT WEATHER WAS OBSERVED.


RELATIVE HUMIDITY (PERCENT)
 HIGHEST    80           600 AM
 LOWEST     27           200 PM

..........................................................


THE COLUMBUS CLIMATE NORMALS FOR TOMORROW
                         NORMAL    RECORD
 MAXIMUM TEMPERATURE (F)   75        88
 MINIMUM TEMPERATURE (F)   52        31


SUNRISE AND SUNSET
OCTOBER 25 2014.......SUNRISE   751 AM EDT   SUNSET   656 PM EDT
OCTOBER 26 2014.......SUNRISE   752 AM EDT   SUNSET   655 PM EDT


-  INDICATES NEGATIVE NUMBERS.
R  INDICATES RECORD WAS SET OR TIED.
MM INDICATES DATA IS MISSING.
T  INDICATES TRACE AMOUNT.




$$
