000
CDUS42 KFFC 240823
CLICSG


CLIMATE REPORT
NATIONAL WEATHER SERVICE PEACHTREE CITY GA
423 AM EDT FRI MAR 24 2017


...................................

...THE COLUMBUS CLIMATE SUMMARY FOR MARCH 23 2017...

CLIMATE NORMAL PERIOD 1981 TO 2010
CLIMATE RECORD PERIOD 1948 TO 2017


WEATHER ITEM   OBSERVED TIME   RECORD YEAR NORMAL DEPARTURE LAST
                VALUE   (LST)  VALUE       VALUE  FROM      YEAR
                                                  NORMAL
..................................................................
TEMPERATURE (F)
 YESTERDAY
  MAXIMUM         70   1259 PM  92    1907  71     -1       73
  MINIMUM         57    705 AM  28    1915  47     10       40
  AVERAGE         64                        59      5       57

PRECIPITATION (IN)
  YESTERDAY        0.00          4.65 1944   0.17  -0.17     0.00
  MONTH TO DATE    1.03                      4.09  -3.06     1.55
  SINCE MAR 1      1.03                      4.09  -3.06     1.55
  SINCE JAN 1     15.29                     12.38   2.91     8.98

SNOWFALL (IN)
  YESTERDAY        0.0           0.0  2002   0.0    0.0      0.0
                                      2001
                                      2000
  MONTH TO DATE    0.0                       0.1   -0.1      0.0
  SINCE MAR 1      0.0                       0.1   -0.1      0.0
  SINCE JUL 1      0.0                       0.4   -0.4      0.0
  SNOW DEPTH       0

DEGREE DAYS
 HEATING
  YESTERDAY        1                         7     -6        8
  MONTH TO DATE  203                       200      3      133
  SINCE MAR 1    203                       200      3      133
  SINCE JUL 1   1333                      1977   -644     1523

 COOLING
  YESTERDAY        0                         1     -1        0
  MONTH TO DATE   17                        16      1       50
  SINCE MAR 1     17                        16      1       50
  SINCE JAN 1     34                        20     14       52
..................................................................


WIND (MPH)
  HIGHEST WIND SPEED    18   HIGHEST WIND DIRECTION     E (90)
  HIGHEST GUST SPEED    25   HIGHEST GUST DIRECTION    SE (150)
  AVERAGE WIND SPEED    11.0


SKY COVER
  AVERAGE SKY COVER 0.7


WEATHER CONDITIONS
 THE FOLLOWING WEATHER WAS RECORDED YESTERDAY.
  HAZE


RELATIVE HUMIDITY (PERCENT)
 HIGHEST    56          1000 PM
 LOWEST     27          1200 AM
 AVERAGE    42

..........................................................


THE COLUMBUS CLIMATE NORMALS FOR TODAY
                         NORMAL    RECORD    YEAR
 MAXIMUM TEMPERATURE (F)   72        90      1907
 MINIMUM TEMPERATURE (F)   48        27      1968


SUNRISE AND SUNSET
MARCH 24 2017.........SUNRISE   738 AM EDT   SUNSET   754 PM EDT
MARCH 25 2017.........SUNRISE   737 AM EDT   SUNSET   755 PM EDT


-  INDICATES NEGATIVE NUMBERS.
R  INDICATES RECORD WAS SET OR TIED.
MM INDICATES DATA IS MISSING.
T  INDICATES TRACE AMOUNT.




$$
