000
CDUS44 KOHX 010657 CCA
CLICSV

CLIMATE REPORT...CORRECTED FOR ERRONEOUS MAXIMUM HIGH TEMP
NATIONAL WEATHER SERVICE NASHVILLE TN
123 AM CDT MON SEP 1 2014

...THE CROSSVILLE CLIMATE SUMMARY FOR AUGUST 31 2014...

CLIMATE NORMAL PERIOD 1981 TO 2010
CLIMATE RECORD PERIOD 1954 TO 2014


WEATHER ITEM   OBSERVED TIME   RECORD YEAR NORMAL DEPARTURE
                VALUE   (LST)  VALUE       VALUE  FROM
                                                  NORMAL
...............................................................
TEMPERATURE (F)
 YESTERDAY
MAXIMUM         MM   MM  92    1957         82     MM
MINIMUM         MM   MM  48    1954         62     MM
AVERAGE         MM                          72     MM

PRECIPITATION (IN)
  YESTERDAY        0.38          0.56 1982   0.11   0.27
  MONTH TO DATE    4.32                      3.99   0.33
  SINCE JUN 1     13.82                     13.74   0.08
  SINCE JAN 1     31.73                     38.12  -6.39

DEGREE DAYS
 HEATING
  YESTERDAY       MM                               MM
  MONTH TO DATE    0                                0
  SINCE JUN 1      1                              -15
  SINCE JUL 1      1                               -1

 COOLING
  YESTERDAY       MM                               MM
  MONTH TO DATE  289                              -4
  SINCE JUN 1    723                              -63
  SINCE JAN 1    841                              -28
...............................................................

WIND (MPH)
  HIGHEST WIND SPEED    15   HIGHEST WIND DIRECTION    SW (220)
  HIGHEST GUST SPEED    26   HIGHEST GUST DIRECTION    SW (230)
  AVERAGE WIND SPEED    5.1


SKY COVER
  POSSIBLE SUNSHINE  MM
  AVERAGE SKY COVER 0.5


WEATHER CONDITIONS
 THE FOLLOWING WEATHER WAS RECORDED YESTERDAY.
  THUNDERSTORM
  HEAVY RAIN
  RAIN
  LIGHT RAIN


RELATIVE HUMIDITY (PERCENT)
 HIGHEST    90           200 AM
 LOWEST     47          1000 AM
 AVERAGE    69

..........................................................

THE CROSSVILLE CLIMATE NORMALS FOR TODAY
                         NORMAL    RECORD    YEAR
 MAXIMUM TEMPERATURE (F)   82        95      1957
 MINIMUM TEMPERATURE (F)   62        43      1954


SUNRISE AND SUNSET
SEPTEMBER  1 2014.....SUNRISE   612 AM CDT   SUNSET   708 PM CDT
SEPTEMBER  2 2014.....SUNRISE   613 AM CDT   SUNSET   706 PM CDT


-  INDICATES NEGATIVE NUMBERS.
R  INDICATES RECORD WAS SET OR TIED.
MM INDICATES DATA IS MISSING.
T  INDICATES TRACE AMOUNT.
$$
31
