000
CDUS45 KTFX 191045
CLICTB


CLIMATE REPORT
NATIONAL WEATHER SERVICE GREAT FALLS MT
344 AM MST THU JAN 19 2017


...................................

...THE CUT BANK MT CLIMATE SUMMARY FOR JANUARY 18 2017...

CLIMATE NORMAL PERIOD 1981 TO 2010
CLIMATE RECORD PERIOD 1903 TO 2017


WEATHER ITEM   OBSERVED TIME   RECORD YEAR NORMAL DEPARTURE LAST
                VALUE   (LST)  VALUE       VALUE  FROM      YEAR
                                                  NORMAL
..................................................................
TEMPERATURE (F)
 YESTERDAY
  MAXIMUM         51    212 PM  54    2009  33     18       33
  MINIMUM         37    920 PM -36    1935  12     25        5
  AVERAGE         44                        22     22       19

PRECIPITATION (IN)
  YESTERDAY        0.00          0.27 1975   0.01  -0.01     0.00
  MONTH TO DATE    0.05                      0.12  -0.07     0.40
  SINCE OCT 1      1.48                      1.14   0.34     2.32
  SINCE JAN 1      0.05                      0.12  -0.07     0.40

SNOWFALL (IN)
  YESTERDAY       MM
  SNOW DEPTH       T

DEGREE DAYS
 HEATING
  YESTERDAY       21                        43    -22       46
  MONTH TO DATE  973                       777    196      886
  SINCE DEC 1   2618                      2104    514     2193
  SINCE JUL 1   4596                      4367    229     4231

 COOLING
  YESTERDAY        0                         0      0        0
  MONTH TO DATE    0                         0      0        0
  SINCE DEC 1      0                         0      0        0
  SINCE JAN 1      0                         0      0        0
..................................................................


WIND (MPH)
  HIGHEST WIND SPEED    32   HIGHEST WIND DIRECTION    SW (220)
  HIGHEST GUST SPEED    38   HIGHEST GUST DIRECTION    SW (220)
  AVERAGE WIND SPEED    12.8


SKY COVER
  AVERAGE SKY COVER 0.1


WEATHER CONDITIONS
 THE FOLLOWING WEATHER WAS RECORDED YESTERDAY.
  NO SIGNIFICANT WEATHER WAS OBSERVED.


RELATIVE HUMIDITY (PERCENT)
 HIGHEST    76          1000 PM
 LOWEST     42           300 AM
 AVERAGE    59

..........................................................


THE CUT BANK MT CLIMATE NORMALS FOR TODAY
                         NORMAL    RECORD    YEAR
 MAXIMUM TEMPERATURE (F)   33        61      1981
 MINIMUM TEMPERATURE (F)   12       -36      1954


SUNRISE AND SUNSET
JANUARY 19 2017.......SUNRISE   813 AM MST   SUNSET   508 PM MST
JANUARY 20 2017.......SUNRISE   812 AM MST   SUNSET   510 PM MST


-  INDICATES NEGATIVE NUMBERS.
R  INDICATES RECORD WAS SET OR TIED.
MM INDICATES DATA IS MISSING.
T  INDICATES TRACE AMOUNT.




$$
