000
CDUS45 KTFX 251101
CLICTB


CLIMATE REPORT
NATIONAL WEATHER SERVICE GREAT FALLS MT
459 AM MDT SUN SEP 25 2016


...................................

...THE CUT BANK MT CLIMATE SUMMARY FOR SEPTEMBER 24 2016...

CLIMATE NORMAL PERIOD 1981 TO 2010
CLIMATE RECORD PERIOD 1903 TO 2016


WEATHER ITEM   OBSERVED TIME   RECORD YEAR NORMAL DEPARTURE LAST
                VALUE   (LST)  VALUE       VALUE  FROM      YEAR
                                                  NORMAL
..................................................................
TEMPERATURE (F)
 YESTERDAY
  MAXIMUM         63   1223 PM  92    2001  65     -2       80
  MINIMUM         41   1027 PM   0    1926  37      4       40
  AVERAGE         52                        51      1       60

PRECIPITATION (IN)
  YESTERDAY        T             0.50 1908   0.04  -0.04     0.00
  MONTH TO DATE    1.26                      1.03   0.23     2.55
  SINCE OCT 1     11.82                     10.71   1.11    10.83
  SINCE JAN 1      9.90                      9.69   0.21     8.30

SNOWFALL (IN)
  YESTERDAY       MM
  SNOW DEPTH       0

DEGREE DAYS
 HEATING
  YESTERDAY       13                        14     -1        5
  MONTH TO DATE  294                       252     42      246
  SINCE SEP 1    294                       252     42      246
  SINCE JUL 1    467                       446     21      397

 COOLING
  YESTERDAY        0                         0      0        0
  MONTH TO DATE    5                         6     -1        3
  SINCE SEP 1      5                         6     -1        3
  SINCE JAN 1    108                       159    -51      231
..................................................................


WIND (MPH)
  HIGHEST WIND SPEED    26   HIGHEST WIND DIRECTION    NW (330)
  HIGHEST GUST SPEED    34   HIGHEST GUST DIRECTION     W (270)
  AVERAGE WIND SPEED    14.8


SKY COVER
  AVERAGE SKY COVER 0.3


WEATHER CONDITIONS
 THE FOLLOWING WEATHER WAS RECORDED YESTERDAY.
  LIGHT RAIN


RELATIVE HUMIDITY (PERCENT)
 HIGHEST    83           900 PM
 LOWEST     37          1000 AM
 AVERAGE    60

..........................................................


THE CUT BANK MT CLIMATE NORMALS FOR TODAY
                         NORMAL    RECORD    YEAR
 MAXIMUM TEMPERATURE (F)   64        90      2014
 MINIMUM TEMPERATURE (F)   37        -4      1934


SUNRISE AND SUNSET
SEPTEMBER 25 2016.....SUNRISE   721 AM MDT   SUNSET   720 PM MDT
SEPTEMBER 26 2016.....SUNRISE   723 AM MDT   SUNSET   718 PM MDT


-  INDICATES NEGATIVE NUMBERS.
R  INDICATES RECORD WAS SET OR TIED.
MM INDICATES DATA IS MISSING.
T  INDICATES TRACE AMOUNT.




$$
