000
CDUS45 KTFX 281008
CLICTB


CLIMATE REPORT
NATIONAL WEATHER SERVICE GREAT FALLS MT
407 AM MDT TUE JUL 28 2015


...................................

...THE CUT BANK MT CLIMATE SUMMARY FOR JULY 27 2015...

CLIMATE NORMAL PERIOD 1981 TO 2010
CLIMATE RECORD PERIOD 1903 TO 2015


WEATHER ITEM   OBSERVED TIME   RECORD YEAR NORMAL DEPARTURE LAST
                VALUE   (LST)  VALUE       VALUE  FROM      YEAR
                                                  NORMAL
..................................................................
TEMPERATURE (F)
 YESTERDAY
  MAXIMUM         63    120 PM  99    1933  82    -19       86
  MINIMUM         48    349 AM  36    1930  51     -3       43
  AVERAGE         56                        66    -10       65

PRECIPITATION (IN)
  YESTERDAY        0.09          1.85 1909   0.03   0.06     0.00
  MONTH TO DATE    0.95                      1.14  -0.19     0.42
  SINCE OCT 1      7.68                      8.35  -0.67    12.35
  SINCE JAN 1      5.15                      7.33  -2.18    11.15

SNOWFALL (IN)
  YESTERDAY       MM
  SNOW DEPTH       0

DEGREE DAYS
 HEATING
  YESTERDAY        9                         2      7        0
  MONTH TO DATE   63                        80    -17       17
  SINCE JUN 1    193                       313   -120      290
  SINCE JUL 1     63                        80    -17       17

 COOLING
  YESTERDAY        0                         3     -3        0
  MONTH TO DATE   63                        60      3       79
  SINCE JUN 1    123                        75     48       80
  SINCE JAN 1    123                        77     46       80
..................................................................


WIND (MPH)
  HIGHEST WIND SPEED    26   HIGHEST WIND DIRECTION     W (290)
  HIGHEST GUST SPEED    32   HIGHEST GUST DIRECTION    NW (300)
  AVERAGE WIND SPEED    12.2


SKY COVER
  AVERAGE SKY COVER 0.8


WEATHER CONDITIONS
 THE FOLLOWING WEATHER WAS RECORDED YESTERDAY.
  LIGHT RAIN
  FOG


RELATIVE HUMIDITY (PERCENT)
 HIGHEST    86           400 AM
 LOWEST     46           100 PM
 AVERAGE    66

..........................................................


THE CUT BANK MT CLIMATE NORMALS FOR TODAY
                         NORMAL    RECORD    YEAR
 MAXIMUM TEMPERATURE (F)   82       100      1939
 MINIMUM TEMPERATURE (F)   51        36      1930


SUNRISE AND SUNSET
JULY 28 2015..........SUNRISE   558 AM MDT   SUNSET   913 PM MDT
JULY 29 2015..........SUNRISE   600 AM MDT   SUNSET   912 PM MDT


-  INDICATES NEGATIVE NUMBERS.
R  INDICATES RECORD WAS SET OR TIED.
MM INDICATES DATA IS MISSING.
T  INDICATES TRACE AMOUNT.




$$
