000
CDUS45 KTFX 172229
CLICTB


CLIMATE REPORT
NATIONAL WEATHER SERVICE GREAT FALLS MT
428 PM MDT THU APR 17 2014


...................................

...THE CUT BANK MT CLIMATE SUMMARY FOR APRIL 17 2014...
VALID TODAY AS OF 0400 PM LOCAL TIME.

CLIMATE NORMAL PERIOD 1981 TO 2010
CLIMATE RECORD PERIOD 1903 TO 2014


WEATHER ITEM   OBSERVED TIME   RECORD YEAR NORMAL DEPARTURE LAST
                VALUE   (LST)  VALUE       VALUE  FROM      YEAR
                                                  NORMAL
..................................................................
TEMPERATURE (F)
 TODAY
  MAXIMUM         50    259 PM  80    1923  54     -4       42
  MINIMUM         20    344 AM  10    1970  29     -9       13
  AVERAGE         35                        41     -6       28

PRECIPITATION (IN)
  TODAY            0.00          0.68 1978   0.03  -0.03     0.00
  MONTH TO DATE    0.50                      0.38   0.12     0.68
  SINCE OCT 1      3.62                      2.31   1.31     4.15
  SINCE JAN 1      2.42                      1.29   1.13     1.98

SNOWFALL (IN)
  TODAY           MM
  SNOW DEPTH       2

DEGREE DAYS
 HEATING
  TODAY           30                        24      6       37
  MONTH TO DATE  431                       440     -9      526
  SINCE MAR 1   1653                      1478    175     1581
  SINCE JUL 1   7859                      7538    321     7320

 COOLING
  TODAY            0                         0      0        0
  MONTH TO DATE    0                         0      0        0
  SINCE MAR 1      0                         0      0        0
  SINCE JAN 1      0                         0      0        0
..................................................................


WIND (MPH)
  HIGHEST WIND SPEED    15   HIGHEST WIND DIRECTION     S (160)
  HIGHEST GUST SPEED    16   HIGHEST GUST DIRECTION     S (160)
  AVERAGE WIND SPEED     4.1


SKY COVER
  AVERAGE SKY COVER 0.8


WEATHER CONDITIONS
 THE FOLLOWING WEATHER WAS RECORDED TODAY.
  FOG
  FOG W/VISIBILITY <= 1/4 MILE


RELATIVE HUMIDITY (PERCENT)
 HIGHEST   100           300 AM
 LOWEST     56           200 PM
 AVERAGE    78

..........................................................


THE CUT BANK MT CLIMATE NORMALS FOR TOMORROW
                         NORMAL    RECORD    YEAR
 MAXIMUM TEMPERATURE (F)   54        81      1936
 MINIMUM TEMPERATURE (F)   29         3      1951


SUNRISE AND SUNSET
APRIL 17 2014.........SUNRISE   635 AM MDT   SUNSET   824 PM MDT
APRIL 18 2014.........SUNRISE   633 AM MDT   SUNSET   825 PM MDT


-  INDICATES NEGATIVE NUMBERS.
R  INDICATES RECORD WAS SET OR TIED.
MM INDICATES DATA IS MISSING.
T  INDICATES TRACE AMOUNT.




$$
