000
CDUS45 KTFX 061146
CLICTB


CLIMATE REPORT
NATIONAL WEATHER SERVICE GREAT FALLS MT
545 AM MDT FRI MAY 6 2016


...................................

...THE CUT BANK MT CLIMATE SUMMARY FOR MAY 5 2016...

CLIMATE NORMAL PERIOD 1981 TO 2010
CLIMATE RECORD PERIOD 1903 TO 2016


WEATHER ITEM   OBSERVED TIME   RECORD YEAR NORMAL DEPARTURE LAST
                VALUE   (LST)  VALUE       VALUE  FROM      YEAR
                                                  NORMAL
..................................................................
TEMPERATURE (F)
 YESTERDAY
  MAXIMUM         73   1229 PM  85    1992  59     14       70
  MINIMUM         46   1159 PM  15    1967  34     12       41
  AVERAGE         60                        47     13       56

PRECIPITATION (IN)
  YESTERDAY        0.04          0.83 1976   0.03   0.01      T
  MONTH TO DATE    0.04                      0.18  -0.14      T
  SINCE OCT 1      4.35                      2.89   1.46     3.88
  SINCE JAN 1      2.43                      1.87   0.56     1.35

SNOWFALL (IN)
  YESTERDAY       MM
  SNOW DEPTH       0

DEGREE DAYS
 HEATING
  YESTERDAY        5                        18    -13        9
  MONTH TO DATE   49                        95    -46       70
  SINCE MAR 1   1464                      1855   -391     1546
  SINCE JUL 1   6929                      7915   -986     7208

 COOLING
  YESTERDAY        0                         0      0        0
  MONTH TO DATE    0                         0      0        0
  SINCE MAR 1      0                         0      0        0
  SINCE JAN 1      0                         0      0        0
..................................................................


WIND (MPH)
  HIGHEST WIND SPEED    31   HIGHEST WIND DIRECTION     N (10)
  HIGHEST GUST SPEED    36   HIGHEST GUST DIRECTION     N (10)
  AVERAGE WIND SPEED    12.9


SKY COVER
  AVERAGE SKY COVER 0.3


WEATHER CONDITIONS
 THE FOLLOWING WEATHER WAS RECORDED YESTERDAY.
  NO SIGNIFICANT WEATHER WAS OBSERVED.


RELATIVE HUMIDITY (PERCENT)
 HIGHEST    82          1100 PM
 LOWEST     31          1000 AM
 AVERAGE    57

..........................................................


THE CUT BANK MT CLIMATE NORMALS FOR TODAY
                         NORMAL    RECORD    YEAR
 MAXIMUM TEMPERATURE (F)   60        85      1992
 MINIMUM TEMPERATURE (F)   34        18      1929


SUNRISE AND SUNSET
MAY  6 2016...........SUNRISE   601 AM MDT   SUNSET   852 PM MDT
MAY  7 2016...........SUNRISE   559 AM MDT   SUNSET   854 PM MDT


-  INDICATES NEGATIVE NUMBERS.
R  INDICATES RECORD WAS SET OR TIED.
MM INDICATES DATA IS MISSING.
T  INDICATES TRACE AMOUNT.




$$
