000
CDUS45 KTFX 220902
CLICTB


CLIMATE REPORT
NATIONAL WEATHER SERVICE GREAT FALLS MT
301 AM MDT TUE AUG 22 2017


...................................

...THE CUT BANK MT CLIMATE SUMMARY FOR AUGUST 21 2017...

CLIMATE NORMAL PERIOD 1981 TO 2010
CLIMATE RECORD PERIOD 1903 TO 2017


WEATHER ITEM   OBSERVED TIME   RECORD YEAR NORMAL DEPARTURE LAST
                VALUE   (LST)  VALUE       VALUE  FROM      YEAR
                                                  NORMAL
..................................................................
TEMPERATURE (F)
 YESTERDAY
  MAXIMUM         75    539 PM  95    1969  78     -3       87
  MINIMUM         47    615 AM  33    1992  47      0       49
  AVERAGE         61                        63     -2       68

PRECIPITATION (IN)
  YESTERDAY        0.00          1.69 1932   0.04  -0.04     0.00
  MONTH TO DATE    T                         0.79  -0.79     1.17
  SINCE OCT 1      8.94                      9.28  -0.34    10.56
  SINCE JAN 1      7.51                      8.26  -0.75     8.64

SNOWFALL (IN)
  YESTERDAY       MM
  SNOW DEPTH       0

DEGREE DAYS
 HEATING
  YESTERDAY        4                         4      0        0
  MONTH TO DATE   63                        57      6       52
  SINCE JUN 1    249                       376   -127      290
  SINCE JUL 1     78                       143    -65      126

 COOLING
  YESTERDAY        0                         2     -2        3
  MONTH TO DATE   18                        55    -37       25
  SINCE JUN 1    183                       142     41       98
  SINCE JAN 1    185                       144     41       98
..................................................................


WIND (MPH)
  HIGHEST WIND SPEED    15   HIGHEST WIND DIRECTION    NW (330)
  HIGHEST GUST SPEED    18   HIGHEST GUST DIRECTION    NW (330)
  AVERAGE WIND SPEED     8.0


SKY COVER
  AVERAGE SKY COVER 0.1


WEATHER CONDITIONS
 THE FOLLOWING WEATHER WAS RECORDED YESTERDAY.
  NO SIGNIFICANT WEATHER WAS OBSERVED.


RELATIVE HUMIDITY (PERCENT)
 HIGHEST    61           600 AM
 LOWEST     21           400 PM
 AVERAGE    41

..........................................................


THE CUT BANK MT CLIMATE NORMALS FOR TODAY
                         NORMAL    RECORD    YEAR
 MAXIMUM TEMPERATURE (F)   78        94      1976
 MINIMUM TEMPERATURE (F)   47        31      1992


SUNRISE AND SUNSET
AUGUST 22 2017........SUNRISE   633 AM MDT   SUNSET   830 PM MDT
AUGUST 23 2017........SUNRISE   635 AM MDT   SUNSET   829 PM MDT


-  INDICATES NEGATIVE NUMBERS.
R  INDICATES RECORD WAS SET OR TIED.
MM INDICATES DATA IS MISSING.
T  INDICATES TRACE AMOUNT.




$$
