000
CDUS45 KTFX 302230
CLICTB


CLIMATE REPORT
NATIONAL WEATHER SERVICE GREAT FALLS MT
430 PM MDT SUN APR 30 2017


...................................

...THE CUT BANK MT CLIMATE SUMMARY FOR APRIL 30 2017...
VALID TODAY AS OF 0400 PM LOCAL TIME.

CLIMATE NORMAL PERIOD 1981 TO 2010
CLIMATE RECORD PERIOD 1903 TO 2017


WEATHER ITEM   OBSERVED TIME   RECORD YEAR NORMAL DEPARTURE LAST
                VALUE   (LST)  VALUE       VALUE  FROM      YEAR
                                                  NORMAL
..................................................................
TEMPERATURE (F)
 TODAY
  MAXIMUM         58    107 PM  82    1968  58      0       54
  MINIMUM         41    544 AM  13    1909  33      8       32
  AVERAGE         50                        45      5       43

PRECIPITATION (IN)
  TODAY            0.00          0.75 1951   0.04  -0.04     0.00
  MONTH TO DATE    2.16                      0.78   1.38     1.91
  SINCE OCT 1      5.47                      2.71   2.76     4.58
  SINCE JAN 1      4.04                      1.69   2.35     2.66

DEGREE DAYS
 HEATING
  TODAY           15                        20     -5       22
  MONTH TO DATE  684                       720    -36      571
  SINCE MAR 1   1705                      1760    -55     1415
  SINCE JUL 1   8056                      7820    236     6880

 COOLING
  TODAY            0                         0      0        0
  MONTH TO DATE    0                         0      0        0
  SINCE MAR 1      0                         0      0        0
  SINCE JAN 1      0                         0      0        0
..................................................................


WIND (MPH)
  HIGHEST WIND SPEED    36   HIGHEST WIND DIRECTION     W (250)
  HIGHEST GUST SPEED    43   HIGHEST GUST DIRECTION     W (250)
  AVERAGE WIND SPEED    22.0


SKY COVER
  AVERAGE SKY COVER 0.5


WEATHER CONDITIONS
 THE FOLLOWING WEATHER WAS RECORDED TODAY.
  NO SIGNIFICANT WEATHER WAS OBSERVED.


RELATIVE HUMIDITY (PERCENT)
 HIGHEST    62           400 AM
 LOWEST     38           100 PM
 AVERAGE    50

..........................................................


THE CUT BANK MT CLIMATE NORMALS FOR TOMORROW
                         NORMAL    RECORD    YEAR
 MAXIMUM TEMPERATURE (F)   58        77      1914
 MINIMUM TEMPERATURE (F)   33        12      1954


SUNRISE AND SUNSET
APRIL 30 2017.........SUNRISE   611 AM MDT   SUNSET   843 PM MDT
MAY  1 2017...........SUNRISE   609 AM MDT   SUNSET   845 PM MDT


-  INDICATES NEGATIVE NUMBERS.
R  INDICATES RECORD WAS SET OR TIED.
MM INDICATES DATA IS MISSING.
T  INDICATES TRACE AMOUNT.




$$
