000
CDUS45 KTFX 252229
CLICTB


CLIMATE REPORT
NATIONAL WEATHER SERVICE GREAT FALLS MT
428 PM MDT SAT OCT 25 2014


...................................

...THE CUT BANK MT CLIMATE SUMMARY FOR OCTOBER 25 2014...
VALID TODAY AS OF 0400 PM LOCAL TIME.

CLIMATE NORMAL PERIOD 1981 TO 2010
CLIMATE RECORD PERIOD 1903 TO 2014


WEATHER ITEM   OBSERVED TIME   RECORD YEAR NORMAL DEPARTURE LAST
                VALUE   (LST)  VALUE       VALUE  FROM      YEAR
                                                  NORMAL
..................................................................
TEMPERATURE (F)
 TODAY
  MAXIMUM         54    150 PM  75    1929  51      3       63
  MINIMUM         38    707 AM -12    1919  27     11       34
  AVERAGE         46                        39      7       49

PRECIPITATION (IN)
  TODAY            0.00          0.68 1946   0.01  -0.01     0.00
  MONTH TO DATE    0.27                      0.38  -0.11     0.20
  SINCE OCT 1      0.27                      0.38  -0.11     0.20
  SINCE JAN 1     15.18                     10.26   4.92    13.90

SNOWFALL (IN)
  TODAY           MM
  SNOW DEPTH       0

DEGREE DAYS
 HEATING
  TODAY           19                        26     -7       16
  MONTH TO DATE  326                       525   -199      523
  SINCE SEP 1    640                       868   -228      746
  SINCE JUL 1    737                      1062   -325      818

 COOLING
  TODAY            0                         0      0        0
  MONTH TO DATE    0                         0      0        0
  SINCE SEP 1     11                         8      3       31
  SINCE JAN 1    208                       161     47      226
..................................................................


WIND (MPH)
  HIGHEST WIND SPEED    17   HIGHEST WIND DIRECTION    SE (150)
  HIGHEST GUST SPEED    20   HIGHEST GUST DIRECTION    SE (140)
  AVERAGE WIND SPEED     7.6


SKY COVER
  AVERAGE SKY COVER 0.3


WEATHER CONDITIONS
 THE FOLLOWING WEATHER WAS RECORDED TODAY.
  NO SIGNIFICANT WEATHER WAS OBSERVED.


RELATIVE HUMIDITY (PERCENT)
 HIGHEST    70           100 AM
 LOWEST     54           100 PM
 AVERAGE    62

..........................................................


THE CUT BANK MT CLIMATE NORMALS FOR TOMORROW
                         NORMAL    RECORD    YEAR
 MAXIMUM TEMPERATURE (F)   51        79      1944
 MINIMUM TEMPERATURE (F)   27       -14      1919


SUNRISE AND SUNSET
OCTOBER 25 2014.......SUNRISE   805 AM MDT   SUNSET   621 PM MDT
OCTOBER 26 2014.......SUNRISE   807 AM MDT   SUNSET   620 PM MDT


-  INDICATES NEGATIVE NUMBERS.
R  INDICATES RECORD WAS SET OR TIED.
MM INDICATES DATA IS MISSING.
T  INDICATES TRACE AMOUNT.




$$
