000
CDUS45 KTFX 252220
CLICTB


CLIMATE REPORT
NATIONAL WEATHER SERVICE GREAT FALLS MT
418 PM MDT MON MAY 25 2015


...................................

...THE CUT BANK MT CLIMATE SUMMARY FOR MAY 25 2015...
VALID TODAY AS OF 0400 PM LOCAL TIME.

CLIMATE NORMAL PERIOD 1981 TO 2010
CLIMATE RECORD PERIOD 1903 TO 2015


WEATHER ITEM   OBSERVED TIME   RECORD YEAR NORMAL DEPARTURE LAST
                VALUE   (LST)  VALUE       VALUE  FROM      YEAR
                                                  NORMAL
..................................................................
TEMPERATURE (F)
 TODAY
  MAXIMUM         72    223 PM  90    1928  65      7       71
  MINIMUM         36    457 AM  25    1904  40     -4       48
  AVERAGE         54                        53      1       60

PRECIPITATION (IN)
  TODAY            0.00          1.54 1997   0.08  -0.08     0.00
  MONTH TO DATE    1.17                      1.42  -0.25     0.92
  SINCE OCT 1      5.05                      4.13   0.92     5.62
  SINCE JAN 1      2.52                      3.11  -0.59     4.42

SNOWFALL (IN)
  TODAY           MM
  SNOW DEPTH       0

DEGREE DAYS
 HEATING
  TODAY           11                        13     -2        5
  MONTH TO DATE  447                       400     47      402
  SINCE MAR 1   1923                      2160   -237     2331
  SINCE JUL 1   7585                      8220   -635     8537

 COOLING
  TODAY            0                         0      0        0
  MONTH TO DATE    0                         0      0        0
  SINCE MAR 1      0                         0      0        0
  SINCE JAN 1      0                         0      0        0
..................................................................


WIND (MPH)
  HIGHEST WIND SPEED    18   HIGHEST WIND DIRECTION    SE (140)
  HIGHEST GUST SPEED    29   HIGHEST GUST DIRECTION    SE (130)
  AVERAGE WIND SPEED     8.1


SKY COVER
  AVERAGE SKY COVER 0.1


WEATHER CONDITIONS
 THE FOLLOWING WEATHER WAS RECORDED TODAY.
  NO SIGNIFICANT WEATHER WAS OBSERVED.


RELATIVE HUMIDITY (PERCENT)
 HIGHEST   100           500 AM
 LOWEST     32           300 PM
 AVERAGE    66

..........................................................


THE CUT BANK MT CLIMATE NORMALS FOR TOMORROW
                         NORMAL    RECORD    YEAR
 MAXIMUM TEMPERATURE (F)   65        88      1928
 MINIMUM TEMPERATURE (F)   41        17      1918


SUNRISE AND SUNSET
MAY 25 2015...........SUNRISE   537 AM MDT   SUNSET   916 PM MDT
MAY 26 2015...........SUNRISE   537 AM MDT   SUNSET   917 PM MDT


-  INDICATES NEGATIVE NUMBERS.
R  INDICATES RECORD WAS SET OR TIED.
MM INDICATES DATA IS MISSING.
T  INDICATES TRACE AMOUNT.




$$
