917
CDUS42 KTAE 150630
CLICTY


CLIMATE REPORT
NATIONAL WEATHER SERVICE TALLAHASSEE FL
130 AM EST FRI DEC 15 2017


...................................

...THE CROSS CITY  CLIMATE SUMMARY FOR DECEMBER 14 2017...

CLIMATE NORMAL PERIOD 1981 TO 2010
CLIMATE RECORD PERIOD 1948 TO 2017


WEATHER ITEM   OBSERVED TIME   NORMAL DEPARTURE LAST
                VALUE   (LST)  VALUE  FROM      YEAR
                                      NORMAL
......................................................
TEMPERATURE (F)
 YESTERDAY
  MAXIMUM         70        MM  67      3       75
  MINIMUM         37   1200 AM  43     -6       63
  AVERAGE         54            55     -1

PRECIPITATION (IN)
  YESTERDAY        0.00          0.08  -0.08     0.02
  MONTH TO DATE    3.11          1.26   1.85     3.14
  SINCE DEC 1      3.11          1.26   1.85     3.14
  SINCE JAN 1     58.85         47.10  11.75    62.74

DEGREE DAYS
 HEATING
  YESTERDAY       11            11      0
  MONTH TO DATE  140           130     10
  SINCE DEC 1    140           130     10
  SINCE JUL 1    293           298     -5

 COOLING
  YESTERDAY        0             1     -1
  MONTH TO DATE    8            14     -6
  SINCE DEC 1      8            14     -6
  SINCE JAN 1   2897          2616    281
......................................................


WIND (MPH)
  RESULTANT WIND SPEED   2   RESULTANT WIND DIRECTION   W (250)
  HIGHEST WIND SPEED    10   HIGHEST WIND DIRECTION     W (270)
  HIGHEST GUST SPEED    MM   HIGHEST GUST DIRECTION    MM
  AVERAGE WIND SPEED     2.7



WEATHER CONDITIONS
 THE FOLLOWING WEATHER WAS RECORDED YESTERDAY.
  NO SIGNIFICANT WEATHER WAS OBSERVED.


RELATIVE HUMIDITY (PERCENT)
 HIGHEST    96
 LOWEST     50

..........................................................




SUNRISE AND SUNSET
DECEMBER 15 2017......SUNRISE   720 AM EST   SUNSET   535 PM EST
DECEMBER 16 2017......SUNRISE   721 AM EST   SUNSET   536 PM EST


-  INDICATES NEGATIVE NUMBERS.
R  INDICATES RECORD WAS SET OR TIED.
MM INDICATES DATA IS MISSING.
T  INDICATES TRACE AMOUNT.




$$
