000
CDUS42 KTAE 120636
CLICTY


CLIMATE REPORT
NATIONAL WEATHER SERVICE TALLAHASSEE FL
135 AM EST FRI FEB 12 2016


...................................

...THE CROSS CITY  CLIMATE SUMMARY FOR FEBRUARY 11 2016...

CLIMATE NORMAL PERIOD 1981 TO 2010
CLIMATE RECORD PERIOD 1948 TO 2016


WEATHER ITEM   OBSERVED TIME   NORMAL DEPARTURE LAST
                VALUE   (LST)  VALUE  FROM      YEAR
                                      NORMAL
......................................................
TEMPERATURE (F)
 YESTERDAY
  MAXIMUM         67    224 PM  70     -3       68
  MINIMUM         28    625 AM  43    -15       35
  AVERAGE         48            56     -8

PRECIPITATION (IN)
  YESTERDAY        0.00          0.07  -0.07     0.00
  MONTH TO DATE    2.95          0.99   1.96     1.27
  SINCE DEC 1      8.29          7.55   0.74     7.45
  SINCE JAN 1      6.03          5.03   1.00     4.21

DEGREE DAYS
 HEATING
  YESTERDAY       17             9      8
  MONTH TO DATE  127           107     20
  SINCE DEC 1    557           817   -260
  SINCE JUL 1    595           985   -390

 COOLING
  YESTERDAY        0             1     -1
  MONTH TO DATE   17            11      6
  SINCE DEC 1    187            40    147
  SINCE JAN 1     21            22     -1
......................................................


WIND (MPH)
  RESULTANT WIND SPEED   4   RESULTANT WIND DIRECTION  SW (220)
  HIGHEST WIND SPEED    16   HIGHEST WIND DIRECTION    SW (210)
  HIGHEST GUST SPEED    23   HIGHEST GUST DIRECTION     S (200)
  AVERAGE WIND SPEED     5.0



WEATHER CONDITIONS
 THE FOLLOWING WEATHER WAS RECORDED YESTERDAY.
  NO SIGNIFICANT WEATHER WAS OBSERVED.


RELATIVE HUMIDITY (PERCENT)
 HIGHEST    93
 LOWEST     45

..........................................................




SUNRISE AND SUNSET
FEBRUARY 12 2016......SUNRISE   715 AM EST   SUNSET   619 PM EST
FEBRUARY 13 2016......SUNRISE   714 AM EST   SUNSET   620 PM EST


-  INDICATES NEGATIVE NUMBERS.
R  INDICATES RECORD WAS SET OR TIED.
MM INDICATES DATA IS MISSING.
T  INDICATES TRACE AMOUNT.




$$
