000
CDUS42 KTAE 040648
CLICTY


CLIMATE REPORT
NATIONAL WEATHER SERVICE TALLAHASSEE FL
247 AM EDT TUE AUG 4 2015


...................................

...THE CROSS CITY  CLIMATE SUMMARY FOR AUGUST 3 2015...

CLIMATE NORMAL PERIOD 1981 TO 2010
CLIMATE RECORD PERIOD 1948 TO 2015


WEATHER ITEM   OBSERVED TIME   NORMAL DEPARTURE LAST
                VALUE   (LST)  VALUE  FROM      YEAR
                                      NORMAL
......................................................
TEMPERATURE (F)
 YESTERDAY
  MAXIMUM         89    403 PM  91     -2       96
  MINIMUM         77    718 AM  72      5       73
  AVERAGE         83            82      1

PRECIPITATION (IN)
  YESTERDAY        0.41          0.24   0.17     0.00
  MONTH TO DATE    9.79          0.75   9.04     0.00
  SINCE JUN 1     35.43         11.50  23.93    11.06
  SINCE JAN 1     48.57         28.67  19.90    36.56

DEGREE DAYS
 HEATING
  YESTERDAY        0             0      0
  MONTH TO DATE    0             0      0
  SINCE JUN 1      0             0      0
  SINCE JUL 1      0             0      0

 COOLING
  YESTERDAY       18            17      1
  MONTH TO DATE   47            51     -4
  SINCE JUN 1   1116          1006    110
  SINCE JAN 1   1955          1485    470
......................................................


WIND (MPH)
  RESULTANT WIND SPEED   6   RESULTANT WIND DIRECTION   W (260)
  HIGHEST WIND SPEED    18   HIGHEST WIND DIRECTION     S (200)
  HIGHEST GUST SPEED    23   HIGHEST GUST DIRECTION     S (200)
  AVERAGE WIND SPEED     7.3



WEATHER CONDITIONS
 THE FOLLOWING WEATHER WAS RECORDED YESTERDAY.
  NO SIGNIFICANT WEATHER WAS OBSERVED.


RELATIVE HUMIDITY (PERCENT)
 HIGHEST    97
 LOWEST     68

..........................................................




SUNRISE AND SUNSET
AUGUST  4 2015........SUNRISE   654 AM EDT   SUNSET   823 PM EDT
AUGUST  5 2015........SUNRISE   654 AM EDT   SUNSET   822 PM EDT


-  INDICATES NEGATIVE NUMBERS.
R  INDICATES RECORD WAS SET OR TIED.
MM INDICATES DATA IS MISSING.
T  INDICATES TRACE AMOUNT.




$$
