000
CDUS42 KTAE 262132
CLICTY


CLIMATE REPORT
NATIONAL WEATHER SERVICE TALLAHASSEE FL
532 PM EDT WED APR 26 2017


...................................

...THE CROSS CITY  CLIMATE SUMMARY FOR APRIL 26 2017...
VALID TODAY AS OF 0500 PM LOCAL TIME.

CLIMATE NORMAL PERIOD 1981 TO 2010
CLIMATE RECORD PERIOD 1948 TO 2017


WEATHER ITEM   OBSERVED TIME   NORMAL DEPARTURE LAST
                VALUE   (LST)  VALUE  FROM      YEAR
                                      NORMAL
......................................................
TEMPERATURE (F)
 TODAY
  MAXIMUM         81    115 PM  82     -1       85
  MINIMUM         52    315 AM  56     -4       62
  AVERAGE         67            69     -2

PRECIPITATION (IN)
  TODAY            0.00          0.06  -0.06     0.38
  MONTH TO DATE    2.11          2.76  -0.65     4.46
  SINCE MAR 1      2.97          6.97  -4.00     7.93
  SINCE JAN 1      5.52         14.28  -8.76    14.69

DEGREE DAYS
 HEATING
  TODAY            0
  MONTH TO DATE   24
  SINCE MAR 1    159
  SINCE JUL 1    758

 COOLING
  TODAY            2
  MONTH TO DATE  112
  SINCE MAR 1    179
  SINCE JAN 1    241
......................................................


WIND (MPH)
  RESULTANT WIND SPEED   5   RESULTANT WIND DIRECTION   S (200)
  HIGHEST WIND SPEED    15   HIGHEST WIND DIRECTION     S (190)
  HIGHEST GUST SPEED    23   HIGHEST GUST DIRECTION     S (200)
  AVERAGE WIND SPEED     5.1



WEATHER CONDITIONS
 THE FOLLOWING WEATHER WAS RECORDED TODAY.
  NO SIGNIFICANT WEATHER WAS OBSERVED.


RELATIVE HUMIDITY (PERCENT)
 HIGHEST    96
 LOWEST     39
 AVERAGE    68

..........................................................


THE CROSS CITY  CLIMATE NORMALS FOR TOMORROW
                         NORMAL
 MAXIMUM TEMPERATURE (F)   83
 MINIMUM TEMPERATURE (F)   56



-  INDICATES NEGATIVE NUMBERS.
R  INDICATES RECORD WAS SET OR TIED.
MM INDICATES DATA IS MISSING.
T  INDICATES TRACE AMOUNT.




$$
