000
CDUS42 KTAE 020632
CLICTY


CLIMATE REPORT
NATIONAL WEATHER SERVICE TALLAHASSEE FL
231 AM EDT THU JUL 2 2015


...................................

...THE CROSS CITY  CLIMATE SUMMARY FOR JULY 1 2015...

CLIMATE NORMAL PERIOD 1981 TO 2010
CLIMATE RECORD PERIOD 1948 TO 2015


WEATHER ITEM   OBSERVED TIME   NORMAL DEPARTURE LAST
                VALUE   (LST)  VALUE  FROM      YEAR
                                      NORMAL
......................................................
TEMPERATURE (F)
 YESTERDAY
  MAXIMUM         92    413 PM  91      1       96
  MINIMUM         70    545 AM  71     -1       74
  AVERAGE         81            81      0

PRECIPITATION (IN)
  YESTERDAY        0.05          0.16  -0.11     0.00
  MONTH TO DATE    0.05          0.16  -0.11     0.00
  SINCE JUN 1      7.33          5.25   2.08     3.77
  SINCE JAN 1     20.47         22.42  -1.95    29.27

DEGREE DAYS
 HEATING
  YESTERDAY        0             0      0
  MONTH TO DATE    0             0      0
  SINCE JUN 1      0             0      0
  SINCE JUL 1      0             0      0

 COOLING
  YESTERDAY       16            16      0
  MONTH TO DATE   16            16      0
  SINCE JUN 1    517           463     54
  SINCE JAN 1   1356           942    414
......................................................


WIND (MPH)
  RESULTANT WIND SPEED   3   RESULTANT WIND DIRECTION   W (250)
  HIGHEST WIND SPEED    14   HIGHEST WIND DIRECTION    SW (240)
  HIGHEST GUST SPEED    17   HIGHEST GUST DIRECTION    SW (240)
  AVERAGE WIND SPEED     4.1



WEATHER CONDITIONS
 THE FOLLOWING WEATHER WAS RECORDED YESTERDAY.
  NO SIGNIFICANT WEATHER WAS OBSERVED.


RELATIVE HUMIDITY (PERCENT)
 HIGHEST    97
 LOWEST     52

..........................................................




SUNRISE AND SUNSET
JULY  2 2015..........SUNRISE   636 AM EDT   SUNSET   837 PM EDT
JULY  3 2015..........SUNRISE   637 AM EDT   SUNSET   837 PM EDT


-  INDICATES NEGATIVE NUMBERS.
R  INDICATES RECORD WAS SET OR TIED.
MM INDICATES DATA IS MISSING.
T  INDICATES TRACE AMOUNT.




$$
