000
CDUS42 KTAE 230631
CLICTY


CLIMATE REPORT
NATIONAL WEATHER SERVICE TALLAHASSEE FL
230 AM EDT THU MAR 23 2017


...................................

...THE CROSS CITY  CLIMATE SUMMARY FOR MARCH 22 2017...

CLIMATE NORMAL PERIOD 1981 TO 2010
CLIMATE RECORD PERIOD 1948 TO 2017


WEATHER ITEM   OBSERVED TIME   NORMAL DEPARTURE LAST
                VALUE   (LST)  VALUE  FROM      YEAR
                                      NORMAL
......................................................
TEMPERATURE (F)
 YESTERDAY
  MAXIMUM         86    300 PM  77      9       73
  MINIMUM         63    100 AM  50     13       33
  AVERAGE         75            63     12

PRECIPITATION (IN)
  YESTERDAY        0.00          0.14  -0.14     0.00
  MONTH TO DATE    0.86          2.99  -2.13     2.50
  SINCE MAR 1      0.86          2.99  -2.13     2.50
  SINCE JAN 1      3.41         10.30  -6.89     9.26

DEGREE DAYS
 HEATING
  YESTERDAY        0             3     -3
  MONTH TO DATE  135           109     26
  SINCE MAR 1    135           109     26
  SINCE JUL 1    734          1229   -495

 COOLING
  YESTERDAY       10             2      8
  MONTH TO DATE   29            26      3
  SINCE MAR 1     29            26      3
  SINCE JAN 1     91            53     38
......................................................


WIND (MPH)
  RESULTANT WIND SPEED   5   RESULTANT WIND DIRECTION   W (250)
  HIGHEST WIND SPEED    12   HIGHEST WIND DIRECTION    SW (220)
  HIGHEST GUST SPEED    MM   HIGHEST GUST DIRECTION    MM
  AVERAGE WIND SPEED     6.8



WEATHER CONDITIONS
 THE FOLLOWING WEATHER WAS RECORDED YESTERDAY.
  FOG


RELATIVE HUMIDITY (PERCENT)
 HIGHEST   100
 LOWEST     45

..........................................................




SUNRISE AND SUNSET
MARCH 23 2017.........SUNRISE   732 AM EDT   SUNSET   746 PM EDT
MARCH 24 2017.........SUNRISE   731 AM EDT   SUNSET   746 PM EDT


-  INDICATES NEGATIVE NUMBERS.
R  INDICATES RECORD WAS SET OR TIED.
MM INDICATES DATA IS MISSING.
T  INDICATES TRACE AMOUNT.




$$
