000
CDUS42 KCAE 190540
CLICUB


CLIMATE REPORT
NATIONAL WEATHER SERVICE COLUMBIA SC
1239 AM EST THU JAN 19 2017


...................................

...THE HAMILTON - OWENS AIRPORT SC CLIMATE SUMMARY FOR JANUARY 18 2017...

CLIMATE NORMAL PERIOD 1981 TO 2010
CLIMATE RECORD PERIOD 9999 TO 9999


WEATHER ITEM   OBSERVED TIME   NORMAL DEPARTURE LAST
                VALUE   (LST)  VALUE  FROM      YEAR
                                      NORMAL
......................................................
TEMPERATURE (F)
 YESTERDAY
  MAXIMUM         80    254 PM  56     24       47
  MINIMUM         51   1159 PM  36     15       31
  AVERAGE         66            46     20       39

PRECIPITATION (IN)
  YESTERDAY        0.00          0.10  -0.10     0.00
  MONTH TO DATE    4.13          1.93   2.20     0.81
  SINCE DEC 1      7.51          5.13   2.38     6.05
  SINCE JAN 1      4.13          1.93   2.20     0.81

DEGREE DAYS
 HEATING
  YESTERDAY        0            19    -19       26
  MONTH TO DATE  207           354   -147      343
  SINCE DEC 1    656           883   -227      537
  SINCE JUL 1    917          1254   -337      784

 COOLING
  YESTERDAY        1             0      1        0
  MONTH TO DATE    1             0      1        0
  SINCE DEC 1      2             4     -2       56
  SINCE JAN 1      1             0      1        0
......................................................


WIND (MPH)
  HIGHEST WIND SPEED    18   HIGHEST WIND DIRECTION     W (270)
  HIGHEST GUST SPEED    25   HIGHEST GUST DIRECTION    NW (300)
  AVERAGE WIND SPEED     6.4


SKY COVER
  AVERAGE SKY COVER 0.1


WEATHER CONDITIONS
 THE FOLLOWING WEATHER WAS RECORDED YESTERDAY.
  NO SIGNIFICANT WEATHER WAS OBSERVED.


RELATIVE HUMIDITY (PERCENT)
 HIGHEST    84           800 AM
 LOWEST     30           400 PM

..........................................................


THE HAMILTON - OWENS AIRPORT SC CLIMATE NORMALS FOR TODAY
                         NORMAL    RECORD    YEAR
 MAXIMUM TEMPERATURE (F)   56        MM        MM
 MINIMUM TEMPERATURE (F)   36        MM        MM


SUNRISE AND SUNSET
JANUARY 19 2017.......SUNRISE   728 AM EST   SUNSET   542 PM EST
JANUARY 20 2017.......SUNRISE   727 AM EST   SUNSET   543 PM EST


-  INDICATES NEGATIVE NUMBERS.
R  INDICATES RECORD WAS SET OR TIED.
MM INDICATES DATA IS MISSING.
T  INDICATES TRACE AMOUNT.




$$
