000
CDUS42 KCAE 280659
CLICUB


CLIMATE REPORT
NATIONAL WEATHER SERVICE COLUMBIA SC
159 AM EST FRI NOV 28 2014


...................................

...THE HAMILTON - OWENS AIRPORT SC CLIMATE SUMMARY FOR NOVEMBER 27 2014...

CLIMATE NORMAL PERIOD 1981 TO 2010
CLIMATE RECORD PERIOD 9999 TO 9999


WEATHER ITEM   OBSERVED TIME   RECORD YEAR NORMAL DEPARTURE LAST
                VALUE   (LST)  VALUE       VALUE  FROM      YEAR
                                                  NORMAL
..................................................................
TEMPERATURE (F)
 YESTERDAY
  MAXIMUM         56    234 PM  MM      MM  64     -8       54
  MINIMUM         37   1153 PM  MM      MM  42     -5       31
  AVERAGE         47                        53     -6       43

PRECIPITATION (IN)
  YESTERDAY        0.00         MM      MM   0.10  -0.10     0.17
  MONTH TO DATE    4.50                      2.66   1.84     1.88
  SINCE SEP 1     12.62                     10.02   2.60     3.98
  SINCE JAN 1     42.28                     41.87   0.41    46.87

DEGREE DAYS
 HEATING
  YESTERDAY       18                        12      6       22
  MONTH TO DATE  358                       243    115      283
  SINCE SEP 1    418                       332     86      343
  SINCE JUL 1    418                       332     86      343

 COOLING
  YESTERDAY        0                         0      0        0
  MONTH TO DATE    8                        11     -3       19
  SINCE SEP 1    488                       435     53      495
  SINCE JAN 1   2415                      2253    162     2223
..................................................................


WIND (MPH)
  HIGHEST WIND SPEED    21   HIGHEST WIND DIRECTION     W (290)
  HIGHEST GUST SPEED    32   HIGHEST GUST DIRECTION     W (290)
  AVERAGE WIND SPEED     6.7


SKY COVER
  AVERAGE SKY COVER 0.2


WEATHER CONDITIONS
 THE FOLLOWING WEATHER WAS RECORDED YESTERDAY.
  NO SIGNIFICANT WEATHER WAS OBSERVED.


RELATIVE HUMIDITY (PERCENT)
 HIGHEST    86          1200 AM
 LOWEST     32           100 PM

..........................................................


THE HAMILTON - OWENS AIRPORT SC CLIMATE NORMALS FOR TODAY
                         NORMAL    RECORD    YEAR
 MAXIMUM TEMPERATURE (F)   64        MM        MM
 MINIMUM TEMPERATURE (F)   41        MM        MM


SUNRISE AND SUNSET
NOVEMBER 28 2014......SUNRISE   708 AM EST   SUNSET   515 PM EST
NOVEMBER 29 2014......SUNRISE   709 AM EST   SUNSET   515 PM EST


-  INDICATES NEGATIVE NUMBERS.
R  INDICATES RECORD WAS SET OR TIED.
MM INDICATES DATA IS MISSING.
T  INDICATES TRACE AMOUNT.




$$
