000
CDUS42 KCAE 020616
CLICUB


CLIMATE REPORT
NATIONAL WEATHER SERVICE COLUMBIA SC
116 AM EST MON MAR 2 2015


...................................

...THE HAMILTON - OWENS AIRPORT SC CLIMATE SUMMARY FOR MARCH 1 2015...

CLIMATE NORMAL PERIOD 1981 TO 2010
CLIMATE RECORD PERIOD 9999 TO 9999


WEATHER ITEM   OBSERVED TIME   NORMAL DEPARTURE LAST
                VALUE   (LST)  VALUE  FROM      YEAR
                                      NORMAL
......................................................
TEMPERATURE (F)
 YESTERDAY
  MAXIMUM         42   1159 PM  64    -22       63
  MINIMUM         34    805 AM  41     -7       39
  AVERAGE         38            52    -14       51

PRECIPITATION (IN)
  YESTERDAY        0.47          0.12   0.35     0.00
  MONTH TO DATE    0.47          0.12   0.35     0.00
  SINCE MAR 1      0.47          0.12   0.35     0.00
  SINCE JAN 1      8.39          7.40   0.99     6.38

DEGREE DAYS
 HEATING
  YESTERDAY       27            13     14       14
  MONTH TO DATE   27            13     14       14
  SINCE MAR 1     27            13     14       14
  SINCE JUL 1   2153          1942    211     2006

 COOLING
  YESTERDAY        0             0      0        0
  MONTH TO DATE    0             0      0        0
  SINCE MAR 1      0             0      0        0
  SINCE JAN 1      0             3     -3        6
......................................................


WIND (MPH)
  HIGHEST WIND SPEED     7   HIGHEST WIND DIRECTION    NE (30)
  HIGHEST GUST SPEED    11   HIGHEST GUST DIRECTION    NE (50)
  AVERAGE WIND SPEED     2.2


SKY COVER
  AVERAGE SKY COVER 1.0


WEATHER CONDITIONS
 THE FOLLOWING WEATHER WAS RECORDED YESTERDAY.
  HEAVY RAIN
  RAIN
  LIGHT RAIN
  FOG


RELATIVE HUMIDITY (PERCENT)
 HIGHEST    96           800 AM
 LOWEST     60          1200 AM

..........................................................


THE HAMILTON - OWENS AIRPORT SC CLIMATE NORMALS FOR TODAY
                         NORMAL    RECORD    YEAR
 MAXIMUM TEMPERATURE (F)   64        MM        MM
 MINIMUM TEMPERATURE (F)   41        MM        MM


SUNRISE AND SUNSET
MARCH  2 2015.........SUNRISE   652 AM EST   SUNSET   621 PM EST
MARCH  3 2015.........SUNRISE   650 AM EST   SUNSET   622 PM EST


-  INDICATES NEGATIVE NUMBERS.
R  INDICATES RECORD WAS SET OR TIED.
MM INDICATES DATA IS MISSING.
T  INDICATES TRACE AMOUNT.




$$
