000
CDUS42 KCAE 292132
CLICUB


CLIMATE REPORT
NATIONAL WEATHER SERVICE COLUMBIA SC
531 PM EDT MON JUN 29 2015


...................................

...THE HAMILTON - OWENS AIRPORT SC CLIMATE SUMMARY FOR JUNE 29 2015...
VALID TODAY AS OF 0500 PM LOCAL TIME.

CLIMATE NORMAL PERIOD 1981 TO 2010
CLIMATE RECORD PERIOD 9999 TO 9999


WEATHER ITEM   OBSERVED TIME   NORMAL DEPARTURE LAST
                VALUE   (LST)  VALUE  FROM      YEAR
                                      NORMAL
......................................................
TEMPERATURE (F)
 TODAY
  MAXIMUM         90    400 PM  92     -2       90
  MINIMUM         66    557 AM  71     -5       73
  AVERAGE         78            82     -4       82

PRECIPITATION (IN)
  TODAY            0.00          0.18  -0.18     0.00
  MONTH TO DATE    7.05          4.73   2.32     2.28
  SINCE JUN 1      7.05          4.73   2.32     2.28
  SINCE JAN 1     22.19         21.55   0.64    20.24

DEGREE DAYS
 HEATING
  TODAY            0             0      0        0
  MONTH TO DATE    0             0      0        0
  SINCE JUN 1      0             0      0        0
  SINCE JUL 1   2381          2315     66     2468

 COOLING
  TODAY           13            17     -4       17
  MONTH TO DATE  529           418    111      476
  SINCE JUN 1    529           418    111      476
  SINCE JAN 1    958           754    204      869
......................................................


WIND (MPH)
  HIGHEST WIND SPEED    16   HIGHEST WIND DIRECTION     W (280)
  HIGHEST GUST SPEED    22   HIGHEST GUST DIRECTION     W (280)
  AVERAGE WIND SPEED     4.5


SKY COVER
  AVERAGE SKY COVER 0.0


WEATHER CONDITIONS
 THE FOLLOWING WEATHER WAS RECORDED TODAY.
  NO SIGNIFICANT WEATHER WAS OBSERVED.


RELATIVE HUMIDITY (PERCENT)
 HIGHEST    87           400 AM
 LOWEST     27           300 PM
 AVERAGE    57

..........................................................


THE HAMILTON - OWENS AIRPORT SC CLIMATE NORMALS FOR TOMORROW
                         NORMAL
 MAXIMUM TEMPERATURE (F)   92
 MINIMUM TEMPERATURE (F)   71


SUNRISE AND SUNSET
JUNE 29 2015..........SUNRISE   616 AM EDT   SUNSET   839 PM EDT
JUNE 30 2015..........SUNRISE   616 AM EDT   SUNSET   839 PM EDT


-  INDICATES NEGATIVE NUMBERS.
R  INDICATES RECORD WAS SET OR TIED.
MM INDICATES DATA IS MISSING.
T  INDICATES TRACE AMOUNT.




$$
