000
CDUS43 KUNR 100832
CLICUT


CLIMATE REPORT
NATIONAL WEATHER SERVICE RAPID CITY SD
232 AM MDT THU JUL 10 2014


...................................

...THE CUSTER COUNTY AIRPORT SD CLIMATE SUMMARY FOR JULY 9 2014...

CLIMATE NORMAL PERIOD 1981 TO 2010
CLIMATE RECORD PERIOD 9999 TO 9999


WEATHER ITEM   OBSERVED TIME   NORMAL DEPARTURE LAST
                VALUE   (LST)  VALUE  FROM      YEAR
                                      NORMAL
......................................................
TEMPERATURE (F)
 YESTERDAY
  MAXIMUM         73    209 PM  79     -6       78
  MINIMUM         49    457 AM  52     -3       53
  AVERAGE         61            65     -4       66

PRECIPITATION (IN)
  YESTERDAY        0.00          0.08  -0.08     0.00
  MONTH TO DATE    0.37          0.68  -0.31     2.18
  SINCE JUN 1      3.76          3.90  -0.14     3.83
  SINCE JAN 1     11.48         11.01   0.47    10.36

DEGREE DAYS
 HEATING
  YESTERDAY        4             2      2        0
  MONTH TO DATE   35            22     13       10
  SINCE JUN 1    308           242     66      203
  SINCE JUL 1     35            22     13       10

 COOLING
  YESTERDAY        0             2     -2        1
  MONTH TO DATE   23            18      5        9
  SINCE JUN 1     24            43    -19       18
  SINCE JAN 1     28            44    -16       20
......................................................


WIND (MPH)
  HIGHEST WIND SPEED    16   HIGHEST WIND DIRECTION     E (70)
  HIGHEST GUST SPEED    21   HIGHEST GUST DIRECTION     E (70)
  AVERAGE WIND SPEED     7.7


SKY COVER
  AVERAGE SKY COVER 0.2


WEATHER CONDITIONS
 THE FOLLOWING WEATHER WAS RECORDED YESTERDAY.
  NO SIGNIFICANT WEATHER WAS OBSERVED.


RELATIVE HUMIDITY (PERCENT)
 HIGHEST    87
 LOWEST     52
 AVERAGE    70

..........................................................




SUNRISE AND SUNSET
JULY 10 2014..........SUNRISE   522 AM MDT   SUNSET   837 PM MDT
JULY 11 2014..........SUNRISE   523 AM MDT   SUNSET   836 PM MDT


-  INDICATES NEGATIVE NUMBERS.
R  INDICATES RECORD WAS SET OR TIED.
MM INDICATES DATA IS MISSING.
T  INDICATES TRACE AMOUNT.




$$
