254
CDUS43 KUNR 240831
CLICUT


CLIMATE REPORT
NATIONAL WEATHER SERVICE RAPID CITY SD
231 AM MDT WED AUG 24 2016


...................................

...THE CUSTER COUNTY AIRPORT SD CLIMATE SUMMARY FOR AUGUST 23 2016...

CLIMATE NORMAL PERIOD 1981 TO 2010
CLIMATE RECORD PERIOD 9999 TO 9999


WEATHER ITEM   OBSERVED TIME   NORMAL DEPARTURE LAST
                VALUE   (LST)  VALUE  FROM      YEAR
                                      NORMAL
......................................................
TEMPERATURE (F)
 YESTERDAY
  MAXIMUM         80   1237 PM  77      3       70
  MINIMUM         55   1137 PM  49      6       35
  AVERAGE         68            63      5       53

PRECIPITATION (IN)
  YESTERDAY        0.00          0.07  -0.07     0.00
  MONTH TO DATE    0.99          1.57  -0.58     2.03
  SINCE JUN 1      7.52          7.23   0.29    10.83
  SINCE JAN 1     12.10         14.34  -2.24    20.14

DEGREE DAYS
 HEATING
  YESTERDAY        0             3     -3       12
  MONTH TO DATE   56            57     -1       82
  SINCE JUN 1    155           338   -183      240
  SINCE JUL 1     99           118    -19      138

 COOLING
  YESTERDAY        3             1      2        0
  MONTH TO DATE   54            44     10       65
  SINCE JUN 1    249           150     99      162
  SINCE JAN 1    249           151     98      162
......................................................


WIND (MPH)
  HIGHEST WIND SPEED    16   HIGHEST WIND DIRECTION     W (270)
  HIGHEST GUST SPEED    22   HIGHEST GUST DIRECTION    NW (310)
  AVERAGE WIND SPEED     5.9


SKY COVER
  AVERAGE SKY COVER 0.0


WEATHER CONDITIONS
 THE FOLLOWING WEATHER WAS RECORDED YESTERDAY.
  NO SIGNIFICANT WEATHER WAS OBSERVED.


RELATIVE HUMIDITY (PERCENT)
 HIGHEST    36
 LOWEST     13
 AVERAGE    25

..........................................................




SUNRISE AND SUNSET
AUGUST 24 2016........SUNRISE   610 AM MDT   SUNSET   743 PM MDT
AUGUST 25 2016........SUNRISE   611 AM MDT   SUNSET   741 PM MDT


-  INDICATES NEGATIVE NUMBERS.
R  INDICATES RECORD WAS SET OR TIED.
MM INDICATES DATA IS MISSING.
T  INDICATES TRACE AMOUNT.




$$
