000
CDUS43 KUNR 220845
CLICUT


CLIMATE REPORT
NATIONAL WEATHER SERVICE RAPID CITY SD
243 AM MDT TUE JUL 22 2014


...................................

...THE CUSTER COUNTY AIRPORT SD CLIMATE SUMMARY FOR JULY 21 2014...

CLIMATE NORMAL PERIOD 1981 TO 2010
CLIMATE RECORD PERIOD 9999 TO 9999


WEATHER ITEM   OBSERVED TIME   NORMAL DEPARTURE LAST
                VALUE   (LST)  VALUE  FROM      YEAR
                                      NORMAL
......................................................
TEMPERATURE (F)
 YESTERDAY
  MAXIMUM         91    243 PM  80     11       81
  MINIMUM         63    113 AM  52     11       53
  AVERAGE         77            66     11       67

PRECIPITATION (IN)
  YESTERDAY        0.00          0.08  -0.08     0.20
  MONTH TO DATE    1.01          1.69  -0.68     3.14
  SINCE JUN 1      4.40          4.91  -0.51     4.79
  SINCE JAN 1     12.12         12.02   0.10    11.32

DEGREE DAYS
 HEATING
  YESTERDAY        0             2     -2        0
  MONTH TO DATE   64            46     18       10
  SINCE JUN 1    337           266     71      203
  SINCE JUL 1     64            46     18       10

 COOLING
  YESTERDAY       12             3      9        2
  MONTH TO DATE   59            53      6       58
  SINCE JUN 1     60            78    -18       67
  SINCE JAN 1     64            79    -15       69
......................................................


WIND (MPH)
  HIGHEST WIND SPEED    25   HIGHEST WIND DIRECTION     W (280)
  HIGHEST GUST SPEED    38   HIGHEST GUST DIRECTION     W (250)
  AVERAGE WIND SPEED    10.2


SKY COVER
  AVERAGE SKY COVER 0.0


WEATHER CONDITIONS
 THE FOLLOWING WEATHER WAS RECORDED YESTERDAY.
  THUNDERSTORM


RELATIVE HUMIDITY (PERCENT)
 HIGHEST    90
 LOWEST     15
 AVERAGE    53

..........................................................




SUNRISE AND SUNSET
JULY 22 2014..........SUNRISE   533 AM MDT   SUNSET   828 PM MDT
JULY 23 2014..........SUNRISE   534 AM MDT   SUNSET   827 PM MDT


-  INDICATES NEGATIVE NUMBERS.
R  INDICATES RECORD WAS SET OR TIED.
MM INDICATES DATA IS MISSING.
T  INDICATES TRACE AMOUNT.




$$
