000
CDUS43 KUNR 120843
CLICUT


CLIMATE REPORT
NATIONAL WEATHER SERVICE RAPID CITY SD
143 AM MST TUE DEC 12 2017


...................................

...THE CUSTER COUNTY AIRPORT SD CLIMATE SUMMARY FOR DECEMBER 11 2017...

CLIMATE NORMAL PERIOD 1981 TO 2010
CLIMATE RECORD PERIOD 9999 TO 9999


WEATHER ITEM   OBSERVED TIME   NORMAL DEPARTURE LAST
                VALUE   (LST)  VALUE  FROM      YEAR
                                      NORMAL
......................................................
TEMPERATURE (F)
 YESTERDAY
  MAXIMUM         44   1231 AM  33     11       31
  MINIMUM         23   1031 PM  13     10       14
  AVERAGE         34            23     11       23

PRECIPITATION (IN)
  YESTERDAY        0.00          0.02  -0.02      T
  MONTH TO DATE    0.14          0.13   0.01     0.08
  SINCE DEC 1      0.14          0.13   0.01     0.08
  SINCE JAN 1     20.85         18.70   2.15    15.35

DEGREE DAYS
 HEATING
  YESTERDAY       31            42    -11       42
  MONTH TO DATE  353           451    -98      524
  SINCE DEC 1    353           451    -98      524
  SINCE JUL 1   2317          2632   -315     2143

 COOLING
  YESTERDAY        0             0      0        0
  MONTH TO DATE    0             0      0        0
  SINCE DEC 1      0             0      0        0
  SINCE JAN 1    235           177     58      259
......................................................


WIND (MPH)
  HIGHEST WIND SPEED    26   HIGHEST WIND DIRECTION     N (340)
  HIGHEST GUST SPEED    44   HIGHEST GUST DIRECTION     N (340)
  AVERAGE WIND SPEED    12.7


SKY COVER
  AVERAGE SKY COVER 0.0


WEATHER CONDITIONS
 THE FOLLOWING WEATHER WAS RECORDED YESTERDAY.
  NO SIGNIFICANT WEATHER WAS OBSERVED.


RELATIVE HUMIDITY (PERCENT)
 HIGHEST    37
 LOWEST     17
 AVERAGE    27

..........................................................




SUNRISE AND SUNSET
DECEMBER 12 2017......SUNRISE   719 AM MST   SUNSET   417 PM MST
DECEMBER 13 2017......SUNRISE   720 AM MST   SUNSET   418 PM MST


-  INDICATES NEGATIVE NUMBERS.
R  INDICATES RECORD WAS SET OR TIED.
MM INDICATES DATA IS MISSING.
T  INDICATES TRACE AMOUNT.




$$
