000
CDUS43 KUNR 301138
CLICUT


CLIMATE REPORT
NATIONAL WEATHER SERVICE RAPID CITY SD
537 AM MDT THU OCT 30 2014


...................................

...THE CUSTER COUNTY AIRPORT SD CLIMATE SUMMARY FOR OCTOBER 29 2014...

CLIMATE NORMAL PERIOD 1981 TO 2010
CLIMATE RECORD PERIOD 9999 TO 9999


WEATHER ITEM   OBSERVED TIME   NORMAL DEPARTURE LAST
                VALUE   (LST)  VALUE  FROM      YEAR
                                      NORMAL
......................................................
TEMPERATURE (F)
 YESTERDAY
  MAXIMUM         59    136 PM  50      9       29
  MINIMUM         26    639 AM  28     -2       20
  AVERAGE         43            39      4       25

PRECIPITATION (IN)
  YESTERDAY        T             0.02  -0.02     0.00
  MONTH TO DATE    0.21          1.43  -1.22     3.50
  SINCE SEP 1      4.63          3.00   1.63     4.80
  SINCE JAN 1     19.14         17.92   1.22    20.75

DEGREE DAYS
 HEATING
  YESTERDAY       22            26     -4       40
  MONTH TO DATE  486           640   -154      748
  SINCE SEP 1    771           972   -201      970
  SINCE JUL 1    902          1126   -224     1067

 COOLING
  YESTERDAY        0             0      0        0
  MONTH TO DATE    0             0      0        0
  SINCE SEP 1     18            11      7       38
  SINCE JAN 1    152           177    -25      187
......................................................


WIND (MPH)
  HIGHEST WIND SPEED    20   HIGHEST WIND DIRECTION     N (340)
  HIGHEST GUST SPEED    29   HIGHEST GUST DIRECTION    NW (310)
  AVERAGE WIND SPEED     6.7


SKY COVER
  AVERAGE SKY COVER 0.2


WEATHER CONDITIONS
 THE FOLLOWING WEATHER WAS RECORDED YESTERDAY.
  LIGHT RAIN


RELATIVE HUMIDITY (PERCENT)
 HIGHEST    68
 LOWEST     24
 AVERAGE    46

..........................................................




SUNRISE AND SUNSET
OCTOBER 30 2014.......SUNRISE   728 AM MDT   SUNSET   548 PM MDT
OCTOBER 31 2014.......SUNRISE   729 AM MDT   SUNSET   546 PM MDT


-  INDICATES NEGATIVE NUMBERS.
R  INDICATES RECORD WAS SET OR TIED.
MM INDICATES DATA IS MISSING.
T  INDICATES TRACE AMOUNT.




$$
