000
CDUS43 KUNR 040903
CLICUT


CLIMATE REPORT
NATIONAL WEATHER SERVICE RAPID CITY SD
303 AM MDT SAT JUL 4 2015


...................................

...THE CUSTER COUNTY AIRPORT SD CLIMATE SUMMARY FOR JULY 3 2015...

CLIMATE NORMAL PERIOD 1981 TO 2010
CLIMATE RECORD PERIOD 9999 TO 9999


WEATHER ITEM   OBSERVED TIME   NORMAL DEPARTURE LAST
                VALUE   (LST)  VALUE  FROM      YEAR
                                      NORMAL
......................................................
TEMPERATURE (F)
 YESTERDAY
  MAXIMUM         75    351 PM  78     -3       77
  MINIMUM         52    235 AM  51      1       45
  AVERAGE         64            64      0       61

PRECIPITATION (IN)
  YESTERDAY        0.01          0.07  -0.06     0.00
  MONTH TO DATE    0.07          0.22  -0.15     0.00
  SINCE JUN 1      6.57          3.44   3.13     3.39
  SINCE JAN 1     15.88         10.55   5.33    11.11

DEGREE DAYS
 HEATING
  YESTERDAY        1             3     -2        4
  MONTH TO DATE    1             9     -8       24
  SINCE JUN 1    103           229   -126      297
  SINCE JUL 1      1             9     -8       24

 COOLING
  YESTERDAY        0             2     -2        0
  MONTH TO DATE    4             6     -2        0
  SINCE JUN 1     31            31      0        1
  SINCE JAN 1     31            32     -1        5
......................................................


WIND (MPH)
  HIGHEST WIND SPEED    13   HIGHEST WIND DIRECTION    SE (120)
  HIGHEST GUST SPEED    17   HIGHEST GUST DIRECTION    SE (120)
  AVERAGE WIND SPEED     4.5


SKY COVER
  AVERAGE SKY COVER 0.2


WEATHER CONDITIONS
 THE FOLLOWING WEATHER WAS RECORDED YESTERDAY.
  LIGHT RAIN
  FOG
  HAZE


RELATIVE HUMIDITY (PERCENT)
 HIGHEST    86
 LOWEST     46
 AVERAGE    66

..........................................................




SUNRISE AND SUNSET
JULY  4 2015..........SUNRISE   518 AM MDT   SUNSET   839 PM MDT
JULY  5 2015..........SUNRISE   519 AM MDT   SUNSET   839 PM MDT


-  INDICATES NEGATIVE NUMBERS.
R  INDICATES RECORD WAS SET OR TIED.
MM INDICATES DATA IS MISSING.
T  INDICATES TRACE AMOUNT.




$$
