000
CDUS43 KUNR 200843
CLICUT


CLIMATE REPORT
NATIONAL WEATHER SERVICE RAPID CITY SD
142 AM MST MON FEB 20 2017


...................................

...THE CUSTER COUNTY AIRPORT SD CLIMATE SUMMARY FOR FEBRUARY 19 2017...

CLIMATE NORMAL PERIOD 1981 TO 2010
CLIMATE RECORD PERIOD 9999 TO 9999


WEATHER ITEM   OBSERVED TIME   NORMAL DEPARTURE LAST
                VALUE   (LST)  VALUE  FROM      YEAR
                                      NORMAL
......................................................
TEMPERATURE (F)
 YESTERDAY
  MAXIMUM         56    201 PM  37     19       49
  MINIMUM         38    140 AM  16     22       28
  AVERAGE         47            26     21       39

PRECIPITATION (IN)
  YESTERDAY        0.01          0.02  -0.01     0.00
  MONTH TO DATE    0.57          0.37   0.20     0.50
  SINCE DEC 1      2.84          1.08   1.76     0.92
  SINCE JAN 1      1.56          0.70   0.86     0.54

DEGREE DAYS
 HEATING
  YESTERDAY       18            39    -21       26
  MONTH TO DATE  626           760   -134      641
  SINCE DEC 1   3408          3314     94     2958
  SINCE JUL 1   5027          5495   -468     4746

 COOLING
  YESTERDAY        0             0      0        0
  MONTH TO DATE    0             0      0        0
  SINCE DEC 1      0             0      0        0
  SINCE JAN 1      0             0      0        0
......................................................


WIND (MPH)
  HIGHEST WIND SPEED    21   HIGHEST WIND DIRECTION    SW (240)
  HIGHEST GUST SPEED    30   HIGHEST GUST DIRECTION     W (260)
  AVERAGE WIND SPEED     9.3


SKY COVER
  AVERAGE SKY COVER 0.2


WEATHER CONDITIONS
 THE FOLLOWING WEATHER WAS RECORDED YESTERDAY.
  LIGHT RAIN


RELATIVE HUMIDITY (PERCENT)
 HIGHEST    65
 LOWEST     35
 AVERAGE    50

..........................................................




SUNRISE AND SUNSET
FEBRUARY 20 2017......SUNRISE   645 AM MST   SUNSET   532 PM MST
FEBRUARY 21 2017......SUNRISE   644 AM MST   SUNSET   533 PM MST


-  INDICATES NEGATIVE NUMBERS.
R  INDICATES RECORD WAS SET OR TIED.
MM INDICATES DATA IS MISSING.
T  INDICATES TRACE AMOUNT.




$$
