000
CDUS43 KUNR 300834
CLICUT


CLIMATE REPORT
NATIONAL WEATHER SERVICE RAPID CITY SD
232 AM MDT FRI SEP 30 2016


...................................

...THE CUSTER COUNTY AIRPORT SD CLIMATE SUMMARY FOR SEPTEMBER 29 2016...

CLIMATE NORMAL PERIOD 1981 TO 2010
CLIMATE RECORD PERIOD 9999 TO 9999


WEATHER ITEM   OBSERVED TIME   NORMAL DEPARTURE LAST
                VALUE   (LST)  VALUE  FROM      YEAR
                                      NORMAL
......................................................
TEMPERATURE (F)
 YESTERDAY
  MAXIMUM         72    314 PM  61     11       53
  MINIMUM         41    501 AM  36      5       47
  AVERAGE         57            48      9       50

PRECIPITATION (IN)
  YESTERDAY        0.00          0.04  -0.04     0.02
  MONTH TO DATE    1.77          1.54   0.23     0.41
  SINCE SEP 1      1.77          1.54   0.23     0.41
  SINCE JAN 1     14.61         16.46  -1.85    20.65

DEGREE DAYS
 HEATING
  YESTERDAY        8            17     -9       15
  MONTH TO DATE  249           315    -66      152
  SINCE SEP 1    249           315    -66      152
  SINCE JUL 1    385           469    -84      298

 COOLING
  YESTERDAY        0             0      0        0
  MONTH TO DATE    7            11     -4       44
  SINCE SEP 1      7            11     -4       44
  SINCE JAN 1    259           177     82      231
......................................................


WIND (MPH)
  HIGHEST WIND SPEED    14   HIGHEST WIND DIRECTION     S (180)
  HIGHEST GUST SPEED    24   HIGHEST GUST DIRECTION     S (190)
  AVERAGE WIND SPEED     4.6


SKY COVER
  AVERAGE SKY COVER 0.0


WEATHER CONDITIONS
 THE FOLLOWING WEATHER WAS RECORDED YESTERDAY.
  NO SIGNIFICANT WEATHER WAS OBSERVED.


RELATIVE HUMIDITY (PERCENT)
 HIGHEST    76
 LOWEST     33
 AVERAGE    55

..........................................................




SUNRISE AND SUNSET
SEPTEMBER 30 2016.....SUNRISE   651 AM MDT   SUNSET   636 PM MDT
OCTOBER  1 2016.......SUNRISE   653 AM MDT   SUNSET   634 PM MDT


-  INDICATES NEGATIVE NUMBERS.
R  INDICATES RECORD WAS SET OR TIED.
MM INDICATES DATA IS MISSING.
T  INDICATES TRACE AMOUNT.




$$
