000
CDUS43 KUNR 280833
CLICUT


CLIMATE REPORT
NATIONAL WEATHER SERVICE RAPID CITY SD
231 AM MDT MON JUL 28 2014


...................................

...THE CUSTER COUNTY AIRPORT SD CLIMATE SUMMARY FOR JULY 27 2014...

CLIMATE NORMAL PERIOD 1981 TO 2010
CLIMATE RECORD PERIOD 9999 TO 9999


WEATHER ITEM   OBSERVED TIME   NORMAL DEPARTURE LAST
                VALUE   (LST)  VALUE  FROM      YEAR
                                      NORMAL
......................................................
TEMPERATURE (F)
 YESTERDAY
  MAXIMUM         77   1104 AM  80     -3       63
  MINIMUM         49    418 AM  52     -3       44
  AVERAGE         63            66     -3       54

PRECIPITATION (IN)
  YESTERDAY        0.00          0.08  -0.08     0.00
  MONTH TO DATE    1.44          2.15  -0.71     3.58
  SINCE JUN 1      4.83          5.37  -0.54     5.23
  SINCE JAN 1     12.55         12.48   0.07    11.76

DEGREE DAYS
 HEATING
  YESTERDAY        2             2      0       11
  MONTH TO DATE   66            58      8       29
  SINCE JUN 1    339           278     61      222
  SINCE JUL 1     66            58      8       29

 COOLING
  YESTERDAY        0             3     -3        0
  MONTH TO DATE   85            71     14       61
  SINCE JUN 1     86            96    -10       70
  SINCE JAN 1     90            97     -7       72
......................................................


WIND (MPH)
  HIGHEST WIND SPEED    15   HIGHEST WIND DIRECTION     E (70)
  HIGHEST GUST SPEED    20   HIGHEST GUST DIRECTION     E (100)
  AVERAGE WIND SPEED     6.9


SKY COVER
  AVERAGE SKY COVER 0.0


WEATHER CONDITIONS
 THE FOLLOWING WEATHER WAS RECORDED YESTERDAY.
  NO SIGNIFICANT WEATHER WAS OBSERVED.


RELATIVE HUMIDITY (PERCENT)
 HIGHEST    77
 LOWEST     23
 AVERAGE    50

..........................................................




SUNRISE AND SUNSET
JULY 28 2014..........SUNRISE   539 AM MDT   SUNSET   822 PM MDT
JULY 29 2014..........SUNRISE   540 AM MDT   SUNSET   821 PM MDT


-  INDICATES NEGATIVE NUMBERS.
R  INDICATES RECORD WAS SET OR TIED.
MM INDICATES DATA IS MISSING.
T  INDICATES TRACE AMOUNT.




$$
