000
CDUS41 KILN 290628
CLICVG


CLIMATE REPORT
NATIONAL WEATHER SERVICE WILMINGTON OH
128 AM EST MON DEC 29 2014


...................................

...THE CINCINNATI OH CLIMATE SUMMARY FOR DECEMBER 28 2014...

CLIMATE NORMAL PERIOD 1981 TO 2010
CLIMATE RECORD PERIOD 1869 TO 2014


WEATHER ITEM   OBSERVED TIME   RECORD YEAR NORMAL DEPARTURE LAST
                VALUE   (LST)  VALUE       VALUE  FROM      YEAR
                                                  NORMAL
..................................................................
TEMPERATURE (F)
 YESTERDAY
  MAXIMUM         47    149 AM  67    1984  39      8       51
  MINIMUM         32   1032 PM  -3    1924  24      8       33
  AVERAGE         40                        32      8       42

PRECIPITATION (IN)
  YESTERDAY        0.12          1.14 1988   0.10   0.02     0.00
  MONTH TO DATE    3.60                      3.05   0.55     4.64
  SINCE DEC 1      3.60                      3.05   0.55     4.64
  SINCE JAN 1     42.29                     42.20   0.09    49.21

SNOWFALL (IN)
  YESTERDAY        0.0           5.8  1943   0.2   -0.2      0.0
  MONTH TO DATE    0.1                       4.2   -4.1     10.3
  SINCE DEC 1      0.1                       4.2   -4.1     10.3
  SINCE JUL 1      5.2                       5.0    0.2     12.7
  SNOW DEPTH       0

DEGREE DAYS
 HEATING
  YESTERDAY       25                        34     -9       23
  MONTH TO DATE  730                       857   -127      813
  SINCE DEC 1    730                       857   -127      813
  SINCE JUL 1   1868                      1817     51     1849

 COOLING
  YESTERDAY        0                         0      0        0
  MONTH TO DATE    0                         0      0        0
  SINCE DEC 1      0                         0      0        0
  SINCE JAN 1   1077                      1121    -44     1150
..................................................................


WIND (MPH)
  RESULTANT WIND SPEED   7   RESULTANT WIND DIRECTION   N (340)
  HIGHEST WIND SPEED    20   HIGHEST WIND DIRECTION     N (340)
  HIGHEST GUST SPEED    23   HIGHEST GUST DIRECTION     N (340)
  AVERAGE WIND SPEED     7.9


SKY COVER
  POSSIBLE SUNSHINE  MM
  AVERAGE SKY COVER 1.0


WEATHER CONDITIONS
 THE FOLLOWING WEATHER WAS RECORDED YESTERDAY.
  LIGHT RAIN
  FOG
  HAZE


RELATIVE HUMIDITY (PERCENT)
 HIGHEST    93          1200 AM
 LOWEST     64           300 PM
 AVERAGE    79

..........................................................


THE CINCINNATI OH CLIMATE NORMALS FOR TODAY
                         NORMAL    RECORD    YEAR
 MAXIMUM TEMPERATURE (F)   39        69      1889
 MINIMUM TEMPERATURE (F)   24        -5      1880


SUNRISE AND SUNSET
DECEMBER 29 2014......SUNRISE   757 AM EST   SUNSET   524 PM EST
DECEMBER 30 2014......SUNRISE   757 AM EST   SUNSET   525 PM EST


-  INDICATES NEGATIVE NUMBERS.
R  INDICATES RECORD WAS SET OR TIED.
MM INDICATES DATA IS MISSING.
T  INDICATES TRACE AMOUNT.




$$
