850
CDUS41 KILN 240535
CLICVG


CLIMATE REPORT
NATIONAL WEATHER SERVICE WILMINGTON OH
135 AM EDT MON JUL 24 2017


...................................

...THE CINCINNATI OH CLIMATE SUMMARY FOR JULY 23 2017...

CLIMATE NORMAL PERIOD 1981 TO 2010
CLIMATE RECORD PERIOD 1869 TO 2017


WEATHER ITEM   OBSERVED TIME   RECORD YEAR NORMAL DEPARTURE LAST
                VALUE   (LST)  VALUE       VALUE  FROM      YEAR
                                                  NORMAL
..................................................................
TEMPERATURE (F)
 YESTERDAY
  MAXIMUM         85    509 PM 104    1934  86     -1       93
  MINIMUM         68   1034 PM  49    1947  66      2       70
  AVERAGE         77                        76      1       82

PRECIPITATION (IN)
  YESTERDAY        0.11          1.34 1989   0.13  -0.02     0.00
  MONTH TO DATE    2.95                      2.77   0.18     2.57
  SINCE JUN 1      8.20                      6.80   1.40     5.06
  SINCE JAN 1     31.60                     25.39   6.21    24.67

SNOWFALL (IN)
  YESTERDAY        0.0           0.0    MM   0.0    0.0      0.0
  MONTH TO DATE    0.0                       0.0    0.0      0.0
  SINCE JUN 1      0.0                       0.0    0.0      0.0
  SINCE JUL 1      0.0                       0.0    0.0      0.0
  SNOW DEPTH       0

DEGREE DAYS
 HEATING
  YESTERDAY        0                         0      0        0
  MONTH TO DATE    0                         0      0        0
  SINCE JUN 1      7                        15     -8        2
  SINCE JUL 1      0                         0      0        0

 COOLING
  YESTERDAY       12                        11      1       17
  MONTH TO DATE  264                       251     13      256
  SINCE JUN 1    465                       477    -12      539
  SINCE JAN 1    599                       571     28      632
..................................................................


WIND (MPH)
  RESULTANT WIND SPEED   6   RESULTANT WIND DIRECTION  SW (240)
  HIGHEST WIND SPEED    18   HIGHEST WIND DIRECTION     W (270)
  HIGHEST GUST SPEED    24   HIGHEST GUST DIRECTION     W (250)
  AVERAGE WIND SPEED     8.7


SKY COVER
  POSSIBLE SUNSHINE  MM
  AVERAGE SKY COVER 0.7


WEATHER CONDITIONS
 THE FOLLOWING WEATHER WAS RECORDED YESTERDAY.
  THUNDERSTORM
  LIGHT RAIN
  FOG


RELATIVE HUMIDITY (PERCENT)
 HIGHEST   100           100 AM
 LOWEST     61           400 PM
 AVERAGE    81

..........................................................


THE CINCINNATI OH CLIMATE NORMALS FOR TODAY
                         NORMAL    RECORD    YEAR
 MAXIMUM TEMPERATURE (F)   86       106      1934
 MINIMUM TEMPERATURE (F)   66        54      1947


SUNRISE AND SUNSET
JULY 24 2017..........SUNRISE   633 AM EDT   SUNSET   857 PM EDT
JULY 25 2017..........SUNRISE   633 AM EDT   SUNSET   856 PM EDT


-  INDICATES NEGATIVE NUMBERS.
R  INDICATES RECORD WAS SET OR TIED.
MM INDICATES DATA IS MISSING.
T  INDICATES TRACE AMOUNT.




$$
