000
CDUS41 KILN 062159
CLICVG


CLIMATE REPORT
NATIONAL WEATHER SERVICE WILMINGTON OH
458 PM EST FRI MAR 6 2015


...................................

...THE CINCINNATI OH CLIMATE SUMMARY FOR MARCH 6 2015...
VALID TODAY AS OF 0400 PM LOCAL TIME.

CLIMATE NORMAL PERIOD 1981 TO 2010
CLIMATE RECORD PERIOD 1869 TO 2015


WEATHER ITEM   OBSERVED TIME   RECORD YEAR NORMAL DEPARTURE LAST
                VALUE   (LST)  VALUE       VALUE  FROM      YEAR
                                                  NORMAL
..................................................................
TEMPERATURE (F)
 TODAY
  MAXIMUM         27    430 PM  74    1973  49    -22       47
                                      1910
  MINIMUM          0R   559 AM   2    1960  31    -31       22
  AVERAGE         14                        40    -26       35

PRECIPITATION (IN)
  TODAY            0.00          2.59 1945   0.12  -0.12     0.00
  MONTH TO DATE    2.31                      0.65   1.66     0.57
  SINCE MAR 1      2.31                      0.65   1.66     0.57
  SINCE JAN 1      6.46                      6.46   0.00     6.11

SNOWFALL (IN)
  TODAY            0.0           5.8  1967   0.1   -0.1      0.0
  MONTH TO DATE    4.9                       0.8    4.1      2.2
  SINCE MAR 1      4.9                       0.8    4.1      2.2
  SINCE JUL 1     29.9                      19.4   10.5     45.8
  SNOW DEPTH       4

DEGREE DAYS
 HEATING
  TODAY           51                        25     26       30
  MONTH TO DATE  231                       155     76      217
  SINCE MAR 1    231                       155     76      217
  SINCE JUL 1   4458                      3982    476     4461

 COOLING
  TODAY            0                         0      0        0
  MONTH TO DATE    0                         0      0        0
  SINCE MAR 1      0                         0      0        0
  SINCE JAN 1      0                         0      0        0
..................................................................


WIND (MPH)
  HIGHEST WIND SPEED    14   HIGHEST WIND DIRECTION     S (190)
  HIGHEST GUST SPEED    17   HIGHEST GUST DIRECTION     S (190)
  AVERAGE WIND SPEED     4.4


SKY COVER
  POSSIBLE SUNSHINE  MM
  AVERAGE SKY COVER 0.1


WEATHER CONDITIONS
 THE FOLLOWING WEATHER WAS RECORDED TODAY.
  FOG
  HAZE


RELATIVE HUMIDITY (PERCENT)
 HIGHEST    91           300 AM
 LOWEST     55           200 PM
 AVERAGE    73

..........................................................


THE CINCINNATI OH CLIMATE NORMALS FOR TOMORROW
                         NORMAL    RECORD    YEAR
 MAXIMUM TEMPERATURE (F)   50        79      1974
 MINIMUM TEMPERATURE (F)   31         5      1899


SUNRISE AND SUNSET
MARCH  6 2015.........SUNRISE   704 AM EST   SUNSET   636 PM EST
MARCH  7 2015.........SUNRISE   703 AM EST   SUNSET   637 PM EST


-  INDICATES NEGATIVE NUMBERS.
R  INDICATES RECORD WAS SET OR TIED.
MM INDICATES DATA IS MISSING.
T  INDICATES TRACE AMOUNT.




$$
