000
CDUS41 KILN 152105
CLICVG


CLIMATE REPORT
NATIONAL WEATHER SERVICE WILMINGTON OH
502 PM EDT TUE APR 15 2014


...................................

...THE CINCINNATI OH CLIMATE SUMMARY FOR APRIL 15 2014...
VALID TODAY AS OF 0500 PM LOCAL TIME.

CLIMATE NORMAL PERIOD 1981 TO 2010
CLIMATE RECORD PERIOD 1869 TO 2014


WEATHER ITEM   OBSERVED TIME   RECORD YEAR NORMAL DEPARTURE LAST
                VALUE   (LST)  VALUE       VALUE  FROM      YEAR
                                                  NORMAL
..................................................................
TEMPERATURE (F)
 TODAY
  MAXIMUM         40    252 PM  84    2010  65    -25       67
                                      1976
  MINIMUM         32    839 AM  25    1963  44    -12       52
  AVERAGE         36                        54    -18       60

PRECIPITATION (IN)
  TODAY            0.23          2.87 1939   0.12   0.11     0.00
  MONTH TO DATE    4.84                      1.89   2.95     1.36
  SINCE MAR 1      7.25                      5.85   1.40     5.27
  SINCE JAN 1     12.79                     11.66   1.13    10.87

SNOWFALL (IN)
  TODAY            0.6 R         0.0    MM   0.0    0.6      0.0
  MONTH TO DATE    0.6                       0.4    0.2       T
  SINCE MAR 1      3.9                       3.4    0.5      8.8
  SINCE JUL 1     47.5                      22.0   25.5     25.2
  SNOW DEPTH       1

DEGREE DAYS
 HEATING
  TODAY           29                        11     18        5
  MONTH TO DATE  162                       205    -43      183
  SINCE MAR 1    944                       871     73     1038
  SINCE JUL 1   5188                      4698    490     4748

 COOLING
  TODAY            0                         1     -1        0
  MONTH TO DATE    7                         3      4       12
  SINCE MAR 1      7                         3      4       12
  SINCE JAN 1      7                         3      4       12
..................................................................


WIND (MPH)
  HIGHEST WIND SPEED    22   HIGHEST WIND DIRECTION    NW (310)
  HIGHEST GUST SPEED    28   HIGHEST GUST DIRECTION    NW (330)
  AVERAGE WIND SPEED    15.7


SKY COVER
  POSSIBLE SUNSHINE  MM
  AVERAGE SKY COVER 0.9


WEATHER CONDITIONS
 THE FOLLOWING WEATHER WAS RECORDED TODAY.
  MIXED PRECIP
  LIGHT RAIN
  SNOW
  LIGHT SNOW
  SLEET
  FOG


RELATIVE HUMIDITY (PERCENT)
 HIGHEST   100           100 AM
 LOWEST     52          1200 PM
 AVERAGE    76

..........................................................


THE CINCINNATI OH CLIMATE NORMALS FOR TOMORROW
                         NORMAL    RECORD    YEAR
 MAXIMUM TEMPERATURE (F)   65        86      1896
 MINIMUM TEMPERATURE (F)   44        24      1875


SUNRISE AND SUNSET
APRIL 15 2014.........SUNRISE   702 AM EDT   SUNSET   816 PM EDT
APRIL 16 2014.........SUNRISE   701 AM EDT   SUNSET   817 PM EDT


-  INDICATES NEGATIVE NUMBERS.
R  INDICATES RECORD WAS SET OR TIED.
MM INDICATES DATA IS MISSING.
T  INDICATES TRACE AMOUNT.




$$
