000
CDUS41 KILN 080600
CLICVG


CLIMATE REPORT
NATIONAL WEATHER SERVICE WILMINGTON OH
153 AM EDT WED JUL 8 2015


...................................

...THE CINCINNATI OH CLIMATE SUMMARY FOR JULY 7 2015...

CLIMATE NORMAL PERIOD 1981 TO 2010
CLIMATE RECORD PERIOD 1869 TO 2015


WEATHER ITEM   OBSERVED TIME   RECORD YEAR NORMAL DEPARTURE LAST
                VALUE   (LST)  VALUE       VALUE  FROM      YEAR
                                                  NORMAL
..................................................................
TEMPERATURE (F)
 YESTERDAY
  MAXIMUM         81   1122 AM 104    2012  86     -5       86
  MINIMUM         68   1159 PM  51    1972  66      2       69
  AVERAGE         75                        76     -1       78

PRECIPITATION (IN)
  YESTERDAY        0.18          1.46 1891   0.12   0.06      T
  MONTH TO DATE    1.87                      0.81   1.06     0.61
  SINCE JUN 1      9.20                      4.84   4.36     6.83
  SINCE JAN 1     26.43                     23.43   3.00    24.30

SNOWFALL (IN)
  YESTERDAY        0.0           0.0         0.0    0.0      0.0
  MONTH TO DATE    0.0                       0.0    0.0      0.0
  SINCE JUN 1      0.0                       0.0    0.0      0.0
  SINCE JUL 1      0.0                       0.0    0.0      0.0
  SNOW DEPTH       0

DEGREE DAYS
 HEATING
  YESTERDAY        0                         0      0        0
  MONTH TO DATE    0                         0      0        0
  SINCE JUN 1     19                        15      4        3
  SINCE JUL 1      0                         0      0        0

 COOLING
  YESTERDAY       10                        11     -1       13
  MONTH TO DATE   52                        75    -23       49
  SINCE JUN 1    311                       301     10      323
  SINCE JAN 1    460                       395     65      457
..................................................................


WIND (MPH)
  RESULTANT WIND SPEED   7   RESULTANT WIND DIRECTION  SW (210)
  HIGHEST WIND SPEED    20   HIGHEST WIND DIRECTION    SW (210)
  HIGHEST GUST SPEED    25   HIGHEST GUST DIRECTION    SW (210)
  AVERAGE WIND SPEED     9.5


SKY COVER
  POSSIBLE SUNSHINE  MM
  AVERAGE SKY COVER 0.9


WEATHER CONDITIONS
 THE FOLLOWING WEATHER WAS RECORDED YESTERDAY.
  LIGHT RAIN
  FOG
  HAZE


RELATIVE HUMIDITY (PERCENT)
 HIGHEST    97          1000 PM
 LOWEST     79           200 PM
 AVERAGE    88

..........................................................


THE CINCINNATI OH CLIMATE NORMALS FOR TODAY
                         NORMAL    RECORD    YEAR
 MAXIMUM TEMPERATURE (F)   86       103      1936
 MINIMUM TEMPERATURE (F)   66        51      1984


SUNRISE AND SUNSET
JULY  8 2015..........SUNRISE   620 AM EDT   SUNSET   907 PM EDT
JULY  9 2015..........SUNRISE   621 AM EDT   SUNSET   907 PM EDT


-  INDICATES NEGATIVE NUMBERS.
R  INDICATES RECORD WAS SET OR TIED.
MM INDICATES DATA IS MISSING.
T  INDICATES TRACE AMOUNT.




$$
