000
CDUS41 KILN 220537
CLICVG


CLIMATE REPORT
NATIONAL WEATHER SERVICE WILMINGTON OH
137 AM EDT FRI SEP 22 2017


...................................

...THE CINCINNATI OH CLIMATE SUMMARY FOR SEPTEMBER 21 2017...

CLIMATE NORMAL PERIOD 1981 TO 2010
CLIMATE RECORD PERIOD 1869 TO 2017


WEATHER ITEM   OBSERVED TIME   RECORD YEAR NORMAL DEPARTURE LAST
                VALUE   (LST)  VALUE       VALUE  FROM      YEAR
                                                  NORMAL
..................................................................
TEMPERATURE (F)
 YESTERDAY
  MAXIMUM         89    456 PM  97    1940  76     13       89
  MINIMUM         65    647 AM  35    1962  55     10       61
  AVERAGE         77                        65     12       75

PRECIPITATION (IN)
  YESTERDAY        0.01          1.98 1950   0.08  -0.07     0.00
  MONTH TO DATE    2.41                      1.81   0.60     1.26
  SINCE SEP 1      2.41                      1.81   0.60     1.26
  SINCE JAN 1     39.20                     31.60   7.60    34.34

SNOWFALL (IN)
  YESTERDAY        0.0          MM      MM   0.0    0.0      0.0
  MONTH TO DATE    0.0                       0.0    0.0      0.0
  SINCE SEP 1      0.0                       0.0    0.0      0.0
  SINCE JUL 1      0.0                       0.0    0.0      0.0
  SNOW DEPTH       0

DEGREE DAYS
 HEATING
  YESTERDAY        0                         3     -3        0
  MONTH TO DATE   39                        22     17        0
  SINCE SEP 1     39                        22     17        0
  SINCE JUL 1     40                        22     18        0

 COOLING
  YESTERDAY       12                         3      9       10
  MONTH TO DATE   64                       116    -52      193
  SINCE SEP 1     64                       116    -52      193
  SINCE JAN 1    995                      1084    -89     1368
..................................................................


WIND (MPH)
  RESULTANT WIND SPEED   1   RESULTANT WIND DIRECTION   S (190)
  HIGHEST WIND SPEED    10   HIGHEST WIND DIRECTION    SW (210)
  HIGHEST GUST SPEED    14   HIGHEST GUST DIRECTION    SW (210)
  AVERAGE WIND SPEED     1.9


SKY COVER
  POSSIBLE SUNSHINE  MM
  AVERAGE SKY COVER 0.3


WEATHER CONDITIONS
 THE FOLLOWING WEATHER WAS RECORDED YESTERDAY.
  THUNDERSTORM
  FOG
  HAZE


RELATIVE HUMIDITY (PERCENT)
 HIGHEST   100           100 AM
 LOWEST     55           500 PM
 AVERAGE    78

..........................................................


THE CINCINNATI OH CLIMATE NORMALS FOR TODAY
                         NORMAL    RECORD    YEAR
 MAXIMUM TEMPERATURE (F)   76        95      1895
 MINIMUM TEMPERATURE (F)   54        34      1918


SUNRISE AND SUNSET
SEPTEMBER 22 2017.....SUNRISE   727 AM EDT   SUNSET   735 PM EDT
SEPTEMBER 23 2017.....SUNRISE   727 AM EDT   SUNSET   734 PM EDT


-  INDICATES NEGATIVE NUMBERS.
R  INDICATES RECORD WAS SET OR TIED.
MM INDICATES DATA IS MISSING.
T  INDICATES TRACE AMOUNT.




$$
