000
CDUS41 KILN 300547
CLICVG


CLIMATE REPORT
NATIONAL WEATHER SERVICE WILMINGTON OH
142 AM EDT TUE AUG 30 2016


...................................

...THE CINCINNATI OH CLIMATE SUMMARY FOR AUGUST 29 2016...

CLIMATE NORMAL PERIOD 1981 TO 2010
CLIMATE RECORD PERIOD 1869 TO 2016


WEATHER ITEM   OBSERVED TIME   RECORD YEAR NORMAL DEPARTURE LAST
                VALUE   (LST)  VALUE       VALUE  FROM      YEAR
                                                  NORMAL
..................................................................
TEMPERATURE (F)
 YESTERDAY
  MAXIMUM         90    320 PM  99    1953  84      6       87
  MINIMUM         68    511 AM  43    1986  63      5       65
                                      1965
  AVERAGE         79                        73      6       76

PRECIPITATION (IN)
  YESTERDAY        0.00          1.63 1942   0.10  -0.10     0.01
  MONTH TO DATE    5.92                      3.21   2.71     2.61
  SINCE JUN 1     13.47                     11.00   2.47    14.98
  SINCE JAN 1     33.08                     29.59   3.49    32.21

SNOWFALL (IN)
  YESTERDAY        0.0           0.0         0.0    0.0      0.0
  MONTH TO DATE    0.0                       0.0    0.0      0.0
  SINCE JUN 1      0.0                       0.0    0.0      0.0
  SINCE JUL 1      0.0                       0.0    0.0      0.0
  SNOW DEPTH       0

DEGREE DAYS
 HEATING
  YESTERDAY        0                         0      0        0
  MONTH TO DATE    0                         0      0        2
  SINCE JUN 1      2                        15    -13       21
  SINCE JUL 1      0                         0      0        2

 COOLING
  YESTERDAY       14                         9      5       11
  MONTH TO DATE  391                       293     98      207
  SINCE JUN 1   1053                       858    195      785
  SINCE JAN 1   1146                       952    194      934
..................................................................


WIND (MPH)
  RESULTANT WIND SPEED   5   RESULTANT WIND DIRECTION  NE (60)
  HIGHEST WIND SPEED    17   HIGHEST WIND DIRECTION    NE (50)
  HIGHEST GUST SPEED    21   HIGHEST GUST DIRECTION    NE (50)
  AVERAGE WIND SPEED     6.0


SKY COVER
  POSSIBLE SUNSHINE
  AVERAGE SKY COVER 0.3


WEATHER CONDITIONS
 THE FOLLOWING WEATHER WAS RECORDED YESTERDAY.
  FOG


RELATIVE HUMIDITY (PERCENT)
 HIGHEST   100           100 AM
 LOWEST     52           300 PM
 AVERAGE    76

..........................................................


THE CINCINNATI OH CLIMATE NORMALS FOR TODAY
                         NORMAL    RECORD    YEAR
 MAXIMUM TEMPERATURE (F)   84        96      1962
                                             1953
                                             1932
 MINIMUM TEMPERATURE (F)   63        45      1915


SUNRISE AND SUNSET
AUGUST 30 2016........SUNRISE   706 AM EDT   SUNSET   811 PM EDT
AUGUST 31 2016........SUNRISE   707 AM EDT   SUNSET   810 PM EDT


-  INDICATES NEGATIVE NUMBERS.
R  INDICATES RECORD WAS SET OR TIED.
MM INDICATES DATA IS MISSING.
T  INDICATES TRACE AMOUNT.




$$
