000
CDUS45 KCYS 300727
CLICYS


CLIMATE REPORT
NATIONAL WEATHER SERVICE CHEYENNE WY
127 AM MDT THU JUL 30 2015


...................................

...THE CHEYENNE WYOMING AIRPORT CLIMATE SUMMARY FOR JULY 29 2015...

CLIMATE NORMAL PERIOD 1981 TO 2010
CLIMATE RECORD PERIOD 1871 TO 2015


WEATHER ITEM   OBSERVED TIME   RECORD YEAR NORMAL DEPARTURE LAST
                VALUE   (LST)  VALUE       VALUE  FROM      YEAR
                                                  NORMAL
..................................................................
TEMPERATURE (F)
 YESTERDAY
  MAXIMUM         82    314 PM  95    2006  84     -2       73
                                      2001
                                      1995
  MINIMUM         47    504 AM  43    1971  56     -9       56
  AVERAGE         65                        70     -5       65

PRECIPITATION (IN)
  YESTERDAY        0.00          1.10 1905   0.08  -0.08     0.77
  MONTH TO DATE    1.81                      2.04  -0.23     2.93
  SINCE JAN 1     12.92                     10.35   2.57    11.87

SNOWFALL (IN)
  YESTERDAY        0.0          MM      MM   0.0    0.0      0.0
  MONTH TO DATE    0.0                       0.0    0.0      0.0
  SINCE JUL 1      0.0                       0.0    0.0      0.0
  SNOW DEPTH       0

DEGREE DAYS
 HEATING
  YESTERDAY        0                         1     -1        0
  MONTH TO DATE   27                        29     -2       21
  SINCE JUN 1     63                       163   -100      147
  SINCE JUL 1     27                        29     -2       21

 COOLING
  YESTERDAY        0                         6     -6        0
  MONTH TO DATE  121                       153    -32      158
  SINCE JUN 1    183                       200    -17      172
  SINCE JAN 1    183                       203    -20      173
..................................................................


WIND (MPH)
  HIGHEST WIND SPEED    21   HIGHEST WIND DIRECTION    SE (150)
  HIGHEST GUST SPEED    27   HIGHEST GUST DIRECTION     S (180)
  AVERAGE WIND SPEED     7.9


SKY COVER
  AVERAGE SKY COVER 0.1


WEATHER CONDITIONS
 THE FOLLOWING WEATHER WAS RECORDED YESTERDAY.
  NO SIGNIFICANT WEATHER WAS OBSERVED.


RELATIVE HUMIDITY (PERCENT)
 HIGHEST    60           500 AM
 LOWEST     30           300 PM
 AVERAGE    45

..........................................................


THE CHEYENNE WYOMING AIRPORT CLIMATE NORMALS FOR TODAY
                         NORMAL    RECORD    YEAR
 MAXIMUM TEMPERATURE (F)   84        97      2006
 MINIMUM TEMPERATURE (F)   56        41      1971


SUNRISE AND SUNSET
JULY 30 2015..........SUNRISE   553 AM MDT   SUNSET   818 PM MDT
JULY 31 2015..........SUNRISE   554 AM MDT   SUNSET   817 PM MDT


-  INDICATES NEGATIVE NUMBERS.
R  INDICATES RECORD WAS SET OR TIED.
MM INDICATES DATA IS MISSING.
T  INDICATES TRACE AMOUNT.




$$
