000
CDUS45 KCYS 130731
CLICYS


CLIMATE REPORT
NATIONAL WEATHER SERVICE CHEYENNE WY
1229 AM MST SAT FEB 13 2016


...................................

...THE CHEYENNE WYOMING AIRPORT CLIMATE SUMMARY FOR FEBRUARY 12 2016...

CLIMATE NORMAL PERIOD 1981 TO 2010
CLIMATE RECORD PERIOD 1871 TO 2016


WEATHER ITEM   OBSERVED TIME   RECORD YEAR NORMAL DEPARTURE LAST
                VALUE   (LST)  VALUE       VALUE  FROM      YEAR
                                                  NORMAL
..................................................................
TEMPERATURE (F)
 YESTERDAY
  MAXIMUM         52    259 PM  64    1962  40     12       56
  MINIMUM         29    137 AM -30    1905  18     11       28
  AVERAGE         41                        29     12       42

PRECIPITATION (IN)
  YESTERDAY        0.00          0.52 1915   0.02  -0.02     0.00
  MONTH TO DATE    0.67                      0.17   0.50     0.31
  SINCE JAN 1      1.15                      0.50   0.65     0.37

SNOWFALL (IN)
  YESTERDAY        0.0           4.3  1915   0.2   -0.2      0.0
  MONTH TO DATE   10.9                       3.1    7.8      3.9
  SINCE JUL 1     45.6                      31.7   13.9     27.3
  SNOW DEPTH       0

DEGREE DAYS
 HEATING
  YESTERDAY       24                        36    -12       23
  MONTH TO DATE  420                       440    -20      284
  SINCE DEC 1   2667                      2719    -52     2407
  SINCE JUL 1   4094                      4467   -373     4010

 COOLING
  YESTERDAY        0                         0      0        0
  MONTH TO DATE    0                         0      0        0
  SINCE DEC 1      0                         0      0        0
  SINCE JAN 1      0                         0      0        0
..................................................................


WIND (MPH)
  HIGHEST WIND SPEED    21   HIGHEST WIND DIRECTION    SW (220)
  HIGHEST GUST SPEED    25   HIGHEST GUST DIRECTION    SW (220)
  AVERAGE WIND SPEED     7.3


SKY COVER
  AVERAGE SKY COVER 0.5


WEATHER CONDITIONS
 THE FOLLOWING WEATHER WAS RECORDED YESTERDAY.
  FOG


RELATIVE HUMIDITY (PERCENT)
 HIGHEST   100          1100 PM
 LOWEST     38           100 PM
 AVERAGE    69

..........................................................


THE CHEYENNE WYOMING AIRPORT CLIMATE NORMALS FOR TODAY
                         NORMAL    RECORD    YEAR
 MAXIMUM TEMPERATURE (F)   40        66      1979
 MINIMUM TEMPERATURE (F)   18       -16      1949
                                             1895


SUNRISE AND SUNSET
FEBRUARY 13 2016......SUNRISE   657 AM MST   SUNSET   530 PM MST
FEBRUARY 14 2016......SUNRISE   656 AM MST   SUNSET   532 PM MST


-  INDICATES NEGATIVE NUMBERS.
R  INDICATES RECORD WAS SET OR TIED.
MM INDICATES DATA IS MISSING.
T  INDICATES TRACE AMOUNT.




$$
