000
CDUS45 KCYS 270426
CLICYS


CLIMATE REPORT
NATIONAL WEATHER SERVICE CHEYENNE WY
926 PM MST MON JAN 26 2015


...................................

...THE CHEYENNE WYOMING CLIMATE SUMMARY FOR JANUARY 26 2015...
VALID TODAY AS OF 0900 PM LOCAL TIME.

CLIMATE NORMAL PERIOD 1981 TO 2010
CLIMATE RECORD PERIOD 1871 TO 2015


WEATHER ITEM   OBSERVED TIME   RECORD YEAR NORMAL DEPARTURE LAST
                VALUE   (LST)  VALUE       VALUE  FROM      YEAR
                                                  NORMAL
..................................................................
TEMPERATURE (F)
 TODAY
  MAXIMUM         67R   233 PM  66    1982  39     28       50
  MINIMUM         40    822 PM -27    1902  18     22       10
  AVERAGE         54                        28     26       30

PRECIPITATION (IN)
  TODAY            0.00          0.49 1899   0.01  -0.01     0.04
  MONTH TO DATE    0.06                      0.27  -0.21     0.46
  SINCE DEC 1      0.73                      0.76  -0.03     0.96
  SINCE JAN 1      0.06                      0.27  -0.21     0.46

SNOWFALL (IN)
  TODAY            0.0           5.0  1994   0.2   -0.2      0.8
  MONTH TO DATE    0.8                       4.9   -4.1      8.2
  SINCE JUL 1     23.4                      27.6   -4.2     33.9
  SNOW DEPTH       0

DEGREE DAYS
 HEATING
  TODAY           11                        37    -26       35
  MONTH TO DATE  891                       938    -47      895
  SINCE DEC 1   1996                      2093    -97     2091
  SINCE JUL 1   3594                      3841   -247     3795

 COOLING
  TODAY            0                         0      0        0
  MONTH TO DATE    0                         0      0        0
  SINCE DEC 1      0                         0      0        0
  SINCE JAN 1      0                         0      0        0
..................................................................


WIND (MPH)
  HIGHEST WIND SPEED    23   HIGHEST WIND DIRECTION    NW (320)
  HIGHEST GUST SPEED    33   HIGHEST GUST DIRECTION    NW (310)
  AVERAGE WIND SPEED    13.4


SKY COVER
  AVERAGE SKY COVER 0.0


WEATHER CONDITIONS
 THE FOLLOWING WEATHER WAS RECORDED TODAY.
  NO SIGNIFICANT WEATHER WAS OBSERVED.


RELATIVE HUMIDITY (PERCENT)
 HIGHEST    43           800 PM
 LOWEST     16           200 PM
 AVERAGE    30

..........................................................


THE CHEYENNE WYOMING CLIMATE NORMALS FOR TOMORROW
                         NORMAL    RECORD    YEAR
 MAXIMUM TEMPERATURE (F)   39        64      1888
 MINIMUM TEMPERATURE (F)   18       -21      1897


SUNRISE AND SUNSET
JANUARY 26 2015.......SUNRISE   716 AM MST   SUNSET   508 PM MST
JANUARY 27 2015.......SUNRISE   715 AM MST   SUNSET   510 PM MST


-  INDICATES NEGATIVE NUMBERS.
R  INDICATES RECORD WAS SET OR TIED.
MM INDICATES DATA IS MISSING.
T  INDICATES TRACE AMOUNT.




$$
