000
CDUS45 KCYS 240735
CLICYS


CLIMATE REPORT
NATIONAL WEATHER SERVICE CHEYENNE WY
133 AM MDT SUN MAY 24 2015


...................................

...THE CHEYENNE WYOMING AIRPORT CLIMATE SUMMARY FOR MAY 23 2015...

CLIMATE NORMAL PERIOD 1981 TO 2010
CLIMATE RECORD PERIOD 1871 TO 2015


WEATHER ITEM   OBSERVED TIME   RECORD YEAR NORMAL DEPARTURE LAST
                VALUE   (LST)  VALUE       VALUE  FROM      YEAR
                                                  NORMAL
..................................................................
TEMPERATURE (F)
 YESTERDAY
  MAXIMUM         57   1250 PM  88    1874  67    -10       66
  MINIMUM         42    500 AM  30    1930  42      0       46
  AVERAGE         50                        55     -5       56

PRECIPITATION (IN)
  YESTERDAY        0.10          1.50 1968   0.08   0.02     0.01
  MONTH TO DATE    5.29                      1.65   3.64     2.72
  SINCE JAN 1      8.88                      5.28   3.60     6.69

SNOWFALL (IN)
  YESTERDAY        0.0           1.4  1995   0.1   -0.1      0.0
  MONTH TO DATE    4.4                       2.1    2.3     12.9
  SINCE JUL 1     54.5                      60.1   -5.6     91.6
  SNOW DEPTH       0

DEGREE DAYS
 HEATING
  YESTERDAY       15                        11      4        9
  MONTH TO DATE  427                       317    110      361
  SINCE MAR 1   1761                      1883   -122     1867
  SINCE JUL 1   6407                      6902   -495     7071

 COOLING
  YESTERDAY        0                         0      0        0
  MONTH TO DATE    0                         0      0        0
  SINCE MAR 1      0                         0      0        0
  SINCE JAN 1      0                         0      0        0
..................................................................


WIND (MPH)
  HIGHEST WIND SPEED    18   HIGHEST WIND DIRECTION     S (160)
  HIGHEST GUST SPEED    23   HIGHEST GUST DIRECTION    SE (150)
  AVERAGE WIND SPEED     8.7


SKY COVER
  AVERAGE SKY COVER 1.0


WEATHER CONDITIONS
 THE FOLLOWING WEATHER WAS RECORDED YESTERDAY.
  THUNDERSTORM
  RAIN
  LIGHT RAIN
  FOG
  FOG W/VISIBILITY <= 1/4 MILE


RELATIVE HUMIDITY (PERCENT)
 HIGHEST   100           100 AM
 LOWEST     66          1200 PM
 AVERAGE    83

..........................................................


THE CHEYENNE WYOMING AIRPORT CLIMATE NORMALS FOR TODAY
                         NORMAL    RECORD    YEAR
 MAXIMUM TEMPERATURE (F)   67        83      1967
                                             1964
                                             1886
 MINIMUM TEMPERATURE (F)   43        30      2007


SUNRISE AND SUNSET
MAY 24 2015...........SUNRISE   534 AM MDT   SUNSET   819 PM MDT
MAY 25 2015...........SUNRISE   533 AM MDT   SUNSET   820 PM MDT


-  INDICATES NEGATIVE NUMBERS.
R  INDICATES RECORD WAS SET OR TIED.
MM INDICATES DATA IS MISSING.
T  INDICATES TRACE AMOUNT.




$$
