000
CDUS45 KCYS 270728
CLICYS


CLIMATE REPORT
NATIONAL WEATHER SERVICE CHEYENNE WY
128 AM MDT TUE SEP 27 2016


...................................

...THE CHEYENNE WYOMING AIRPORT CLIMATE SUMMARY FOR SEPTEMBER 26 2016...

CLIMATE NORMAL PERIOD 1981 TO 2010
CLIMATE RECORD PERIOD 1871 TO 2016


WEATHER ITEM   OBSERVED TIME   RECORD YEAR NORMAL DEPARTURE LAST
                VALUE   (LST)  VALUE       VALUE  FROM      YEAR
                                                  NORMAL
..................................................................
TEMPERATURE (F)
 YESTERDAY
  MAXIMUM         74    338 PM  88    2014  67      7       85
                                      2010
  MINIMUM         38    424 AM  19    1942  40     -2       43
  AVERAGE         56                        54      2       64

PRECIPITATION (IN)
  YESTERDAY        0.00          0.35 1933   0.04  -0.04     0.00
  MONTH TO DATE    0.79                      1.31  -0.52     0.10
  SINCE JAN 1     13.62                     13.76  -0.14    13.71

SNOWFALL (IN)
  YESTERDAY        0.0           1.2  1996   0.1   -0.1      0.0
  MONTH TO DATE    T                         0.9   -0.9      0.0
  SINCE JUL 1      T                         0.9   -0.9      0.0
  SNOW DEPTH       0

DEGREE DAYS
 HEATING
  YESTERDAY        9                        12     -3        1
  MONTH TO DATE  138                       175    -37       38
  SINCE SEP 1    138                       175    -37       38
  SINCE JUL 1    192                       231    -39      107

 COOLING
  YESTERDAY        0                         0      0        0
  MONTH TO DATE   32                        21     11       45
  SINCE SEP 1     32                        21     11       45
  SINCE JAN 1    452                       347    105      355
..................................................................


WIND (MPH)
  HIGHEST WIND SPEED    20   HIGHEST WIND DIRECTION     N (340)
  HIGHEST GUST SPEED    27   HIGHEST GUST DIRECTION    NW (330)
  AVERAGE WIND SPEED     9.2


SKY COVER
  AVERAGE SKY COVER 0.0


WEATHER CONDITIONS
 THE FOLLOWING WEATHER WAS RECORDED YESTERDAY.
  NO SIGNIFICANT WEATHER WAS OBSERVED.


RELATIVE HUMIDITY (PERCENT)
 HIGHEST    76           500 AM
 LOWEST     25           100 PM
 AVERAGE    51

..........................................................


THE CHEYENNE WYOMING AIRPORT CLIMATE NORMALS FOR TODAY
                         NORMAL    RECORD    YEAR
 MAXIMUM TEMPERATURE (F)   66        86      2015
 MINIMUM TEMPERATURE (F)   40        16      1908


SUNRISE AND SUNSET
SEPTEMBER 27 2016.....SUNRISE   652 AM MDT   SUNSET   647 PM MDT
SEPTEMBER 28 2016.....SUNRISE   653 AM MDT   SUNSET   645 PM MDT


-  INDICATES NEGATIVE NUMBERS.
R  INDICATES RECORD WAS SET OR TIED.
MM INDICATES DATA IS MISSING.
T  INDICATES TRACE AMOUNT.




$$
