000
CDUS45 KCYS 300735
CLICYS


CLIMATE REPORT
NATIONAL WEATHER SERVICE CHEYENNE WY
135 AM MDT TUE AUG 30 2016


...................................

...THE CHEYENNE WYOMING AIRPORT CLIMATE SUMMARY FOR AUGUST 29 2016...

CLIMATE NORMAL PERIOD 1981 TO 2010
CLIMATE RECORD PERIOD 1871 TO 2016


WEATHER ITEM   OBSERVED TIME   RECORD YEAR NORMAL DEPARTURE LAST
                VALUE   (LST)  VALUE       VALUE  FROM      YEAR
                                                  NORMAL
..................................................................
TEMPERATURE (F)
 YESTERDAY
  MAXIMUM         83    219 PM  93    2012  79      4       85
  MINIMUM         53    423 AM  30    1892  51      2       51
  AVERAGE         68                        65      3       68

PRECIPITATION (IN)
  YESTERDAY        0.00          1.30 1880   0.05  -0.05     0.00
  MONTH TO DATE    1.05                      1.85  -0.80     0.65
  SINCE JAN 1     12.83                     12.35   0.48    13.61

SNOWFALL (IN)
  YESTERDAY        0.0          MM      MM   0.0    0.0      0.0
  MONTH TO DATE    T                         0.0    0.0      0.0
  SINCE JUL 1      T                         0.0    0.0      0.0
  SNOW DEPTH       0

DEGREE DAYS
 HEATING
  YESTERDAY        0                         2     -2        0
  MONTH TO DATE   44                        34     10       40
  SINCE JUN 1     73                       190   -117      105
  SINCE JUL 1     47                        56     -9       69

 COOLING
  YESTERDAY        3                         2      1        3
  MONTH TO DATE  108                       112     -4      126
  SINCE JUN 1    420                       319    101      298
  SINCE JAN 1    420                       322     98      298
..................................................................


WIND (MPH)
  HIGHEST WIND SPEED    20   HIGHEST WIND DIRECTION     E (90)
  HIGHEST GUST SPEED    25   HIGHEST GUST DIRECTION     E (80)
  AVERAGE WIND SPEED     7.9


SKY COVER
  AVERAGE SKY COVER 0.1


WEATHER CONDITIONS
 THE FOLLOWING WEATHER WAS RECORDED YESTERDAY.
  NO SIGNIFICANT WEATHER WAS OBSERVED.


RELATIVE HUMIDITY (PERCENT)
 HIGHEST    66           400 AM
 LOWEST     20           200 PM
 AVERAGE    43

..........................................................


THE CHEYENNE WYOMING AIRPORT CLIMATE NORMALS FOR TODAY
                         NORMAL    RECORD    YEAR
 MAXIMUM TEMPERATURE (F)   79        94      1990
 MINIMUM TEMPERATURE (F)   51        37      1910


SUNRISE AND SUNSET
AUGUST 30 2016........SUNRISE   624 AM MDT   SUNSET   734 PM MDT
AUGUST 31 2016........SUNRISE   625 AM MDT   SUNSET   733 PM MDT


-  INDICATES NEGATIVE NUMBERS.
R  INDICATES RECORD WAS SET OR TIED.
MM INDICATES DATA IS MISSING.
T  INDICATES TRACE AMOUNT.




$$
