000
CDUS45 KCYS 280732
CLICYS


CLIMATE REPORT
NATIONAL WEATHER SERVICE CHEYENNE WY
1231 AM MST SUN DEC 28 2014


...................................

...THE CHEYENNE WYOMING CLIMATE SUMMARY FOR DECEMBER 27 2014...

CLIMATE NORMAL PERIOD 1981 TO 2010
CLIMATE RECORD PERIOD 1871 TO 2014


WEATHER ITEM   OBSERVED TIME   RECORD YEAR NORMAL DEPARTURE LAST
                VALUE   (LST)  VALUE       VALUE  FROM      YEAR
                                                  NORMAL
..................................................................
TEMPERATURE (F)
 YESTERDAY
  MAXIMUM         22    559 PM  66    1980  39    -17       56
  MINIMUM          4    748 AM -13    1894  17    -13       30
  AVERAGE         13                        28    -15       43

PRECIPITATION (IN)
  YESTERDAY        0.00          1.14 1979   0.01  -0.01     0.00
  MONTH TO DATE    0.53                      0.43   0.10     0.48
  SINCE JAN 1     17.63                     15.88   1.75    18.16

SNOWFALL (IN)
  YESTERDAY        0.0          11.6  1979   0.2   -0.2      0.0
  MONTH TO DATE    9.2                       7.4    1.8      9.8
  SINCE JUL 1     20.6                      21.7   -1.1     25.4
  SNOW DEPTH       7

DEGREE DAYS
 HEATING
  YESTERDAY       52                        37     15       22
  MONTH TO DATE  864                      1009   -145     1063
  SINCE DEC 1    864                      1009   -145     1063
  SINCE JUL 1   2462                      2757   -295     2767

 COOLING
  YESTERDAY        0                         0      0        0
  MONTH TO DATE    0                         0      0        0
  SINCE DEC 1      0                         0      0        0
  SINCE JAN 1    301                       348    -47      520
..................................................................


WIND (MPH)
  HIGHEST WIND SPEED    25   HIGHEST WIND DIRECTION     W (280)
  HIGHEST GUST SPEED    30   HIGHEST GUST DIRECTION     W (280)
  AVERAGE WIND SPEED    13.4


SKY COVER
  AVERAGE SKY COVER 0.1


WEATHER CONDITIONS
 THE FOLLOWING WEATHER WAS RECORDED YESTERDAY.
  NO SIGNIFICANT WEATHER WAS OBSERVED.


RELATIVE HUMIDITY (PERCENT)
 HIGHEST    76           100 AM
 LOWEST     45           600 PM
 AVERAGE    61

..........................................................


THE CHEYENNE WYOMING CLIMATE NORMALS FOR TODAY
                         NORMAL    RECORD    YEAR
 MAXIMUM TEMPERATURE (F)   39        63      1933
 MINIMUM TEMPERATURE (F)   17       -24      1880


SUNRISE AND SUNSET
DECEMBER 28 2014......SUNRISE   724 AM MST   SUNSET   438 PM MST
DECEMBER 29 2014......SUNRISE   724 AM MST   SUNSET   439 PM MST


-  INDICATES NEGATIVE NUMBERS.
R  INDICATES RECORD WAS SET OR TIED.
MM INDICATES DATA IS MISSING.
T  INDICATES TRACE AMOUNT.




$$
