000
CDUS46 KSGX 181235
CLICZZ


CLIMATE REPORT
NATIONAL WEATHER SERVICE SAN DIEGO, CA
435 AM PST THU JAN 18 2018


...................................

...THE CAMPO ASOS CA CLIMATE SUMMARY FOR JANUARY 17 2018...

CLIMATE NORMAL PERIOD 1981 TO 2010
CLIMATE RECORD PERIOD 1948 TO 2018


WEATHER ITEM   OBSERVED TIME   RECORD YEAR NORMAL DEPARTURE LAST
                VALUE   (LST)  VALUE       VALUE  FROM      YEAR
                                                  NORMAL
..................................................................
TEMPERATURE (F)
 YESTERDAY
  MAXIMUM         70    120 PM  82    1971  63      7       59
  MINIMUM         40    510 AM  13    2007  34      6       30
  AVERAGE         55                        49      6       45

PRECIPITATION (IN)
  YESTERDAY        0.00          1.10 1990   0.10  -0.10     0.00
  MONTH TO DATE    2.07                      1.67   0.40     1.58
  SINCE OCT 1      2.42                      5.89  -3.47     6.81
  SINCE JAN 1      2.07                      1.67   0.40     1.58

DEGREE DAYS
 HEATING
  YESTERDAY       10                        16     -6       20
  MONTH TO DATE  155                       283   -128      288
  SINCE DEC 1    547                       819   -272      753
  SINCE JUL 1    943                      1389   -446     1171

 COOLING
  YESTERDAY        0                         0      0        0
  MONTH TO DATE    0                         0      0        0
  SINCE DEC 1      0                         0      0        0
  SINCE JAN 1      0                         0      0        0
..................................................................


WIND (MPH)
  RESULTANT WIND SPEED  11   RESULTANT WIND DIRECTION   E (70)
  HIGHEST WIND SPEED    25   HIGHEST WIND DIRECTION     E (80)
  HIGHEST GUST SPEED    31   HIGHEST GUST DIRECTION     E (70)
  AVERAGE WIND SPEED     9.8


SKY COVER
  POSSIBLE SUNSHINE  MM
  AVERAGE SKY COVER 0.0



RELATIVE HUMIDITY (PERCENT)
 HIGHEST    70           500 AM
 LOWEST     25           200 PM
 AVERAGE    48

..........................................................


THE CAMPO ASOS CA CLIMATE NORMALS FOR TODAY
                         NORMAL    RECORD    YEAR
 MAXIMUM TEMPERATURE (F)   63        83      1971
 MINIMUM TEMPERATURE (F)   34        18      1963


SUNRISE AND SUNSET
JANUARY 18 2018.......SUNRISE   647 AM PST   SUNSET   506 PM PST
JANUARY 19 2018.......SUNRISE   647 AM PST   SUNSET   507 PM PST


-  INDICATES NEGATIVE NUMBERS.
R  INDICATES RECORD WAS SET OR TIED.
MM INDICATES DATA IS MISSING.
T  INDICATES TRACE AMOUNT.




$$
