000
CDUS46 KSGX 110117
CLICZZ


CLIMATE REPORT
NATIONAL WEATHER SERVICE SAN DIEGO, CA
517 PM PST SAT DEC 10 2016


...................................

...THE CAMPO ASOS CA CLIMATE SUMMARY FOR DECEMBER 10 2016...
VALID TODAY AS OF 0500 PM LOCAL TIME.

CLIMATE NORMAL PERIOD 1981 TO 2010
CLIMATE RECORD PERIOD 1948 TO 2016


WEATHER ITEM   OBSERVED TIME   RECORD YEAR NORMAL DEPARTURE LAST
                VALUE   (LST)  VALUE       VALUE  FROM      YEAR
                                                  NORMAL
..................................................................
TEMPERATURE (F)
 TODAY
  MAXIMUM         67    123 PM  83    1995  63      4       MM
  MINIMUM         35    629 AM  19    1960  32      3       MM
  AVERAGE         51                        48      3       MM

PRECIPITATION (IN)
  TODAY            0.00          1.05 1991   0.07  -0.07    MM
  MONTH TO DATE    0.00                      0.65  -0.65     0.00
  SINCE OCT 1      0.94                      2.60  -1.66     1.70
  SINCE JAN 1      8.32                     14.11  -5.79     8.54

DEGREE DAYS
 HEATING
  TODAY           14                        17     -3       MM
  MONTH TO DATE  168                       167      1      108
  SINCE DEC 1    168                       167      1      108
  SINCE JUL 1    586                       737   -151      524

 COOLING
  TODAY            0                         0      0       MM
  MONTH TO DATE    0                         0      0        0
  SINCE DEC 1      0                         0      0        0
  SINCE JAN 1    955                       841    114      983
..................................................................


WIND (MPH)
  RESULTANT WIND SPEED   3   RESULTANT WIND DIRECTION   S (200)
  HIGHEST WIND SPEED    20   HIGHEST WIND DIRECTION    SW (220)
  HIGHEST GUST SPEED    24   HIGHEST GUST DIRECTION    SW (230)
  AVERAGE WIND SPEED     7.8


SKY COVER
  POSSIBLE SUNSHINE  MM
  AVERAGE SKY COVER 0.0



RELATIVE HUMIDITY (PERCENT)
 HIGHEST    92          1200 AM
 LOWEST     45          1200 PM
 AVERAGE    69

..........................................................


THE CAMPO ASOS CA CLIMATE NORMALS FOR TOMORROW
                         NORMAL    RECORD    YEAR
 MAXIMUM TEMPERATURE (F)   63        86      1950
 MINIMUM TEMPERATURE (F)   32        22      1999


SUNRISE AND SUNSET
DECEMBER 10 2016......SUNRISE   637 AM PST   SUNSET   440 PM PST
DECEMBER 11 2016......SUNRISE   638 AM PST   SUNSET   441 PM PST


-  INDICATES NEGATIVE NUMBERS.
R  INDICATES RECORD WAS SET OR TIED.
MM INDICATES DATA IS MISSING.
T  INDICATES TRACE AMOUNT.




$$
