000
CDUS46 KSGX 100018
CLICZZ


CLIMATE REPORT
NATIONAL WEATHER SERVICE SAN DIEGO, CA
518 PM PDT WED JUL 9 2014


...................................

...THE CAMPO ASOS CA CLIMATE SUMMARY FOR JULY 9 2014...
VALID TODAY AS OF 0500 PM LOCAL TIME.

CLIMATE NORMAL PERIOD 1981 TO 2010
CLIMATE RECORD PERIOD 1948 TO 2014


WEATHER ITEM   OBSERVED TIME   RECORD YEAR NORMAL DEPARTURE LAST
                VALUE   (LST)  VALUE       VALUE  FROM      YEAR
                                                  NORMAL
..................................................................
TEMPERATURE (F)
 TODAY
  MAXIMUM         93   1025 AM 102    2002  93      0       99
                                      1961
  MINIMUM         54    500 AM  38    1977  51      3       67
  AVERAGE         74                        72      2       83

PRECIPITATION (IN)
  TODAY            0.00          0.10 1950   0.01  -0.01     0.00
  MONTH TO DATE    0.13                      0.05   0.08     0.00
  SINCE JUL 1      0.13                      0.05   0.08     0.00
  SINCE JAN 1      2.89                     10.20  -7.31     4.78

SNOWFALL (IN)
  TODAY            0.0
  MONTH TO DATE    0.0
  SINCE JAN 1      0.0
  SINCE JUL 1      0.0
  SNOW DEPTH       0

DEGREE DAYS
 HEATING
  TODAY            0                         0      0        0
  MONTH TO DATE    0                         4     -4        0
  SINCE JUN 1     28                        60    -32       28
  SINCE JUL 1      0                         4     -4        0

 COOLING
  TODAY            9                         7      2       18
  MONTH TO DATE   95                        59     36      117
  SINCE JUN 1    155                       151      4      224
  SINCE JAN 1    207                       181     26      251
..................................................................


WIND (MPH)
  RESULTANT WIND SPEED   5   RESULTANT WIND DIRECTION  SW (220)
  HIGHEST WIND SPEED    22   HIGHEST WIND DIRECTION    SW (210)
  HIGHEST GUST SPEED    27   HIGHEST GUST DIRECTION    SW (220)
  AVERAGE WIND SPEED     9.5


SKY COVER
  POSSIBLE SUNSHINE  MM
  AVERAGE SKY COVER 0.0



RELATIVE HUMIDITY (PERCENT)
 HIGHEST    40           100 AM
 LOWEST      8           800 AM
 AVERAGE    24

..........................................................


THE CAMPO ASOS CA CLIMATE NORMALS FOR TOMORROW
                         NORMAL    RECORD    YEAR
 MAXIMUM TEMPERATURE (F)   94       103      2012
                                             2003
                                             1961
 MINIMUM TEMPERATURE (F)   51        38      2000


SUNRISE AND SUNSET
JULY  9 2014..........SUNRISE   546 AM PDT   SUNSET   756 PM PDT
JULY 10 2014..........SUNRISE   546 AM PDT   SUNSET   756 PM PDT


-  INDICATES NEGATIVE NUMBERS.
R  INDICATES RECORD WAS SET OR TIED.
MM INDICATES DATA IS MISSING.
T  INDICATES TRACE AMOUNT.




$$
