000
CDUS46 KSGX 281419
CLICZZ


CLIMATE REPORT
NATIONAL WEATHER SERVICE SAN DIEGO, CA
719 AM PDT SAT MAR 28 2015


...................................

...THE CAMPO ASOS CA CLIMATE SUMMARY FOR MARCH 27 2015...

CLIMATE NORMAL PERIOD 1981 TO 2010
CLIMATE RECORD PERIOD 1948 TO 2015


WEATHER ITEM   OBSERVED TIME   RECORD YEAR NORMAL DEPARTURE LAST
                VALUE   (LST)  VALUE       VALUE  FROM      YEAR
                                                  NORMAL
..................................................................
TEMPERATURE (F)
 YESTERDAY
  MAXIMUM         87R   208 PM  85    1986  68     19       57
  MINIMUM         40    602 AM  24    1975  36      4       43
  AVERAGE         64                        52     12       50

PRECIPITATION (IN)
  YESTERDAY        0.00          1.36 1991   0.07  -0.07     0.06
  MONTH TO DATE    1.45                      2.46  -1.01     0.75
  SINCE OCT 1      6.35                     12.89  -6.54     4.32
  SINCE JAN 1      2.48                      8.67  -6.19     2.07

SNOWFALL (IN)
  YESTERDAY        0.0
  MONTH TO DATE    0.0
  SINCE MAR 1      0.0
  SINCE JUL 1      0.0
  SNOW DEPTH       0

DEGREE DAYS
 HEATING
  YESTERDAY        1                        13    -12       15
  MONTH TO DATE  278                       367    -89      318
  SINCE MAR 1    278                       367    -89      318
  SINCE JUL 1   1914                      2418   -504     2188

 COOLING
  YESTERDAY        0                         0      0        0
  MONTH TO DATE    0                         0      0        0
  SINCE MAR 1      0                         0      0        0
  SINCE JAN 1      0                         0      0        0
..................................................................


WIND (MPH)
  RESULTANT WIND SPEED   2   RESULTANT WIND DIRECTION   N (20)
  HIGHEST WIND SPEED    18   HIGHEST WIND DIRECTION     W (260)
  HIGHEST GUST SPEED    24   HIGHEST GUST DIRECTION     W (250)
  AVERAGE WIND SPEED     6.9


SKY COVER
  POSSIBLE SUNSHINE  MM
  AVERAGE SKY COVER 0.0



RELATIVE HUMIDITY (PERCENT)
 HIGHEST    56          1100 PM
 LOWEST     10          1100 AM
 AVERAGE    33

..........................................................


THE CAMPO ASOS CA CLIMATE NORMALS FOR TODAY
                         NORMAL    RECORD    YEAR
 MAXIMUM TEMPERATURE (F)   69        81      1969
 MINIMUM TEMPERATURE (F)   36        20      1972


SUNRISE AND SUNSET
MARCH 28 2015.........SUNRISE   639 AM PDT   SUNSET   703 PM PDT
MARCH 29 2015.........SUNRISE   638 AM PDT   SUNSET   704 PM PDT


-  INDICATES NEGATIVE NUMBERS.
R  INDICATES RECORD WAS SET OR TIED.
MM INDICATES DATA IS MISSING.
T  INDICATES TRACE AMOUNT.




$$
