000
CDUS46 KSGX 010016
CLICZZ


CLIMATE REPORT
NATIONAL WEATHER SERVICE SAN DIEGO, CA
516 PM PDT FRI SEP 30 2016


...................................

...THE CAMPO ASOS CA CLIMATE SUMMARY FOR SEPTEMBER 30 2016...
VALID TODAY AS OF 0500 PM LOCAL TIME.

CLIMATE NORMAL PERIOD 1981 TO 2010
CLIMATE RECORD PERIOD 1948 TO 2016


WEATHER ITEM   OBSERVED TIME   RECORD YEAR NORMAL DEPARTURE LAST
                VALUE   (LST)  VALUE       VALUE  FROM      YEAR
                                                  NORMAL
..................................................................
TEMPERATURE (F)
 TODAY
  MAXIMUM         88    145 PM  99    1999  85      3       94
  MINIMUM         55    531 AM  30    1954  46      9       48
  AVERAGE         72                        65      7       71

PRECIPITATION (IN)
  TODAY            0.00          0.30 1983   0.01  -0.01     0.00
  MONTH TO DATE    1.01                      0.34   0.67     0.59
  SINCE OCT 1     10.33                     15.73  -5.40    10.71
  SINCE JAN 1      7.38                     11.51  -4.13     6.84

DEGREE DAYS
 HEATING
  TODAY            0                         3     -3        0
  MONTH TO DATE   37                        38     -1        4
  SINCE SEP 1     37                        36      1        4
  SINCE JUL 1     37                        50    -13       14

 COOLING
  TODAY            7                         3      4        6
  MONTH TO DATE  103                       161    -58      220
  SINCE SEP 1    103                       161    -58      220
  SINCE JAN 1    923                       811    112      910
..................................................................


WIND (MPH)
  RESULTANT WIND SPEED   2   RESULTANT WIND DIRECTION   W (250)
  HIGHEST WIND SPEED    18   HIGHEST WIND DIRECTION     W (260)
  HIGHEST GUST SPEED    26   HIGHEST GUST DIRECTION    SW (230)
  AVERAGE WIND SPEED     8.0


SKY COVER
  POSSIBLE SUNSHINE  MM
  AVERAGE SKY COVER 0.0



RELATIVE HUMIDITY (PERCENT)
 HIGHEST    93           200 AM
 LOWEST     30          1200 PM
 AVERAGE    62

..........................................................


THE CAMPO ASOS CA CLIMATE NORMALS FOR TOMORROW
                         NORMAL    RECORD    YEAR
 MAXIMUM TEMPERATURE (F)   84       100      1980
 MINIMUM TEMPERATURE (F)   45        31      1982


SUNRISE AND SUNSET
SEPTEMBER 30 2016.....SUNRISE   640 AM PDT   SUNSET   631 PM PDT
OCTOBER  1 2016.......SUNRISE   640 AM PDT   SUNSET   630 PM PDT


-  INDICATES NEGATIVE NUMBERS.
R  INDICATES RECORD WAS SET OR TIED.
MM INDICATES DATA IS MISSING.
T  INDICATES TRACE AMOUNT.




$$
