000
CDUS46 KSGX 290015
CLICZZ


CLIMATE REPORT
NATIONAL WEATHER SERVICE SAN DIEGO, CA
415 PM PST WED JAN 28 2015


...................................

...THE CAMPO ASOS CA CLIMATE SUMMARY FOR JANUARY 28 2015...
VALID TODAY AS OF 0400 PM LOCAL TIME.

CLIMATE NORMAL PERIOD 1981 TO 2010
CLIMATE RECORD PERIOD 1948 TO 2015


WEATHER ITEM   OBSERVED TIME   RECORD YEAR NORMAL DEPARTURE LAST
                VALUE   (LST)  VALUE       VALUE  FROM      YEAR
                                                  NORMAL
..................................................................
TEMPERATURE (F)
 TODAY
  MAXIMUM         63   1230 PM  80    1986  63      0       76
  MINIMUM         42    241 AM  20    1959  35      7       31
  AVERAGE         53                        49      4       54

PRECIPITATION (IN)
  TODAY            0.00          0.54 1957   0.10  -0.10     0.00
  MONTH TO DATE    0.33                      2.69  -2.36     0.00
  SINCE OCT 1      4.20                      6.91  -2.71     2.25
  SINCE JAN 1      0.33                      2.69  -2.36     0.00

SNOWFALL (IN)
  TODAY            0.0
  MONTH TO DATE    0.0
  SINCE JAN 1      0.0
  SINCE JUL 1      0.0
  SNOW DEPTH       0

DEGREE DAYS
 HEATING
  TODAY           12                        16     -4       11
  MONTH TO DATE  392                       459    -67      326
  SINCE DEC 1    902                       995    -93      820
  SINCE JUL 1   1283                      1565   -282     1449

 COOLING
  TODAY            0                         0      0        0
  MONTH TO DATE    0                         0      0        0
  SINCE DEC 1      0                         0      0        2
  SINCE JAN 1      0                         0      0        0
..................................................................


WIND (MPH)
  RESULTANT WIND SPEED   9   RESULTANT WIND DIRECTION  NE (60)
  HIGHEST WIND SPEED    25   HIGHEST WIND DIRECTION    NE (60)
  HIGHEST GUST SPEED    30   HIGHEST GUST DIRECTION    NE (50)
  AVERAGE WIND SPEED    10.0


SKY COVER
  POSSIBLE SUNSHINE  MM
  AVERAGE SKY COVER 0.0



RELATIVE HUMIDITY (PERCENT)
 HIGHEST    89          1200 AM
 LOWEST     46           300 PM
 AVERAGE    68

..........................................................


THE CAMPO ASOS CA CLIMATE NORMALS FOR TOMORROW
                         NORMAL    RECORD    YEAR
 MAXIMUM TEMPERATURE (F)   63        79      2014
                                             1953
 MINIMUM TEMPERATURE (F)   35        10      1979


SUNRISE AND SUNSET
JANUARY 28 2015.......SUNRISE   643 AM PST   SUNSET   515 PM PST
JANUARY 29 2015.......SUNRISE   642 AM PST   SUNSET   516 PM PST


-  INDICATES NEGATIVE NUMBERS.
R  INDICATES RECORD WAS SET OR TIED.
MM INDICATES DATA IS MISSING.
T  INDICATES TRACE AMOUNT.




$$
