000
CDUS43 KUNR 220836
CLID07


CLIMATE REPORT
NATIONAL WEATHER SERVICE RAPID CITY SD
234 AM MDT WED MAR 22 2017


...................................

...THE FAITH SD CLIMATE SUMMARY FOR MARCH 21 2017...

CLIMATE NORMAL PERIOD 1981 TO 2010
CLIMATE RECORD PERIOD 9999 TO 9999


WEATHER ITEM   OBSERVED TIME   NORMAL DEPARTURE LAST
                VALUE   (LST)  VALUE  FROM      YEAR
                                      NORMAL
......................................................
TEMPERATURE (F)
 YESTERDAY
  MAXIMUM         36   1215 AM  45     -9       69
  MINIMUM         26    713 AM  24      2       21
  AVERAGE         31            34     -3       45

PRECIPITATION (IN)
  YESTERDAY        0.07          0.03   0.04     0.00
  MONTH TO DATE    0.38          0.56  -0.18     0.18
  SINCE MAR 1      0.38          0.56  -0.18     0.18
  SINCE JAN 1      1.40          1.18   0.22     1.69

DEGREE DAYS
 HEATING
  YESTERDAY       34            31      3       20
  MONTH TO DATE  710           719     -9      505
  SINCE MAR 1    710           719     -9      505
  SINCE JUL 1   6061          6407   -346     5451

 COOLING
  YESTERDAY        0             0      0        0
  MONTH TO DATE    0             0      0        0
  SINCE MAR 1      0             0      0        0
  SINCE JAN 1      0             0      0        0
......................................................


WIND (MPH)
  HIGHEST WIND SPEED    24   HIGHEST WIND DIRECTION    SE (140)
  HIGHEST GUST SPEED    31   HIGHEST GUST DIRECTION    SE (150)
  AVERAGE WIND SPEED    15.1




RELATIVE HUMIDITY (PERCENT)
 HIGHEST   100          1200 AM
 LOWEST     75           800 PM
 AVERAGE    88

..........................................................




SUNRISE AND SUNSET
MARCH 22 2017.........SUNRISE   647 AM MDT   SUNSET   704 PM MDT
MARCH 23 2017.........SUNRISE   645 AM MDT   SUNSET   705 PM MDT


-  INDICATES NEGATIVE NUMBERS.
R  INDICATES RECORD WAS SET OR TIED.
MM INDICATES DATA IS MISSING.
T  INDICATES TRACE AMOUNT.




$$
