000
CDUS43 KUNR 300830
CLID07


CLIMATE REPORT
NATIONAL WEATHER SERVICE RAPID CITY SD
230 AM MDT SUN APR 30 2017


...................................

...THE FAITH SD CLIMATE SUMMARY FOR APRIL 29 2017...

CLIMATE NORMAL PERIOD 1981 TO 2010
CLIMATE RECORD PERIOD 9999 TO 9999


WEATHER ITEM   OBSERVED TIME   NORMAL DEPARTURE LAST
                VALUE   (LST)  VALUE  FROM      YEAR
                                      NORMAL
......................................................
TEMPERATURE (F)
 YESTERDAY
  MAXIMUM         59    234 PM  62     -3       54
  MINIMUM         32    253 AM  38     -6       35
  AVERAGE         46            50     -4       45

PRECIPITATION (IN)
  YESTERDAY        0.00          0.09  -0.09     0.00
  MONTH TO DATE    1.55          1.54   0.01     4.02
  SINCE MAR 1      2.05          2.52  -0.47     4.85
  SINCE JAN 1      3.07          3.14  -0.07     6.36

DEGREE DAYS
 HEATING
  YESTERDAY       19            15      4       20
  MONTH TO DATE  545           595    -50      548
  SINCE MAR 1   1455          1598   -143     1318
  SINCE JUL 1   6806          7286   -480     6264

 COOLING
  YESTERDAY        0             0      0        0
  MONTH TO DATE    0             0      0        0
  SINCE MAR 1      0             0      0        0
  SINCE JAN 1      0             0      0        0
......................................................


WIND (MPH)
  HIGHEST WIND SPEED    16   HIGHEST WIND DIRECTION     E (80)
  HIGHEST GUST SPEED    20   HIGHEST GUST DIRECTION    NE (60)
  AVERAGE WIND SPEED     6.4




RELATIVE HUMIDITY (PERCENT)
 HIGHEST    69           600 AM
 LOWEST     20           100 PM
 AVERAGE    45

..........................................................




SUNRISE AND SUNSET
APRIL 30 2017.........SUNRISE   538 AM MDT   SUNSET   753 PM MDT
MAY  1 2017...........SUNRISE   537 AM MDT   SUNSET   754 PM MDT


-  INDICATES NEGATIVE NUMBERS.
R  INDICATES RECORD WAS SET OR TIED.
MM INDICATES DATA IS MISSING.
T  INDICATES TRACE AMOUNT.




$$
