264
CDUS43 KUNR 170836
CLID07


CLIMATE REPORT
NATIONAL WEATHER SERVICE RAPID CITY SD
235 AM MDT TUE OCT 17 2017


...................................

...THE FAITH SD CLIMATE SUMMARY FOR OCTOBER 16 2017...

CLIMATE NORMAL PERIOD 1981 TO 2010
CLIMATE RECORD PERIOD 9999 TO 9999


WEATHER ITEM   OBSERVED TIME   NORMAL DEPARTURE LAST
                VALUE   (LST)  VALUE  FROM      YEAR
                                      NORMAL
......................................................
TEMPERATURE (F)
 YESTERDAY
  MAXIMUM         74    112 PM  59     15       80
  MINIMUM         34    610 AM  35     -1       49
  AVERAGE         54            47      7       65

PRECIPITATION (IN)
  YESTERDAY        0.00          0.07  -0.07     0.00
  MONTH TO DATE    0.11          0.61  -0.50     0.15
  SINCE SEP 1      1.08          1.97  -0.89     1.54
  SINCE JAN 1      9.55         15.79  -6.24    13.16

DEGREE DAYS
 HEATING
  YESTERDAY       11            18     -7        0
  MONTH TO DATE  267           247     20      217
  SINCE SEP 1    450           446      4      329
  SINCE JUL 1    462           479    -17      358

 COOLING
  YESTERDAY        0             0      0        0
  MONTH TO DATE    0             0      0        2
  SINCE SEP 1     91            59     32       48
  SINCE JAN 1    755           634    121      734
......................................................


WIND (MPH)
  HIGHEST WIND SPEED    23   HIGHEST WIND DIRECTION    NW (310)
  HIGHEST GUST SPEED    28   HIGHEST GUST DIRECTION    NW (310)
  AVERAGE WIND SPEED    10.8




RELATIVE HUMIDITY (PERCENT)
 HIGHEST    82           600 AM
 LOWEST     19           200 PM
 AVERAGE    51

..........................................................




SUNRISE AND SUNSET
OCTOBER 17 2017.......SUNRISE   707 AM MDT   SUNSET   559 PM MDT
OCTOBER 18 2017.......SUNRISE   708 AM MDT   SUNSET   557 PM MDT


-  INDICATES NEGATIVE NUMBERS.
R  INDICATES RECORD WAS SET OR TIED.
MM INDICATES DATA IS MISSING.
T  INDICATES TRACE AMOUNT.




$$
