000
CDUS43 KUNR 210831
CLID07


CLIMATE REPORT
NATIONAL WEATHER SERVICE RAPID CITY SD
230 AM MDT MON AUG 21 2017


...................................

...THE FAITH SD CLIMATE SUMMARY FOR AUGUST 20 2017...

CLIMATE NORMAL PERIOD 1981 TO 2010
CLIMATE RECORD PERIOD 9999 TO 9999


WEATHER ITEM   OBSERVED TIME   NORMAL DEPARTURE LAST
                VALUE   (LST)  VALUE  FROM      YEAR
                                      NORMAL
......................................................
TEMPERATURE (F)
 YESTERDAY
  MAXIMUM         79    303 PM  85     -6       74
  MINIMUM         58    621 AM  58      0       47
  AVERAGE         69            72     -3       61

PRECIPITATION (IN)
  YESTERDAY        0.05          0.04   0.01     0.00
  MONTH TO DATE    0.54          1.11  -0.57     1.22
  SINCE JUN 1      3.67          7.00  -3.33     4.76
  SINCE JAN 1      7.95         13.30  -5.35    11.61

DEGREE DAYS
 HEATING
  YESTERDAY        0             1     -1        4
  MONTH TO DATE   12             4      8       12
  SINCE JUN 1     42           106    -64       30
  SINCE JUL 1     12            16     -4       15

 COOLING
  YESTERDAY        4             7     -3        0
  MONTH TO DATE   67           166    -99      171
  SINCE JUN 1    591           499     92      628
  SINCE JAN 1    603           511     92      630
......................................................


WIND (MPH)
  HIGHEST WIND SPEED    29   HIGHEST WIND DIRECTION    NE (50)
  HIGHEST GUST SPEED    36   HIGHEST GUST DIRECTION     N (20)
  AVERAGE WIND SPEED    13.7




RELATIVE HUMIDITY (PERCENT)
 HIGHEST    78          1100 PM
 LOWEST     28           300 PM
 AVERAGE    53

..........................................................




SUNRISE AND SUNSET
AUGUST 21 2017........SUNRISE   557 AM MDT   SUNSET   744 PM MDT
AUGUST 22 2017........SUNRISE   558 AM MDT   SUNSET   742 PM MDT


-  INDICATES NEGATIVE NUMBERS.
R  INDICATES RECORD WAS SET OR TIED.
MM INDICATES DATA IS MISSING.
T  INDICATES TRACE AMOUNT.




$$
