016
CDUS43 KUNR 290833
CLID07


CLIMATE REPORT
NATIONAL WEATHER SERVICE RAPID CITY SD
231 AM MDT FRI APR 29 2016


...................................

...THE FAITH SD CLIMATE SUMMARY FOR APRIL 28 2016...

CLIMATE NORMAL PERIOD 1981 TO 2010
CLIMATE RECORD PERIOD 9999 TO 9999


WEATHER ITEM   OBSERVED TIME   NORMAL DEPARTURE LAST
                VALUE   (LST)  VALUE  FROM      YEAR
                                      NORMAL
......................................................
TEMPERATURE (F)
 YESTERDAY
  MAXIMUM         38    206 PM  62    -24       64
  MINIMUM         32    733 AM  38     -6       34
  AVERAGE         35            50    -15       49

PRECIPITATION (IN)
  YESTERDAY        0.03          0.09  -0.06     0.00
  MONTH TO DATE    4.02          1.45   2.57     0.50
  SINCE MAR 1      4.85          2.43   2.42     0.65
  SINCE JAN 1      6.36          3.05   3.31     1.08

DEGREE DAYS
 HEATING
  YESTERDAY       30            15     15       16
  MONTH TO DATE  528           580    -52      527
  SINCE MAR 1   1298          1583   -285     1251
  SINCE JUL 1   6244          7271  -1027     6750

 COOLING
  YESTERDAY        0             0      0        0
  MONTH TO DATE    0             0      0        0
  SINCE MAR 1      0             0      0        2
  SINCE JAN 1      0             0      0        2
......................................................


WIND (MPH)
  HIGHEST WIND SPEED    14   HIGHEST WIND DIRECTION    NE (30)
  HIGHEST GUST SPEED    16   HIGHEST GUST DIRECTION    NE (40)
  AVERAGE WIND SPEED     8.6




RELATIVE HUMIDITY (PERCENT)
 HIGHEST    92          1200 AM
 LOWEST     70           500 PM
 AVERAGE    81

..........................................................




SUNRISE AND SUNSET
APRIL 29 2016.........SUNRISE   540 AM MDT   SUNSET   752 PM MDT
APRIL 30 2016.........SUNRISE   538 AM MDT   SUNSET   753 PM MDT


-  INDICATES NEGATIVE NUMBERS.
R  INDICATES RECORD WAS SET OR TIED.
MM INDICATES DATA IS MISSING.
T  INDICATES TRACE AMOUNT.




$$
