000
CDUS43 KUNR 170834
CLID07


CLIMATE REPORT
NATIONAL WEATHER SERVICE RAPID CITY SD
134 AM MST SUN DEC 17 2017


...................................

...THE FAITH SD CLIMATE SUMMARY FOR DECEMBER 16 2017...

CLIMATE NORMAL PERIOD 1981 TO 2010
CLIMATE RECORD PERIOD 9999 TO 9999


WEATHER ITEM   OBSERVED TIME   NORMAL DEPARTURE LAST
                VALUE   (LST)  VALUE  FROM      YEAR
                                      NORMAL
......................................................
TEMPERATURE (F)
 YESTERDAY
  MAXIMUM         39    118 PM  30      9        5
  MINIMUM         26   1159 PM  11     15       -5
  AVERAGE         33            20     13        0

PRECIPITATION (IN)
  YESTERDAY        0.00          0.02  -0.02     0.14
  MONTH TO DATE    0.25          0.19   0.06     0.44
  SINCE DEC 1      0.25          0.19   0.06     0.44
  SINCE JAN 1     10.05         17.45  -7.40    14.54

DEGREE DAYS
 HEATING
  YESTERDAY       32            44    -12       65
  MONTH TO DATE  501           688   -187      894
  SINCE DEC 1    501           688   -187      894
  SINCE JUL 1   2124          2471   -347     2145

 COOLING
  YESTERDAY        0             0      0        0
  MONTH TO DATE    0             0      0        0
  SINCE DEC 1      0             0      0        0
  SINCE JAN 1    756           635    121      734
......................................................


WIND (MPH)
  HIGHEST WIND SPEED    18   HIGHEST WIND DIRECTION    NW (320)
  HIGHEST GUST SPEED    23   HIGHEST GUST DIRECTION    NW (320)
  AVERAGE WIND SPEED    10.4




RELATIVE HUMIDITY (PERCENT)
 HIGHEST    89           500 AM
 LOWEST     56          1200 AM
 AVERAGE    73

..........................................................




SUNRISE AND SUNSET
DECEMBER 17 2017......SUNRISE   721 AM MST   SUNSET   408 PM MST
DECEMBER 18 2017......SUNRISE   722 AM MST   SUNSET   408 PM MST


-  INDICATES NEGATIVE NUMBERS.
R  INDICATES RECORD WAS SET OR TIED.
MM INDICATES DATA IS MISSING.
T  INDICATES TRACE AMOUNT.




$$
