000
CDUS42 KMLB 242026
CLIDAB


CLIMATE REPORT
NATIONAL WEATHER SERVICE MELBOURNE FL
425 PM EDT MON APR 24 2017


...................................

...THE DAYTONA BEACH CLIMATE SUMMARY FOR APRIL 24 2017...
VALID TODAY AS OF 0400 PM LOCAL TIME.

CLIMATE NORMAL PERIOD 1981 TO 2010
CLIMATE RECORD PERIOD 1923 TO 2017


WEATHER ITEM   OBSERVED TIME   RECORD YEAR NORMAL DEPARTURE LAST
                VALUE   (LST)  VALUE       VALUE  FROM      YEAR
                                                  NORMAL
..................................................................
TEMPERATURE (F)
 TODAY
  MAXIMUM         86    146 PM  96    1968  81      5       81
  MINIMUM         67    535 AM  41    1986  60      7       62
  AVERAGE         77                        70      7       72

PRECIPITATION (IN)
  TODAY            T             0.95 1979   0.06  -0.06     0.00
  MONTH TO DATE    1.22                      1.85  -0.63     2.05
  SINCE MAR 1      2.29                      6.09  -3.80     3.48
  SINCE JAN 1      6.30                     11.61  -5.31    14.19

SNOWFALL (IN)
  TODAY            0.0
  MONTH TO DATE    0.0
  SINCE JUL 1      0.0

DEGREE DAYS
 HEATING
  TODAY            0                         1     -1        0
  MONTH TO DATE   13                        27    -14        5
  SINCE MAR 1     95                       124    -29       43
  SINCE JUL 1    401                       806   -405      508

 COOLING
  TODAY           12                         6      6        7
  MONTH TO DATE  160                       107     53      144
  SINCE MAR 1    281                       184     97      324
  SINCE JAN 1    401                       249    152      374
..................................................................


WIND (MPH)
  HIGHEST WIND SPEED    28   HIGHEST WIND DIRECTION     W (260)
  HIGHEST GUST SPEED    35   HIGHEST GUST DIRECTION     W (270)
  AVERAGE WIND SPEED     8.1


SKY COVER
  AVERAGE SKY COVER 0.6


WEATHER CONDITIONS
 THE FOLLOWING WEATHER WAS RECORDED TODAY.
  LIGHT RAIN


RELATIVE HUMIDITY (PERCENT)
 HIGHEST    97          1200 AM
 LOWEST     45           300 PM
 AVERAGE    71

..........................................................


THE DAYTONA BEACH CLIMATE NORMALS FOR TOMORROW
                         NORMAL    RECORD    YEAR
 MAXIMUM TEMPERATURE (F)   81        93      1945
 MINIMUM TEMPERATURE (F)   60        45      2005
                                             1986


SUNRISE AND SUNSET
APRIL 24 2017.........SUNRISE   649 AM EDT   SUNSET   756 PM EDT
APRIL 25 2017.........SUNRISE   648 AM EDT   SUNSET   757 PM EDT


-  INDICATES NEGATIVE NUMBERS.
R  INDICATES RECORD WAS SET OR TIED.
MM INDICATES DATA IS MISSING.
T  INDICATES TRACE AMOUNT.




$$
