000
CDUS42 KMLB 300746
CLIDAB


CLIMATE REPORT
NATIONAL WEATHER SERVICE MELBOURNE FL
345 AM EDT TUE MAY 30 2017


...................................

...THE DAYTONA BEACH CLIMATE SUMMARY FOR MAY 29 2017...

CLIMATE NORMAL PERIOD 1981 TO 2010
CLIMATE RECORD PERIOD 1923 TO 2017


WEATHER ITEM   OBSERVED TIME   RECORD YEAR NORMAL DEPARTURE LAST
                VALUE   (LST)  VALUE       VALUE  FROM      YEAR
                                                  NORMAL
..................................................................
TEMPERATURE (F)
 YESTERDAY
  MAXIMUM         92    116 PM  95    1990  87      5       89
                                      1973
                                      1924
  MINIMUM         72    533 AM  53    1935  69      3       68
  AVERAGE         82                        78      4       79

PRECIPITATION (IN)
  YESTERDAY        0.00          2.61 1983   0.16  -0.16     0.00
  MONTH TO DATE    1.90                      2.80  -0.90     4.52
  SINCE MAR 1      4.19                      9.22  -5.03     8.11
  SINCE JAN 1      8.20                     14.74  -6.54    18.82

SNOWFALL (IN)
  YESTERDAY        0.0
  MONTH TO DATE    0.0
  SINCE JUL 1      0.0

DEGREE DAYS
 HEATING
  YESTERDAY        0                         0      0        0
  MONTH TO DATE    0                         0      0        0
  SINCE MAR 1     95                       125    -30       43
  SINCE JUL 1    401                       807   -406      508

 COOLING
  YESTERDAY       17                        13      4       14
  MONTH TO DATE  318                       287     31      309
  SINCE MAR 1    664                       509    155      693
  SINCE JAN 1    784                       574    210      743
..................................................................


WIND (MPH)
  HIGHEST WIND SPEED    13   HIGHEST WIND DIRECTION     E (80)
  HIGHEST GUST SPEED    20   HIGHEST GUST DIRECTION     E (100)
  AVERAGE WIND SPEED     5.2


SKY COVER
  AVERAGE SKY COVER 0.4


WEATHER CONDITIONS
 THE FOLLOWING WEATHER WAS RECORDED YESTERDAY.
  NO SIGNIFICANT WEATHER WAS OBSERVED.


RELATIVE HUMIDITY (PERCENT)
 HIGHEST   100           100 AM
 LOWEST     50           400 PM
 AVERAGE    75

..........................................................


THE DAYTONA BEACH CLIMATE NORMALS FOR TODAY
                         NORMAL    RECORD    YEAR
 MAXIMUM TEMPERATURE (F)   87        98      1945
 MINIMUM TEMPERATURE (F)   69        53      1935


SUNRISE AND SUNSET
MAY 30 2017...........SUNRISE   626 AM EDT   SUNSET   818 PM EDT
MAY 31 2017...........SUNRISE   626 AM EDT   SUNSET   819 PM EDT


-  INDICATES NEGATIVE NUMBERS.
R  INDICATES RECORD WAS SET OR TIED.
MM INDICATES DATA IS MISSING.
T  INDICATES TRACE AMOUNT.




$$
