000
CDUS42 KMLB 220635
CLIDAB


CLIMATE REPORT
NATIONAL WEATHER SERVICE MELBOURNE FL
135 AM EST SAT NOV 22 2014


...................................

...THE DAYTONA BEACH CLIMATE SUMMARY FOR NOVEMBER 21 2014...

CLIMATE NORMAL PERIOD 1981 TO 2010
CLIMATE RECORD PERIOD 1923 TO 2014


WEATHER ITEM   OBSERVED TIME   RECORD YEAR NORMAL DEPARTURE LAST
                VALUE   (LST)  VALUE       VALUE  FROM      YEAR
                                                  NORMAL
..................................................................
TEMPERATURE (F)
 YESTERDAY
  MAXIMUM         72    134 PM  84    1996  75     -3       75
  MINIMUM         50    118 AM  30    1937  56     -6       70
  AVERAGE         61                        66     -5       73

PRECIPITATION (IN)
  YESTERDAY        0.00          2.40 1959   0.08  -0.08     1.93
  MONTH TO DATE    2.32                      1.94   0.38     2.60
  SINCE SEP 1     21.05                     13.11   7.94    10.63
  SINCE JAN 1     54.22                     46.24   7.98    45.85

SNOWFALL (IN)
  YESTERDAY        0.0
  MONTH TO DATE    0.0
  SINCE JUL 1      0.0

DEGREE DAYS
 HEATING
  YESTERDAY        4                         3      1        0
  MONTH TO DATE   93                        36     57        2
  SINCE SEP 1     93                        44     49        3
  SINCE JUL 1     93                        44     49        3

 COOLING
  YESTERDAY        0                         3     -3        8
  MONTH TO DATE   33                        91    -58      144
  SINCE SEP 1    749                       813    -64      908
  SINCE JAN 1   2941                      2887     54     3104
..................................................................


WIND (MPH)
  HIGHEST WIND SPEED    22   HIGHEST WIND DIRECTION    NE (40)
  HIGHEST GUST SPEED    26   HIGHEST GUST DIRECTION    NE (40)
  AVERAGE WIND SPEED    11.2


SKY COVER
  AVERAGE SKY COVER 0.4


WEATHER CONDITIONS
 THE FOLLOWING WEATHER WAS RECORDED YESTERDAY.
  NO SIGNIFICANT WEATHER WAS OBSERVED.


RELATIVE HUMIDITY (PERCENT)
 HIGHEST    77          1200 AM
 LOWEST     47          1100 AM
 AVERAGE    62

..........................................................


THE DAYTONA BEACH CLIMATE NORMALS FOR TODAY
                         NORMAL    RECORD    YEAR
 MAXIMUM TEMPERATURE (F)   75        87      1948
 MINIMUM TEMPERATURE (F)   56        33      1981
                                             1937


SUNRISE AND SUNSET
NOVEMBER 22 2014......SUNRISE   653 AM EST   SUNSET   527 PM EST
NOVEMBER 23 2014......SUNRISE   654 AM EST   SUNSET   527 PM EST


-  INDICATES NEGATIVE NUMBERS.
R  INDICATES RECORD WAS SET OR TIED.
MM INDICATES DATA IS MISSING.
T  INDICATES TRACE AMOUNT.




$$
