000
CDUS42 KMLB 032045
CLIDAB


CLIMATE REPORT
NATIONAL WEATHER SERVICE MELBOURNE FL
445 PM EDT TUE MAY 3 2016


...................................

...THE DAYTONA BEACH CLIMATE SUMMARY FOR MAY 3 2016...
VALID TODAY AS OF 0400 PM LOCAL TIME.

CLIMATE NORMAL PERIOD 1981 TO 2010
CLIMATE RECORD PERIOD 1923 TO 2016


WEATHER ITEM   OBSERVED TIME   RECORD YEAR NORMAL DEPARTURE LAST
                VALUE   (LST)  VALUE       VALUE  FROM      YEAR
                                                  NORMAL
..................................................................
TEMPERATURE (F)
 TODAY
  MAXIMUM         90    105 PM  96    2002  82      8       79
  MINIMUM         70    624 AM  44    1940  62      8       56
  AVERAGE         80                        72      8       68

PRECIPITATION (IN)
  TODAY            0.17          2.26 2013   0.05   0.12     0.00
  MONTH TO DATE    0.17                      0.16   0.01     0.00
  SINCE MAR 1      3.76                      6.58  -2.82     6.29
  SINCE JAN 1     14.47                     12.10   2.37    11.72

SNOWFALL (IN)
  TODAY            0.0
  MONTH TO DATE    0.0
  SINCE JUL 1      0.0

DEGREE DAYS
 HEATING
  TODAY            0                         0      0        0
  MONTH TO DATE    0                         0      0        0
  SINCE MAR 1     43                       125    -82       35
  SINCE JUL 1    508                       807   -299      682

 COOLING
  TODAY           15                         7      8        3
  MONTH TO DATE   40                        21     19       11
  SINCE MAR 1    424                       243    181      516
  SINCE JAN 1    474                       308    166      556
..................................................................


WIND (MPH)
  HIGHEST WIND SPEED    18   HIGHEST WIND DIRECTION    SW (240)
  HIGHEST GUST SPEED    23   HIGHEST GUST DIRECTION    SW (220)
  AVERAGE WIND SPEED     8.9


SKY COVER
  AVERAGE SKY COVER 0.6


WEATHER CONDITIONS
 THE FOLLOWING WEATHER WAS RECORDED TODAY.
  THUNDERSTORM
  HEAVY RAIN
  RAIN
  LIGHT RAIN


RELATIVE HUMIDITY (PERCENT)
 HIGHEST   100           600 AM
 LOWEST     50           100 PM
 AVERAGE    75

..........................................................


THE DAYTONA BEACH CLIMATE NORMALS FOR TOMORROW
                         NORMAL    RECORD    YEAR
 MAXIMUM TEMPERATURE (F)   83        95      1936
 MINIMUM TEMPERATURE (F)   62        49      1940


SUNRISE AND SUNSET
MAY  3 2016...........SUNRISE   640 AM EDT   SUNSET   802 PM EDT
MAY  4 2016...........SUNRISE   640 AM EDT   SUNSET   803 PM EDT


-  INDICATES NEGATIVE NUMBERS.
R  INDICATES RECORD WAS SET OR TIED.
MM INDICATES DATA IS MISSING.
T  INDICATES TRACE AMOUNT.

&&

DAYTONA BEACH SURF TEMPERATURE 74 DEGREES.

$$
