000
CDUS42 KMLB 110635
CLIDAB


CLIMATE REPORT
NATIONAL WEATHER SERVICE MELBOURNE FL
233 AM EDT FRI JUL 11 2014


...................................

...THE DAYTONA BEACH CLIMATE SUMMARY FOR JULY 10 2014...

CLIMATE NORMAL PERIOD 1981 TO 2010
CLIMATE RECORD PERIOD 1923 TO 2014


WEATHER ITEM   OBSERVED TIME   RECORD YEAR NORMAL DEPARTURE LAST
                VALUE   (LST)  VALUE       VALUE  FROM      YEAR
                                                  NORMAL
..................................................................
TEMPERATURE (F)
 YESTERDAY
  MAXIMUM         88   1206 PM  97    2010  90     -2       88
                                      1930
  MINIMUM         72   1118 PM  63    1983  73     -1       75
  AVERAGE         80                        81     -1       82

PRECIPITATION (IN)
  YESTERDAY        0.01          1.68 1945   0.19  -0.18     0.00
  MONTH TO DATE    1.09                      1.91  -0.82     0.88
  SINCE JUN 1      4.84                      7.74  -2.90     8.28
  SINCE JAN 1     24.59                     22.81   1.78    23.11

SNOWFALL (IN)
  YESTERDAY        0.0
  MONTH TO DATE    0.0
  SINCE JUL 1      0.0

DEGREE DAYS
 HEATING
  YESTERDAY        0                         0      0        0
  MONTH TO DATE    0                         0      0        0
  SINCE JUN 1      0                         0      0        0
  SINCE JUL 1      0                         0      0        0

 COOLING
  YESTERDAY       15                        16     -1       17
  MONTH TO DATE  161                       160      1      164
  SINCE JUN 1    609                       607      2      652
  SINCE JAN 1   1275                      1208     67     1304
..................................................................


WIND (MPH)
  HIGHEST WIND SPEED    15   HIGHEST WIND DIRECTION     S (200)
  HIGHEST GUST SPEED    20   HIGHEST GUST DIRECTION     S (200)
  AVERAGE WIND SPEED     3.5


SKY COVER
  AVERAGE SKY COVER 0.5


WEATHER CONDITIONS
 THE FOLLOWING WEATHER WAS RECORDED YESTERDAY.
  THUNDERSTORM
  LIGHT RAIN


RELATIVE HUMIDITY (PERCENT)
 HIGHEST    94           700 AM
 LOWEST     61          1000 AM
 AVERAGE    78

..........................................................


THE DAYTONA BEACH CLIMATE NORMALS FOR TODAY
                         NORMAL    RECORD    YEAR
 MAXIMUM TEMPERATURE (F)   90        98      1980
 MINIMUM TEMPERATURE (F)   73        65      1984
                                             1938


SUNRISE AND SUNSET
JULY 11 2014..........SUNRISE   633 AM EDT   SUNSET   826 PM EDT
JULY 12 2014..........SUNRISE   634 AM EDT   SUNSET   826 PM EDT


-  INDICATES NEGATIVE NUMBERS.
R  INDICATES RECORD WAS SET OR TIED.
MM INDICATES DATA IS MISSING.
T  INDICATES TRACE AMOUNT.




$$
