000
CDUS42 KMLB 300626
CLIDAB


CLIMATE REPORT
NATIONAL WEATHER SERVICE MELBOURNE FL
226 AM EDT MON MAR 30 2015


...................................

...THE DAYTONA BEACH CLIMATE SUMMARY FOR MARCH 29 2015...

CLIMATE NORMAL PERIOD 1981 TO 2010
CLIMATE RECORD PERIOD 1923 TO 2015


WEATHER ITEM   OBSERVED TIME   RECORD YEAR NORMAL DEPARTURE LAST
                VALUE   (LST)  VALUE       VALUE  FROM      YEAR
                                                  NORMAL
..................................................................
TEMPERATURE (F)
 YESTERDAY
  MAXIMUM         64    241 PM  90    1991  76    -12       76
                                      1970
  MINIMUM         43    434 AM  37    1955  56    -13       66
  AVERAGE         54                        66    -12       71

PRECIPITATION (IN)
  YESTERDAY        0.00          1.48 2014   0.13  -0.13     1.48
  MONTH TO DATE    0.86                      3.97  -3.11     4.72
  SINCE MAR 1      0.86                      3.97  -3.11     4.72
  SINCE JAN 1      6.29                      9.49  -3.20    11.30

SNOWFALL (IN)
  YESTERDAY        0.0
  MONTH TO DATE    0.0
  SINCE JUL 1      0.0

DEGREE DAYS
 HEATING
  YESTERDAY       11                         2      9        0
  MONTH TO DATE   32                        92    -60       75
  SINCE MAR 1     32                        92    -60       75
  SINCE JUL 1    679                       774    -95      588

 COOLING
  YESTERDAY        0                         3     -3        6
  MONTH TO DATE  185                        72    113       59
  SINCE MAR 1    185                        72    113       59
  SINCE JAN 1    225                       137     88      143
..................................................................


WIND (MPH)
  HIGHEST WIND SPEED    20   HIGHEST WIND DIRECTION     N (20)
  HIGHEST GUST SPEED    24   HIGHEST GUST DIRECTION    NE (40)
  AVERAGE WIND SPEED     7.8


SKY COVER
  AVERAGE SKY COVER 0.1


WEATHER CONDITIONS
 THE FOLLOWING WEATHER WAS RECORDED YESTERDAY.
  NO SIGNIFICANT WEATHER WAS OBSERVED.


RELATIVE HUMIDITY (PERCENT)
 HIGHEST    83           400 AM
 LOWEST     25           400 PM
 AVERAGE    54

..........................................................


THE DAYTONA BEACH CLIMATE NORMALS FOR TODAY
                         NORMAL    RECORD    YEAR
 MAXIMUM TEMPERATURE (F)   77        91      1939
 MINIMUM TEMPERATURE (F)   56        39      1955


SUNRISE AND SUNSET
MARCH 30 2015.........SUNRISE   717 AM EDT   SUNSET   741 PM EDT
MARCH 31 2015.........SUNRISE   715 AM EDT   SUNSET   742 PM EDT


-  INDICATES NEGATIVE NUMBERS.
R  INDICATES RECORD WAS SET OR TIED.
MM INDICATES DATA IS MISSING.
T  INDICATES TRACE AMOUNT.




$$
