000
CDUS42 KMLB 180635
CLIDAB


CLIMATE REPORT
NATIONAL WEATHER SERVICE MELBOURNE FL
235 AM EDT THU SEP 18 2014


...................................

...THE DAYTONA BEACH CLIMATE SUMMARY FOR SEPTEMBER 17 2014...

CLIMATE NORMAL PERIOD 1981 TO 2010
CLIMATE RECORD PERIOD 1923 TO 2014


WEATHER ITEM   OBSERVED TIME   RECORD YEAR NORMAL DEPARTURE LAST
                VALUE   (LST)  VALUE       VALUE  FROM      YEAR
                                                  NORMAL
..................................................................
TEMPERATURE (F)
 YESTERDAY
  MAXIMUM         85    154 PM  95    1990  87     -2       88
  MINIMUM         72   1159 PM  65    2001  72      0       73
                                      1999
                                      1967
  AVERAGE         79                        80     -1       81

PRECIPITATION (IN)
  YESTERDAY        0.00          2.63 1928   0.24  -0.24     0.10
  MONTH TO DATE    7.01                      4.12   2.89     2.49
  SINCE SEP 1      7.01                      4.12   2.89     2.49
  SINCE JAN 1     40.18                     37.25   2.93    37.71

SNOWFALL (IN)
  YESTERDAY        0.0
  MONTH TO DATE    0.0
  SINCE JUL 1      0.0

DEGREE DAYS
 HEATING
  YESTERDAY        0                         0      0        0
  MONTH TO DATE    0                         0      0        0
  SINCE SEP 1      0                         0      0        0
  SINCE JUL 1      0                         0      0        0

 COOLING
  YESTERDAY       14                        15     -1       16
  MONTH TO DATE  278                       260     18      282
  SINCE SEP 1    278                       260     18      282
  SINCE JAN 1   2470                      2334    136     2478
..................................................................


WIND (MPH)
  HIGHEST WIND SPEED    12   HIGHEST WIND DIRECTION     W (280)
  HIGHEST GUST SPEED    14   HIGHEST GUST DIRECTION     W (250)
  AVERAGE WIND SPEED     5.2


SKY COVER
  AVERAGE SKY COVER 0.6


WEATHER CONDITIONS
 THE FOLLOWING WEATHER WAS RECORDED YESTERDAY.
  NO SIGNIFICANT WEATHER WAS OBSERVED.


RELATIVE HUMIDITY (PERCENT)
 HIGHEST   100           100 AM
 LOWEST     65           100 PM
 AVERAGE    83

..........................................................


THE DAYTONA BEACH CLIMATE NORMALS FOR TODAY
                         NORMAL    RECORD    YEAR
 MAXIMUM TEMPERATURE (F)   87        93      1987
 MINIMUM TEMPERATURE (F)   72        64      1981
                                             1936


SUNRISE AND SUNSET
SEPTEMBER 18 2014.....SUNRISE   710 AM EDT   SUNSET   726 PM EDT
SEPTEMBER 19 2014.....SUNRISE   711 AM EDT   SUNSET   724 PM EDT


-  INDICATES NEGATIVE NUMBERS.
R  INDICATES RECORD WAS SET OR TIED.
MM INDICATES DATA IS MISSING.
T  INDICATES TRACE AMOUNT.




$$
