000
CDUS42 KMLB 250626
CLIDAB


CLIMATE REPORT
NATIONAL WEATHER SERVICE MELBOURNE FL
226 AM EDT MON SEP 25 2017


...................................

...THE DAYTONA BEACH CLIMATE SUMMARY FOR SEPTEMBER 24 2017...

CLIMATE NORMAL PERIOD 1981 TO 2010
CLIMATE RECORD PERIOD 1923 TO 2017


WEATHER ITEM   OBSERVED TIME   RECORD YEAR NORMAL DEPARTURE LAST
                VALUE   (LST)  VALUE       VALUE  FROM      YEAR
                                                  NORMAL
..................................................................
TEMPERATURE (F)
 YESTERDAY
  MAXIMUM         87    243 PM  92    1988  86      1       90
  MINIMUM         78   1159 PM  60    1996  71      7       73
  AVERAGE         83                        79      4       82

PRECIPITATION (IN)
  YESTERDAY        T             6.41 2014   0.21  -0.21     0.00
  MONTH TO DATE    9.20                      5.69   3.51     5.65
  SINCE SEP 1      9.20                      5.69   3.51     5.65
  SINCE JAN 1     38.87                     38.82   0.05    33.28

SNOWFALL (IN)
  YESTERDAY        0.0
  MONTH TO DATE    0.0
  SINCE JUL 1      0.0

DEGREE DAYS
 HEATING
  YESTERDAY        0                         0      0        0
  MONTH TO DATE    0                         0      0        0
  SINCE SEP 1      0                         0      0        0
  SINCE JUL 1      0                         0      0        0

 COOLING
  YESTERDAY       18                        14      4       17
  MONTH TO DATE  386                       358     28      389
  SINCE SEP 1    386                       358     28      389
  SINCE JAN 1   2813                      2432    381     2854
..................................................................


WIND (MPH)
  HIGHEST WIND SPEED    22   HIGHEST WIND DIRECTION    NE (30)
  HIGHEST GUST SPEED    26   HIGHEST GUST DIRECTION    NE (30)
  AVERAGE WIND SPEED    13.1


SKY COVER
  AVERAGE SKY COVER 0.5


WEATHER CONDITIONS
 THE FOLLOWING WEATHER WAS RECORDED YESTERDAY.
  LIGHT RAIN


RELATIVE HUMIDITY (PERCENT)
 HIGHEST    85           600 PM
 LOWEST     55          1200 PM
 AVERAGE    70

..........................................................


THE DAYTONA BEACH CLIMATE NORMALS FOR TODAY
                         NORMAL    RECORD    YEAR
 MAXIMUM TEMPERATURE (F)   86        93      2006
                                             1991
                                             1988
 MINIMUM TEMPERATURE (F)   71        63      1996
                                             1947


SUNRISE AND SUNSET
SEPTEMBER 25 2017.....SUNRISE   714 AM EDT   SUNSET   717 PM EDT
SEPTEMBER 26 2017.....SUNRISE   715 AM EDT   SUNSET   716 PM EDT


-  INDICATES NEGATIVE NUMBERS.
R  INDICATES RECORD WAS SET OR TIED.
MM INDICATES DATA IS MISSING.
T  INDICATES TRACE AMOUNT.




$$
