000
CDUS41 KRNK 280607
CLIDAN


CLIMATE REPORT
NATIONAL WEATHER SERVICE BLACKSBURG VA
206 AM EDT WED SEP 28 2016


...................................

...THE DANVILLE VA CLIMATE SUMMARY FOR SEPTEMBER 27 2016...

CLIMATE NORMAL PERIOD 1981 TO 2010
CLIMATE RECORD PERIOD 1948 TO 2016


WEATHER ITEM   OBSERVED TIME   RECORD YEAR NORMAL DEPARTURE LAST
                VALUE   (LST)  VALUE       VALUE  FROM      YEAR
                                                  NORMAL
..................................................................
TEMPERATURE (F)
 YESTERDAY
  MAXIMUM         80    320 PM  94    1986  76      4       70
  MINIMUM         66    618 AM  42    2001  56     10       61
  AVERAGE         73                        66      7       66

PRECIPITATION (IN)
  YESTERDAY        0.45          3.09 1956   0.14   0.31     0.34
  MONTH TO DATE    1.72                      3.56  -1.84     6.59
  SINCE SEP 1      1.72                      3.56  -1.84     6.59
  SINCE JAN 1     37.98                     33.85   4.13    34.89

SNOWFALL (IN)
  YESTERDAY        0.0                                       0.0
  MONTH TO DATE    0.0                                       0.0
  SINCE SEP 1      0.0                                       0.0
  SINCE JUL 1      0.0                                       0.0
  SNOW DEPTH       0

DEGREE DAYS
 HEATING
  YESTERDAY        0                         2     -2        0
  MONTH TO DATE    0                        19    -19        6
  SINCE SEP 1      0                        19    -19        6
  SINCE JUL 1      0                        19    -19        6

 COOLING
  YESTERDAY        8                         3      5        1
  MONTH TO DATE  279                       168    111      193
  SINCE SEP 1    279                       168    111      193
  SINCE JAN 1   1584                      1395    189     1587
..................................................................


WIND (MPH)
  HIGHEST WIND SPEED    12   HIGHEST WIND DIRECTION     W (270)
  HIGHEST GUST SPEED    15   HIGHEST GUST DIRECTION     S (190)
  AVERAGE WIND SPEED     3.0


SKY COVER
  AVERAGE SKY COVER 0.6


WEATHER CONDITIONS
 THE FOLLOWING WEATHER WAS RECORDED YESTERDAY.
  THUNDERSTORM
  HEAVY RAIN
  RAIN
  LIGHT RAIN
  FOG


RELATIVE HUMIDITY (PERCENT)
 HIGHEST   100          1200 AM
 LOWEST     67           400 PM
 AVERAGE    84

..........................................................


THE DANVILLE VA CLIMATE NORMALS FOR TODAY
                         NORMAL    RECORD    YEAR
 MAXIMUM TEMPERATURE (F)   75        94      1998
 MINIMUM TEMPERATURE (F)   56        41      1989


SUNRISE AND SUNSET
SEPTEMBER 28 2016.....SUNRISE   710 AM EDT   SUNSET   704 PM EDT
SEPTEMBER 29 2016.....SUNRISE   711 AM EDT   SUNSET   703 PM EDT


-  INDICATES NEGATIVE NUMBERS.
R  INDICATES RECORD WAS SET OR TIED.
MM INDICATES DATA IS MISSING.
T  INDICATES TRACE AMOUNT.




$$
