000
CDUS41 KRNK 072218
CLIDAN


CLIMATE REPORT
NATIONAL WEATHER SERVICE BLACKSBURG VA
516 PM EST SUN FEB 7 2016


...................................

...THE DANVILLE VA CLIMATE SUMMARY FOR FEBRUARY 7 2016...
VALID TODAY AS OF 0500 PM LOCAL TIME.

CLIMATE NORMAL PERIOD 1981 TO 2010
CLIMATE RECORD PERIOD 1948 TO 2016


WEATHER ITEM   OBSERVED TIME   RECORD YEAR NORMAL DEPARTURE LAST
                VALUE   (LST)  VALUE       VALUE  FROM      YEAR
                                                  NORMAL
..................................................................
TEMPERATURE (F)
 TODAY
  MAXIMUM         47    344 PM  71    2009  48     -1       60
  MINIMUM         31    219 AM  12    1966  31      0       23
  AVERAGE         39                        40     -1       42

PRECIPITATION (IN)
  TODAY            0.00          1.37 1955   0.10  -0.10     0.00
  MONTH TO DATE    1.75                      0.80   0.95     0.44
  SINCE DEC 1      9.85                      7.49   2.36     4.62
  SINCE JAN 1      4.29                      4.22   0.07     1.95

SNOWFALL (IN)
  TODAY            0.0                                       0.0
  MONTH TO DATE    T                                         0.0
  SINCE DEC 1      9.2                                        T
  SINCE JUL 1      9.2                                        T
  SNOW DEPTH       0

DEGREE DAYS
 HEATING
  TODAY           26                        26      0       23
  MONTH TO DATE  121                       182    -61      189
  SINCE DEC 1   1395                      1801   -406     1683
  SINCE JUL 1   1937                      2510   -573     2443

 COOLING
  TODAY            0                         0      0        0
  MONTH TO DATE    0                         0      0        0
  SINCE DEC 1     11                         0     11        0
  SINCE JAN 1      0                         0      0        0
..................................................................


WIND (MPH)
  HIGHEST WIND SPEED    16   HIGHEST WIND DIRECTION    NE (30)
  HIGHEST GUST SPEED    20   HIGHEST GUST DIRECTION    NE (40)
  AVERAGE WIND SPEED     6.2


SKY COVER
  AVERAGE SKY COVER 0.2


WEATHER CONDITIONS
 THE FOLLOWING WEATHER WAS RECORDED TODAY.
  NO SIGNIFICANT WEATHER WAS OBSERVED.


RELATIVE HUMIDITY (PERCENT)
 HIGHEST    78          1200 AM
 LOWEST     37           300 PM
 AVERAGE    58

..........................................................


THE DANVILLE VA CLIMATE NORMALS FOR TOMORROW
                         NORMAL    RECORD    YEAR
 MAXIMUM TEMPERATURE (F)   48        73      2015
 MINIMUM TEMPERATURE (F)   31        12      1977


SUNRISE AND SUNSET
FEBRUARY  7 2016......SUNRISE   714 AM EST   SUNSET   549 PM EST
FEBRUARY  8 2016......SUNRISE   713 AM EST   SUNSET   550 PM EST


-  INDICATES NEGATIVE NUMBERS.
R  INDICATES RECORD WAS SET OR TIED.
MM INDICATES DATA IS MISSING.
T  INDICATES TRACE AMOUNT.




$$
