000
CDUS41 KRNK 270812
CLIDAN


CLIMATE REPORT
NATIONAL WEATHER SERVICE BLACKSBURG VA
410 AM EDT SAT AUG 27 2016


...................................

...THE DANVILLE VA CLIMATE SUMMARY FOR AUGUST 26 2016...

CLIMATE NORMAL PERIOD 1981 TO 2010
CLIMATE RECORD PERIOD 1948 TO 2016


WEATHER ITEM   OBSERVED TIME   RECORD YEAR NORMAL DEPARTURE LAST
                VALUE   (LST)  VALUE       VALUE  FROM      YEAR
                                                  NORMAL
..................................................................
TEMPERATURE (F)
 YESTERDAY
  MAXIMUM         94    439 PM  98    1968  85      9       83
  MINIMUM         71    548 AM  50    1952  67      4       61
  AVERAGE         83                        76      7       72

PRECIPITATION (IN)
  YESTERDAY        0.00          0.93 2002   0.14  -0.14     0.00
  MONTH TO DATE    4.55                      3.29   1.26     2.99
  SINCE JUN 1     16.32                     11.73   4.59    18.35
  SINCE JAN 1     35.87                     29.61   6.26    28.23

SNOWFALL (IN)
  YESTERDAY        0.0                                       0.0
  MONTH TO DATE    0.0                                       0.0
  SINCE JUN 1      0.0                                       0.0
  SINCE JUL 1      0.0                                       0.0
  SNOW DEPTH       0

DEGREE DAYS
 HEATING
  YESTERDAY        0                         0      0        0
  MONTH TO DATE    0                         0      0        0
  SINCE JUN 1      0                         3     -3        5
  SINCE JUL 1      0                         0      0        0

 COOLING
  YESTERDAY       18                        11      7        7
  MONTH TO DATE  369                       323     46      317
  SINCE JUN 1   1097                      1032     65     1120
  SINCE JAN 1   1236                      1176     60     1347
..................................................................


WIND (MPH)
  HIGHEST WIND SPEED    10   HIGHEST WIND DIRECTION    NE (30)
  HIGHEST GUST SPEED    16   HIGHEST GUST DIRECTION    NE (40)
  AVERAGE WIND SPEED     3.2


SKY COVER
  AVERAGE SKY COVER 0.0


WEATHER CONDITIONS
 THE FOLLOWING WEATHER WAS RECORDED YESTERDAY.
  FOG


RELATIVE HUMIDITY (PERCENT)
 HIGHEST   100           100 AM
 LOWEST     49           400 PM
 AVERAGE    75

..........................................................


THE DANVILLE VA CLIMATE NORMALS FOR TODAY
                         NORMAL    RECORD    YEAR
 MAXIMUM TEMPERATURE (F)   85       100      1953
 MINIMUM TEMPERATURE (F)   66        54      1952


SUNRISE AND SUNSET
AUGUST 27 2016........SUNRISE   645 AM EDT   SUNSET   752 PM EDT
AUGUST 28 2016........SUNRISE   646 AM EDT   SUNSET   750 PM EDT


-  INDICATES NEGATIVE NUMBERS.
R  INDICATES RECORD WAS SET OR TIED.
MM INDICATES DATA IS MISSING.
T  INDICATES TRACE AMOUNT.

$$

RAB
