000
CDUS41 KRNK 171027
CLIDAN


CLIMATE REPORT
NATIONAL WEATHER SERVICE BLACKSBURG VA
524 AM EST WED JAN 17 2018


...................................

...THE DANVILLE VA CLIMATE SUMMARY FOR JANUARY 16 2018...

CLIMATE NORMAL PERIOD 1981 TO 2010
CLIMATE RECORD PERIOD 1948 TO 2018


WEATHER ITEM   OBSERVED TIME   RECORD YEAR NORMAL DEPARTURE LAST
                VALUE   (LST)  VALUE       VALUE  FROM      YEAR
                                                  NORMAL
..................................................................
TEMPERATURE (F)
 YESTERDAY
  MAXIMUM         44    407 PM  73    1953  46     -2       52
  MINIMUM         14    624 AM   3    1972  29    -15       40
  AVERAGE         29                        38     -9       46

PRECIPITATION (IN)
  YESTERDAY        T             1.74 1998   0.11  -0.11     0.00
  MONTH TO DATE    0.86                      1.77  -0.91     1.96
  SINCE DEC 1      1.60                      5.04  -3.44     3.58
  SINCE JAN 1      0.86                      1.77  -0.91     1.96

SNOWFALL (IN)
  YESTERDAY        T                                         0.0
  MONTH TO DATE    T                                         8.8
  SINCE DEC 1      4.9                                       8.8
  SINCE JUL 1      4.9                                       8.8
  SNOW DEPTH       0

DEGREE DAYS
 HEATING
  YESTERDAY       36                        28      8       19
  MONTH TO DATE  323                       443   -120      418
  SINCE DEC 1   1105                      1216   -111     1152
  SINCE JUL 1   1827                      1925    -98     1722

 COOLING
  YESTERDAY        0                         0      0        0
  MONTH TO DATE    0                         0      0        0
  SINCE DEC 1      0                         0      0        0
  SINCE JAN 1      0                         0      0        0
..................................................................


WIND (MPH)
  HIGHEST WIND SPEED    10   HIGHEST WIND DIRECTION    SW (220)
  HIGHEST GUST SPEED    13   HIGHEST GUST DIRECTION    SW (230)
  AVERAGE WIND SPEED     1.7


SKY COVER
  AVERAGE SKY COVER 0.2


WEATHER CONDITIONS
 THE FOLLOWING WEATHER WAS RECORDED YESTERDAY.
  LIGHT SNOW


RELATIVE HUMIDITY (PERCENT)
 HIGHEST    92           800 AM
 LOWEST     33           300 PM
 AVERAGE    63

..........................................................


THE DANVILLE VA CLIMATE NORMALS FOR TODAY
                         NORMAL    RECORD    YEAR
 MAXIMUM TEMPERATURE (F)   46        72      1974
 MINIMUM TEMPERATURE (F)   29         0      1977


SUNRISE AND SUNSET
JANUARY 17 2018.......SUNRISE   728 AM EST   SUNSET   527 PM EST
JANUARY 18 2018.......SUNRISE   727 AM EST   SUNSET   528 PM EST


-  INDICATES NEGATIVE NUMBERS.
R  INDICATES RECORD WAS SET OR TIED.
MM INDICATES DATA IS MISSING.
T  INDICATES TRACE AMOUNT.

REMARKS:
DUE TO MISSING DATA FROM JANUARY 4-9...ALL INFORMATION WILL BE
CALCULATED WITHOUT DATA FROM THESE DATES.

$$

RAB
