000
CDUS41 KRNK 170739
CLIDAN


CLIMATE REPORT
NATIONAL WEATHER SERVICE BLACKSBURG VA
328 AM EDT TUE OCT 17 2017


...................................

...THE DANVILLE VA CLIMATE SUMMARY FOR OCTOBER 16 2017...

CLIMATE NORMAL PERIOD 1981 TO 2010
CLIMATE RECORD PERIOD 1948 TO 2017


WEATHER ITEM   OBSERVED TIME   RECORD YEAR NORMAL DEPARTURE LAST
                VALUE   (LST)  VALUE       VALUE  FROM      YEAR
                                                  NORMAL
..................................................................
TEMPERATURE (F)
 YESTERDAY
  MAXIMUM         70    317 AM  89    1985  70      0       78
  MINIMUM         49   1046 PM  33    1979  49      0       47
  AVERAGE         60                        59      1       63

PRECIPITATION (IN)
  YESTERDAY        0.17          4.93 1954   0.12   0.05     0.00
  MONTH TO DATE    1.43                      1.83  -0.40     5.01
  SINCE SEP 1      4.03                      5.79  -1.76     7.92
  SINCE JAN 1     38.13                     36.08   2.05    44.18

SNOWFALL (IN)
  YESTERDAY        0.0                                       0.0
  MONTH TO DATE    0.0                                       0.0
  SINCE SEP 1      0.0                                       0.0
  SINCE JUL 1      0.0                                       0.0
  SNOW DEPTH       0

DEGREE DAYS
 HEATING
  YESTERDAY        5                         6     -1        2
  MONTH TO DATE   25                        75    -50       51
  SINCE SEP 1     57                       103    -46       51
  SINCE JUL 1     57                       103    -46       51

 COOLING
  YESTERDAY        0                         1     -1        0
  MONTH TO DATE   64                        23     41       14
  SINCE SEP 1    227                       199     28      318
  SINCE JAN 1   1401                      1426    -25     1623
..................................................................


WIND (MPH)
  HIGHEST WIND SPEED    20   HIGHEST WIND DIRECTION     N (360)
  HIGHEST GUST SPEED    24   HIGHEST GUST DIRECTION     N (10)
  AVERAGE WIND SPEED     8.3


SKY COVER
  AVERAGE SKY COVER 0.5


WEATHER CONDITIONS
 THE FOLLOWING WEATHER WAS RECORDED YESTERDAY.
  LIGHT RAIN
  FOG


RELATIVE HUMIDITY (PERCENT)
 HIGHEST   100          1200 AM
 LOWEST     48           300 PM
 AVERAGE    74

..........................................................


THE DANVILLE VA CLIMATE NORMALS FOR TODAY
                         NORMAL    RECORD    YEAR
 MAXIMUM TEMPERATURE (F)   70        88      1989
 MINIMUM TEMPERATURE (F)   49        34      1955


SUNRISE AND SUNSET
OCTOBER 17 2017.......SUNRISE   727 AM EDT   SUNSET   638 PM EDT
OCTOBER 18 2017.......SUNRISE   728 AM EDT   SUNSET   637 PM EDT


-  INDICATES NEGATIVE NUMBERS.
R  INDICATES RECORD WAS SET OR TIED.
MM INDICATES DATA IS MISSING.
T  INDICATES TRACE AMOUNT.




$$
