000
CDUS41 KILN 280548
CLIDAY


CLIMATE REPORT
NATIONAL WEATHER SERVICE WILMINGTON OH
139 AM EDT THU AUG 28 2014


...................................

...THE DAYTON OH CLIMATE SUMMARY FOR AUGUST 27 2014...

CLIMATE NORMAL PERIOD 1981 TO 2010
CLIMATE RECORD PERIOD 1869 TO 2014


WEATHER ITEM   OBSERVED TIME   RECORD YEAR NORMAL DEPARTURE LAST
                VALUE   (LST)  VALUE       VALUE  FROM      YEAR
                                                  NORMAL
..................................................................
TEMPERATURE (F)
 YESTERDAY
  MAXIMUM         88    257 PM  97    1948  82      6       89
                                      1899
  MINIMUM         69   1117 PM  43    1910  61      8       70
  AVERAGE         79                        72      7       80

PRECIPITATION (IN)
  YESTERDAY        0.00          2.37 1974   0.10  -0.10     0.00
  MONTH TO DATE    2.76                      2.57   0.19     1.38
  SINCE JUN 1      9.52                     10.85  -1.33     8.08
  SINCE JAN 1     27.60                     27.89  -0.29    22.38

SNOWFALL (IN)
  YESTERDAY        0.0           0.0         0.0    0.0      0.0
  MONTH TO DATE    0.0                       0.0    0.0      0.0
  SINCE JUN 1      0.0                       0.0    0.0      0.0
  SINCE JUL 1      0.0                       0.0    0.0      0.0
  SNOW DEPTH       0

DEGREE DAYS
 HEATING
  YESTERDAY        0                         0      0        0
  MONTH TO DATE    3                         0      3        9
  SINCE JUN 1      9                        22    -13       23
  SINCE JUL 1      7                         0      7       12

 COOLING
  YESTERDAY       14                         7      7       15
  MONTH TO DATE  242                       217     25      201
  SINCE JUN 1    697                       686     11      698
  SINCE JAN 1    826                       756     70      829
..................................................................


WIND (MPH)
  RESULTANT WIND SPEED   4   RESULTANT WIND DIRECTION   N (350)
  HIGHEST WIND SPEED    12   HIGHEST WIND DIRECTION     N (350)
  HIGHEST GUST SPEED    15   HIGHEST GUST DIRECTION     N (360)
  AVERAGE WIND SPEED     4.2



WEATHER CONDITIONS
 THE FOLLOWING WEATHER WAS RECORDED YESTERDAY.
  FOG


RELATIVE HUMIDITY (PERCENT)
 HIGHEST    90           100 AM
 LOWEST     59           100 PM
 AVERAGE    75

..........................................................


THE DAYTON OH CLIMATE NORMALS FOR TODAY
                         NORMAL    RECORD    YEAR
 MAXIMUM TEMPERATURE (F)   82        96      1953
 MINIMUM TEMPERATURE (F)   61        40      1910
                                             1894


SUNRISE AND SUNSET
AUGUST 28 2014........SUNRISE   701 AM EDT   SUNSET   814 PM EDT
AUGUST 29 2014........SUNRISE   702 AM EDT   SUNSET   813 PM EDT


-  INDICATES NEGATIVE NUMBERS.
R  INDICATES RECORD WAS SET OR TIED.
MM INDICATES DATA IS MISSING.
T  INDICATES TRACE AMOUNT.




$$
