000
CDUS41 KILN 310545
CLIDAY


CLIMATE REPORT
NATIONAL WEATHER SERVICE WILMINGTON OH
143 AM EDT THU JUL 31 2014


...................................

...THE DAYTON OH CLIMATE SUMMARY FOR JULY 30 2014...

CLIMATE NORMAL PERIOD 1981 TO 2010
CLIMATE RECORD PERIOD 1869 TO 2014


WEATHER ITEM   OBSERVED TIME   RECORD YEAR NORMAL DEPARTURE LAST
                VALUE   (LST)  VALUE       VALUE  FROM      YEAR
                                                  NORMAL
..................................................................
TEMPERATURE (F)
 YESTERDAY
  MAXIMUM         80    430 PM  99    1913  83     -3       78
  MINIMUM         56    510 AM  50    1981  64     -8       58
  AVERAGE         68                        74     -6       68

PRECIPITATION (IN)
  YESTERDAY        0.01          1.38 1996   0.11  -0.10     0.00
  MONTH TO DATE    3.23                      4.00  -0.77     3.56
  SINCE JUN 1      6.76                      8.17  -1.41     6.68
  SINCE JAN 1     24.84                     25.21  -0.37    20.98

SNOWFALL (IN)
  YESTERDAY        0.0           0.0    MM   0.0    0.0      0.0
  MONTH TO DATE    0.0                       0.0    0.0      0.0
  SINCE JUN 1      0.0                       0.0    0.0      0.0
  SINCE JUL 1      0.0                       0.0    0.0      0.0
  SNOW DEPTH       0

DEGREE DAYS
 HEATING
  YESTERDAY        0                         0      0        0
  MONTH TO DATE    4                         0      4        3
  SINCE JUN 1      6                        22    -16       14
  SINCE JUL 1      4                         0      4        3

 COOLING
  YESTERDAY        3                         9     -6        3
  MONTH TO DATE  185                       270    -85      284
  SINCE JUN 1    448                       460    -12      492
  SINCE JAN 1    577                       530     47      623
..................................................................


WIND (MPH)
  RESULTANT WIND SPEED   8   RESULTANT WIND DIRECTION   W (260)
  HIGHEST WIND SPEED    18   HIGHEST WIND DIRECTION    NW (300)
  HIGHEST GUST SPEED    25   HIGHEST GUST DIRECTION     W (290)
  AVERAGE WIND SPEED     8.9



WEATHER CONDITIONS
 THE FOLLOWING WEATHER WAS RECORDED YESTERDAY.
  THUNDERSTORM


RELATIVE HUMIDITY (PERCENT)
 HIGHEST    93           300 AM
 LOWEST     45           400 PM
 AVERAGE    69

..........................................................


THE DAYTON OH CLIMATE NORMALS FOR TODAY
                         NORMAL    RECORD    YEAR
 MAXIMUM TEMPERATURE (F)   83        98      1913
 MINIMUM TEMPERATURE (F)   64        51      1997


SUNRISE AND SUNSET
JULY 31 2014..........SUNRISE   634 AM EDT   SUNSET   851 PM EDT
AUGUST  1 2014........SUNRISE   635 AM EDT   SUNSET   850 PM EDT


-  INDICATES NEGATIVE NUMBERS.
R  INDICATES RECORD WAS SET OR TIED.
MM INDICATES DATA IS MISSING.
T  INDICATES TRACE AMOUNT.




$$
