000
CDUS41 KILN 300541
CLIDAY


CLIMATE REPORT
NATIONAL WEATHER SERVICE WILMINGTON OH
140 AM EDT TUE MAY 30 2017


...................................

...THE DAYTON OH CLIMATE SUMMARY FOR MAY 29 2017...

CLIMATE NORMAL PERIOD 1981 TO 2010
CLIMATE RECORD PERIOD 1869 TO 2017


WEATHER ITEM   OBSERVED TIME   RECORD YEAR NORMAL DEPARTURE LAST
                VALUE   (LST)  VALUE       VALUE  FROM      YEAR
                                                  NORMAL
..................................................................
TEMPERATURE (F)
 YESTERDAY
  MAXIMUM         80    416 PM  98    1911  75      5       84
  MINIMUM         58    431 AM  35    1906  56      2       67
  AVERAGE         69                        65      4       76

PRECIPITATION (IN)
  YESTERDAY        0.08          1.20 1915   0.16  -0.08     0.07
  MONTH TO DATE    6.50                      4.36   2.14     2.95
  SINCE MAR 1     16.91                     11.79   5.12    11.40
  SINCE JAN 1     21.85                     16.74   5.11    16.22

SNOWFALL (IN)
  YESTERDAY        0.0           0.0    MM   0.0    0.0      0.0
  MONTH TO DATE    0.0                       0.0    0.0      0.0
  SINCE MAR 1      1.3                       4.0   -2.7      2.1
  SINCE JUL 1      8.5                      23.3  -14.8     12.7
  SNOW DEPTH       0

DEGREE DAYS
 HEATING
  YESTERDAY        0                         3     -3        0
  MONTH TO DATE  160                       163     -3      188
  SINCE MAR 1   1125                      1339   -214     1136
  SINCE JUL 1   4555                      5614  -1059     4677

 COOLING
  YESTERDAY        4                         3      1       11
  MONTH TO DATE   55                        53      2       56
  SINCE MAR 1     88                        63     25       60
  SINCE JAN 1     88                        63     25       60
..................................................................


WIND (MPH)
  RESULTANT WIND SPEED  11   RESULTANT WIND DIRECTION  SW (230)
  HIGHEST WIND SPEED    25   HIGHEST WIND DIRECTION     W (250)
  HIGHEST GUST SPEED    33   HIGHEST GUST DIRECTION    SW (220)
  AVERAGE WIND SPEED    11.2



WEATHER CONDITIONS
 THE FOLLOWING WEATHER WAS RECORDED YESTERDAY.
  THUNDERSTORM
  LIGHT RAIN


RELATIVE HUMIDITY (PERCENT)
 HIGHEST    97           100 AM
 LOWEST     39           300 PM
 AVERAGE    68

..........................................................


THE DAYTON OH CLIMATE NORMALS FOR TODAY
                         NORMAL    RECORD    YEAR
 MAXIMUM TEMPERATURE (F)   76        95      1895
 MINIMUM TEMPERATURE (F)   56        37      1984


SUNRISE AND SUNSET
MAY 30 2017...........SUNRISE   611 AM EDT   SUNSET   858 PM EDT
MAY 31 2017...........SUNRISE   611 AM EDT   SUNSET   859 PM EDT


-  INDICATES NEGATIVE NUMBERS.
R  INDICATES RECORD WAS SET OR TIED.
MM INDICATES DATA IS MISSING.
T  INDICATES TRACE AMOUNT.




$$
