000
CDUS41 KILN 010538
CLIDAY


CLIMATE REPORT
NATIONAL WEATHER SERVICE WILMINGTON OH
138 AM EDT SAT NOV 1 2014


...................................

...THE DAYTON OH CLIMATE SUMMARY FOR OCTOBER 31 2014...

CLIMATE NORMAL PERIOD 1981 TO 2010
CLIMATE RECORD PERIOD 1869 TO 2014


WEATHER ITEM   OBSERVED TIME   RECORD YEAR NORMAL DEPARTURE LAST
                VALUE   (LST)  VALUE       VALUE  FROM      YEAR
                                                  NORMAL
..................................................................
TEMPERATURE (F)
 YESTERDAY
  MAXIMUM         46   1013 AM  80    1950  58    -12       65
                                      1900
  MINIMUM         35   1159 PM  20    1908  40     -5       57
  AVERAGE         41                        49     -8       61

PRECIPITATION (IN)
  YESTERDAY        0.19          1.33 1941   0.10   0.09     1.25
  MONTH TO DATE    2.37                      2.93  -0.56     5.74
  SINCE SEP 1      3.25                      6.23  -2.98     7.97
  SINCE JAN 1     31.15                     34.54  -3.39    30.35

SNOWFALL (IN)
  YESTERDAY        T             0.4  1993   0.0    0.0      0.0
  MONTH TO DATE    T                         0.4   -0.4      1.0
  SINCE SEP 1      T                         0.4   -0.4      1.0
  SINCE JUL 1      T                         0.4   -0.4      1.0
  SNOW DEPTH       0

DEGREE DAYS
 HEATING
  YESTERDAY       24                        16      8        4
  MONTH TO DATE  323                       357    -34      320
  SINCE SEP 1    397                       445    -48      375
  SINCE JUL 1    404                       447    -43      387

 COOLING
  YESTERDAY        0                         0      0        0
  MONTH TO DATE    9                        10     -1       35
  SINCE SEP 1    107                       109     -2      175
  SINCE JAN 1    977                       891     86     1062
..................................................................


WIND (MPH)
  RESULTANT WIND SPEED   6   RESULTANT WIND DIRECTION  NW (310)
  HIGHEST WIND SPEED    28   HIGHEST WIND DIRECTION     N (350)
  HIGHEST GUST SPEED    37   HIGHEST GUST DIRECTION     N (350)
  AVERAGE WIND SPEED    11.3



WEATHER CONDITIONS
 THE FOLLOWING WEATHER WAS RECORDED YESTERDAY.
  LIGHT RAIN
  LIGHT SNOW
  FOG


RELATIVE HUMIDITY (PERCENT)
 HIGHEST    93           600 PM
 LOWEST     70           100 AM
 AVERAGE    82

..........................................................


THE DAYTON OH CLIMATE NORMALS FOR TODAY
                         NORMAL    RECORD    YEAR
 MAXIMUM TEMPERATURE (F)   58        79      1950
 MINIMUM TEMPERATURE (F)   40        20      1906


SUNRISE AND SUNSET
NOVEMBER  1 2014......SUNRISE   806 AM EDT   SUNSET   635 PM EDT
NOVEMBER  2 2014......SUNRISE   707 AM EST   SUNSET   533 PM EST


-  INDICATES NEGATIVE NUMBERS.
R  INDICATES RECORD WAS SET OR TIED.
MM INDICATES DATA IS MISSING.
T  INDICATES TRACE AMOUNT.




$$
