000
CDUS41 KILN 240538
CLIDAY


CLIMATE REPORT
NATIONAL WEATHER SERVICE WILMINGTON OH
138 AM EDT SUN MAY 24 2015


...................................

...THE DAYTON OH CLIMATE SUMMARY FOR MAY 23 2015...

CLIMATE NORMAL PERIOD 1981 TO 2010
CLIMATE RECORD PERIOD 1869 TO 2015


WEATHER ITEM   OBSERVED TIME   RECORD YEAR NORMAL DEPARTURE LAST
                VALUE   (LST)  VALUE       VALUE  FROM      YEAR
                                                  NORMAL
..................................................................
TEMPERATURE (F)
 YESTERDAY
  MAXIMUM         80    254 PM  90    1939  73      7       72
  MINIMUM         50    405 AM  34    1963  54     -4       52
  AVERAGE         65                        64      1       62

PRECIPITATION (IN)
  YESTERDAY        0.00          3.17 1989   0.16  -0.16     0.00
  MONTH TO DATE    1.28                      3.45  -2.17     4.60
  SINCE MAR 1     10.45                     10.88  -0.43    13.02
  SINCE JAN 1     14.81                     15.83  -1.02    18.00

SNOWFALL (IN)
  YESTERDAY        0.0           0.0    MM   0.0    0.0      0.0
  MONTH TO DATE    0.0                       0.0    0.0      0.0
  SINCE MAR 1      5.7                       4.0    1.7      8.2
  SINCE JUL 1     27.7                      23.3    4.4     53.6
  SNOW DEPTH       0

DEGREE DAYS
 HEATING
  YESTERDAY        0                         4     -4        3
  MONTH TO DATE   67                       143    -76      129
  SINCE MAR 1   1198                      1319   -121     1338
  SINCE JUL 1   5761                      5594    167     5937

 COOLING
  YESTERDAY        0                         3     -3        0
  MONTH TO DATE  104                        35     69       64
  SINCE MAR 1    108                        45     63       72
  SINCE JAN 1    108                        45     63       72
..................................................................


WIND (MPH)
  RESULTANT WIND SPEED   5   RESULTANT WIND DIRECTION  SE (140)
  HIGHEST WIND SPEED    12   HIGHEST WIND DIRECTION     S (190)
  HIGHEST GUST SPEED    18   HIGHEST GUST DIRECTION    SW (230)
  AVERAGE WIND SPEED     6.5



WEATHER CONDITIONS
 THE FOLLOWING WEATHER WAS RECORDED YESTERDAY.
  NO SIGNIFICANT WEATHER WAS OBSERVED.


RELATIVE HUMIDITY (PERCENT)
 HIGHEST    63           500 AM
 LOWEST     29           200 PM
 AVERAGE    46

..........................................................


THE DAYTON OH CLIMATE NORMALS FOR TODAY
                         NORMAL    RECORD    YEAR
 MAXIMUM TEMPERATURE (F)   74        90      1975
 MINIMUM TEMPERATURE (F)   54        36      1925


SUNRISE AND SUNSET
MAY 24 2015...........SUNRISE   615 AM EDT   SUNSET   853 PM EDT
MAY 25 2015...........SUNRISE   614 AM EDT   SUNSET   854 PM EDT


-  INDICATES NEGATIVE NUMBERS.
R  INDICATES RECORD WAS SET OR TIED.
MM INDICATES DATA IS MISSING.
T  INDICATES TRACE AMOUNT.




$$
