000
CDUS41 KILN 050555
CLIDAY


CLIMATE REPORT
NATIONAL WEATHER SERVICE WILMINGTON OH
155 AM EDT SAT SEP 5 2015


...................................

...THE DAYTON OH CLIMATE SUMMARY FOR SEPTEMBER 4 2015...

CLIMATE NORMAL PERIOD 1981 TO 2010
CLIMATE RECORD PERIOD 1869 TO 2015


WEATHER ITEM   OBSERVED TIME   RECORD YEAR NORMAL DEPARTURE LAST
                VALUE   (LST)  VALUE       VALUE  FROM      YEAR
                                                  NORMAL
..................................................................
TEMPERATURE (F)
 YESTERDAY
  MAXIMUM         90   1215 PM  95    1925  80     10       89
  MINIMUM         64   1159 PM  42    1997  59      5       65
  AVERAGE         77                        70      7       77

PRECIPITATION (IN)
  YESTERDAY        0.22          2.27 2011   0.11   0.11     0.00
  MONTH TO DATE    0.22                      0.46  -0.24     0.26
  SINCE SEP 1      0.22                      0.46  -0.24     0.26
  SINCE JAN 1     29.96                     28.77   1.19    28.16

SNOWFALL (IN)
  YESTERDAY        0.0           0.0    MM   0.0    0.0      0.0
  MONTH TO DATE    0.0                       0.0    0.0      0.0
  SINCE SEP 1      0.0                       0.0    0.0      0.0
  SINCE JUL 1      0.0                       0.0    0.0      0.0
  SNOW DEPTH       0

DEGREE DAYS
 HEATING
  YESTERDAY        0                         1     -1        0
  MONTH TO DATE    0                         4     -4        0
  SINCE SEP 1      0                         4     -4        0
  SINCE JUL 1      9                         6      3        7

 COOLING
  YESTERDAY       12                         5      7       12
  MONTH TO DATE   50                        23     27       45
  SINCE SEP 1     50                        23     27       45
  SINCE JAN 1    951                       805    146      915
..................................................................


WIND (MPH)
  RESULTANT WIND SPEED   2   RESULTANT WIND DIRECTION   W (260)
  HIGHEST WIND SPEED    28   HIGHEST WIND DIRECTION    NE (30)
  HIGHEST GUST SPEED    34   HIGHEST GUST DIRECTION    NE (30)
  AVERAGE WIND SPEED     8.1



WEATHER CONDITIONS
 THE FOLLOWING WEATHER WAS RECORDED YESTERDAY.
  THUNDERSTORM
  RAIN
  LIGHT RAIN
  FOG


RELATIVE HUMIDITY (PERCENT)
 HIGHEST    97           700 AM
 LOWEST     61          1100 AM
 AVERAGE    79

..........................................................


THE DAYTON OH CLIMATE NORMALS FOR TODAY
                         NORMAL    RECORD    YEAR
 MAXIMUM TEMPERATURE (F)   80       102      1899
 MINIMUM TEMPERATURE (F)   59        41      1902


SUNRISE AND SUNSET
SEPTEMBER  5 2015.....SUNRISE   708 AM EDT   SUNSET   802 PM EDT
SEPTEMBER  6 2015.....SUNRISE   709 AM EDT   SUNSET   801 PM EDT


-  INDICATES NEGATIVE NUMBERS.
R  INDICATES RECORD WAS SET OR TIED.
MM INDICATES DATA IS MISSING.
T  INDICATES TRACE AMOUNT.




$$
