000
CDUS41 KILN 042052
CLIDAY


CLIMATE REPORT
NATIONAL WEATHER SERVICE WILMINGTON OH
452 PM EDT SAT JUL 4 2015


...................................

...THE DAYTON OH CLIMATE SUMMARY FOR JULY 4 2015...
VALID TODAY AS OF 0400 PM LOCAL TIME.

CLIMATE NORMAL PERIOD 1981 TO 2010
CLIMATE RECORD PERIOD 1869 TO 2015


WEATHER ITEM   OBSERVED TIME   RECORD YEAR NORMAL DEPARTURE LAST
                VALUE   (LST)  VALUE       VALUE  FROM      YEAR
                                                  NORMAL
..................................................................
TEMPERATURE (F)
 TODAY
  MAXIMUM         79    331 PM 104    1897  84     -5       78
  MINIMUM         60    607 AM  49    1968  64     -4       52
  AVERAGE         70                        74     -4       65

PRECIPITATION (IN)
  TODAY            0.00          2.05 1906   0.14  -0.14     0.00
  MONTH TO DATE    0.11                      0.55  -0.44     1.23
  SINCE JUN 1      7.99                      4.72   3.27     4.76
  SINCE JAN 1     23.31                     21.76   1.55    22.84

SNOWFALL (IN)
  TODAY            0.0           0.0    MM   0.0    0.0      0.0
  MONTH TO DATE    0.0                       0.0    0.0      0.0
  SINCE JUN 1      0.0                       0.0    0.0      0.0
  SINCE JUL 1      0.0                       0.0    0.0      0.0
  SNOW DEPTH       0

DEGREE DAYS
 HEATING
  TODAY            0                         0      0        0
  MONTH TO DATE    0                         0      0        0
  SINCE JUN 1     20                        22     -2        2
  SINCE JUL 1      0                         0      0        0

 COOLING
  TODAY            5                         9     -4        0
  MONTH TO DATE   23                        36    -13       24
  SINCE JUN 1    277                       226     51      287
  SINCE JAN 1    452                       296    156      416
..................................................................


WIND (MPH)
  RESULTANT WIND SPEED   3   RESULTANT WIND DIRECTION   N (10)
  HIGHEST WIND SPEED     9   HIGHEST WIND DIRECTION    NW (310)
  HIGHEST GUST SPEED    14   HIGHEST GUST DIRECTION    NE (30)
  AVERAGE WIND SPEED     4.2


SKY COVER
  POSSIBLE SUNSHINE  MM
  AVERAGE SKY COVER 0.3


WEATHER CONDITIONS
 THE FOLLOWING WEATHER WAS RECORDED TODAY.
  FOG


RELATIVE HUMIDITY (PERCENT)
 HIGHEST    97           400 AM
 LOWEST     50           100 PM
 AVERAGE    74

..........................................................


THE DAYTON OH CLIMATE NORMALS FOR TOMORROW
                         NORMAL    RECORD    YEAR
 MAXIMUM TEMPERATURE (F)   84       107      1911
 MINIMUM TEMPERATURE (F)   65        50      1972


SUNRISE AND SUNSET
JULY  4 2015..........SUNRISE   613 AM EDT   SUNSET   909 PM EDT
JULY  5 2015..........SUNRISE   614 AM EDT   SUNSET   908 PM EDT


-  INDICATES NEGATIVE NUMBERS.
R  INDICATES RECORD WAS SET OR TIED.
MM INDICATES DATA IS MISSING.
T  INDICATES TRACE AMOUNT.




$$
