124
CDUS43 KDVN 191016
CLIDBQ


CLIMATE REPORT
NATIONAL WEATHER SERVICE QUAD CITIES IA IL
416 AM CST SUN FEB 19 2017


...................................

...THE DUBUQUE IA CLIMATE SUMMARY FOR FEBRUARY 18 2017...

CLIMATE NORMAL PERIOD 1981 TO 2010
CLIMATE RECORD PERIOD 1873 TO 2017


WEATHER ITEM   OBSERVED TIME   RECORD YEAR NORMAL DEPARTURE LAST
                VALUE   (LST)  VALUE       VALUE  FROM      YEAR
                                                  NORMAL
..................................................................
TEMPERATURE (F)
 YESTERDAY
  MAXIMUM         64R   258 PM  61    1981  32     32       40
  MINIMUM         32    956 PM -18    2006  17     15       22
  AVERAGE         48                        25     23       31

PRECIPITATION (IN)
  YESTERDAY        0.00          0.78 1908   0.05  -0.05     0.00
  MONTH TO DATE    0.99                      0.85   0.14     0.55
  SINCE DEC 1      4.54                      3.86   0.68     5.20
  SINCE JAN 1      3.00                      2.02   0.98     1.01

SNOWFALL (IN)
  YESTERDAY        0.0          MM      MM   0.3   -0.3      0.0
  MONTH TO DATE    T                         6.2   -6.2      7.0
  SINCE DEC 1     21.2                      28.0   -6.8     19.1
  SINCE JUL 1     21.2                      30.8   -9.6     30.9
  SNOW DEPTH       0

DEGREE DAYS
 HEATING
  YESTERDAY       17                        40    -23       34
  MONTH TO DATE  633                       772   -139      791
  SINCE DEC 1   3258                      3509   -251     2969
  SINCE JUL 1   4250                      5009   -759     4176

 COOLING
  YESTERDAY        0                         0      0        0
  MONTH TO DATE    0                         0      0        0
  SINCE DEC 1      0                         0      0        0
  SINCE JAN 1      0                         0      0        0
..................................................................


WIND (MPH)
  HIGHEST WIND SPEED    15   HIGHEST WIND DIRECTION    NW (330)
  HIGHEST GUST SPEED    18   HIGHEST GUST DIRECTION    NW (330)
  AVERAGE WIND SPEED     4.5


SKY COVER
  POSSIBLE SUNSHINE  MM
  AVERAGE SKY COVER 0.0


WEATHER CONDITIONS
 THE FOLLOWING WEATHER WAS RECORDED YESTERDAY.
  NO SIGNIFICANT WEATHER WAS OBSERVED.


RELATIVE HUMIDITY (PERCENT)
 HIGHEST   100           800 AM
 LOWEST     42           100 PM
 AVERAGE    71

..........................................................


THE DUBUQUE IA CLIMATE NORMALS FOR TODAY
                         NORMAL    RECORD    YEAR
 MAXIMUM TEMPERATURE (F)   33        63      1930
 MINIMUM TEMPERATURE (F)   17       -13      2006
                                             1979


SUNRISE AND SUNSET
FEBRUARY 19 2017......SUNRISE   653 AM CST   SUNSET   541 PM CST
FEBRUARY 20 2017......SUNRISE   652 AM CST   SUNSET   542 PM CST


-  INDICATES NEGATIVE NUMBERS.
R  INDICATES RECORD WAS SET OR TIED.
MM INDICATES DATA IS MISSING.
T  INDICATES TRACE AMOUNT.




$$
