000
CDUS43 KDVN 290928
CLIDBQ


CLIMATE REPORT
NATIONAL WEATHER SERVICE QUAD CITIES IA IL
425 AM CDT SUN MAY 29 2016


...................................

...THE DUBUQUE IA CLIMATE SUMMARY FOR MAY 28 2016...

CLIMATE NORMAL PERIOD 1981 TO 2010
CLIMATE RECORD PERIOD 1873 TO 2016


WEATHER ITEM   OBSERVED TIME   RECORD YEAR NORMAL DEPARTURE LAST
                VALUE   (LST)  VALUE       VALUE  FROM      YEAR
                                                  NORMAL
..................................................................
TEMPERATURE (F)
 YESTERDAY
  MAXIMUM         79    217 PM  93    1874  73      6       80
  MINIMUM         62   1159 PM  36    1947  52     10       57
  AVERAGE         71                        63      8       69

PRECIPITATION (IN)
  YESTERDAY        0.53          1.85 1996   0.14   0.39      T
  MONTH TO DATE    3.79                      3.77   0.02     5.53
  SINCE MAR 1      9.33                      9.84  -0.51     8.23
  SINCE JAN 1     10.41                     12.45  -2.04    10.52

SNOWFALL (IN)
  YESTERDAY        0.0          MM      MM   0.0    0.0      0.0
  MONTH TO DATE    0.0                       0.1   -0.1      0.0
  SINCE MAR 1      3.3                       8.4   -5.1      4.1
  SINCE JUL 1     34.8                      42.0   -7.2     33.7
  SNOW DEPTH       0

DEGREE DAYS
 HEATING
  YESTERDAY        0                         4     -4        0
  MONTH TO DATE  229                       213     16      163
  SINCE MAR 1   1490                      1641   -151     1518
  SINCE JUL 1   5967                      7034  -1067     7366

 COOLING
  YESTERDAY        6                         2      4        4
  MONTH TO DATE   33                        26      7       31
  SINCE MAR 1     36                        31      5       31
  SINCE JAN 1     36                        31      5       31
..................................................................


WIND (MPH)
  HIGHEST WIND SPEED    23   HIGHEST WIND DIRECTION     S (160)
  HIGHEST GUST SPEED    29   HIGHEST GUST DIRECTION     S (170)
  AVERAGE WIND SPEED    12.5


SKY COVER
  POSSIBLE SUNSHINE  MM
  AVERAGE SKY COVER 0.7


WEATHER CONDITIONS
 THE FOLLOWING WEATHER WAS RECORDED YESTERDAY.
  THUNDERSTORM
  HEAVY RAIN
  RAIN
  LIGHT RAIN
  FOG
  HAZE


RELATIVE HUMIDITY (PERCENT)
 HIGHEST   100           400 AM
 LOWEST     58           200 PM
 AVERAGE    79

..........................................................


THE DUBUQUE IA CLIMATE NORMALS FOR TODAY
                         NORMAL    RECORD    YEAR
 MAXIMUM TEMPERATURE (F)   73        97      1934
 MINIMUM TEMPERATURE (F)   53        31      1965


SUNRISE AND SUNSET
MAY 29 2016...........SUNRISE   530 AM CDT   SUNSET   831 PM CDT
MAY 30 2016...........SUNRISE   529 AM CDT   SUNSET   832 PM CDT


-  INDICATES NEGATIVE NUMBERS.
R  INDICATES RECORD WAS SET OR TIED.
MM INDICATES DATA IS MISSING.
T  INDICATES TRACE AMOUNT.




$$
