000
CDUS43 KDVN 282130
CLIDBQ


CLIMATE REPORT
NATIONAL WEATHER SERVICE QUAD CITIES IA IL
430 PM CDT SAT MAR 28 2015


...................................

...THE DUBUQUE IA CLIMATE SUMMARY FOR MARCH 28 2015...
VALID TODAY AS OF 0400 PM LOCAL TIME.

CLIMATE NORMAL PERIOD 1981 TO 2010
CLIMATE RECORD PERIOD 1873 TO 2015


WEATHER ITEM   OBSERVED TIME   RECORD YEAR NORMAL DEPARTURE LAST
                VALUE   (LST)  VALUE       VALUE  FROM      YEAR
                                                  NORMAL
..................................................................
TEMPERATURE (F)
 TODAY
  MAXIMUM         40    257 PM  78    1910  50    -10       39
  MINIMUM         17    600 AM   3    1970  31    -14       30
  AVERAGE         29                        41    -12       35

PRECIPITATION (IN)
  TODAY            0.00          1.65 1977   0.09  -0.09      T
  MONTH TO DATE    0.70                      2.12  -1.42     1.11
  SINCE MAR 1      0.70                      2.12  -1.42     1.11
  SINCE JAN 1      2.99                      4.73  -1.74     3.59

SNOWFALL (IN)
  TODAY            0.0          MM      MM   0.2   -0.2      0.0
  MONTH TO DATE    4.1                       5.9   -1.8     10.9
  SINCE MAR 1      4.1                       5.9   -1.8     10.9
  SINCE JUL 1     33.7                      39.5   -5.8     62.6
  SNOW DEPTH       0

DEGREE DAYS
 HEATING
  TODAY           36                        24     12       30
  MONTH TO DATE  856                       847      9     1097
  SINCE MAR 1    856                       847      9     1097
  SINCE JUL 1   6704                      6240    464     7473

 COOLING
  TODAY            0                         0      0        0
  MONTH TO DATE    0                         0      0        0
  SINCE MAR 1      0                         0      0        0
  SINCE JAN 1      0                         0      0        0
..................................................................


WIND (MPH)
  HIGHEST WIND SPEED    15   HIGHEST WIND DIRECTION     S (170)
  HIGHEST GUST SPEED    19   HIGHEST GUST DIRECTION     S (180)
  AVERAGE WIND SPEED     7.2


SKY COVER
  POSSIBLE SUNSHINE  MM
  AVERAGE SKY COVER 0.0


WEATHER CONDITIONS
 THE FOLLOWING WEATHER WAS RECORDED TODAY.
  NO SIGNIFICANT WEATHER WAS OBSERVED.


RELATIVE HUMIDITY (PERCENT)
 HIGHEST    84           700 AM
 LOWEST     30           300 PM
 AVERAGE    57

..........................................................


THE DUBUQUE IA CLIMATE NORMALS FOR TOMORROW
                         NORMAL    RECORD    YEAR
 MAXIMUM TEMPERATURE (F)   51        86      1895
 MINIMUM TEMPERATURE (F)   31         2      1887


SUNRISE AND SUNSET
MARCH 28 2015.........SUNRISE   653 AM CDT   SUNSET   724 PM CDT
MARCH 29 2015.........SUNRISE   651 AM CDT   SUNSET   725 PM CDT


-  INDICATES NEGATIVE NUMBERS.
R  INDICATES RECORD WAS SET OR TIED.
MM INDICATES DATA IS MISSING.
T  INDICATES TRACE AMOUNT.




$$
