000
CDUS43 KDVN 100909
CLIDBQ


CLIMATE REPORT
NATIONAL WEATHER SERVICE QUAD CITIES IA IL
408 AM CDT THU JUL 10 2014


...................................

...THE DUBUQUE IA CLIMATE SUMMARY FOR JULY 9 2014...

CLIMATE NORMAL PERIOD 1981 TO 2010
CLIMATE RECORD PERIOD 1873 TO 2014


WEATHER ITEM   OBSERVED TIME   RECORD YEAR NORMAL DEPARTURE LAST
                VALUE   (LST)  VALUE       VALUE  FROM      YEAR
                                                  NORMAL
..................................................................
TEMPERATURE (F)
 YESTERDAY
  MAXIMUM         75    509 PM 102    1901  82     -7       84
  MINIMUM         56    500 AM  40    1895  62     -6       70
  AVERAGE         66                        72     -6       77

PRECIPITATION (IN)
  YESTERDAY        0.00          2.52 1879   0.14  -0.14     0.30
  MONTH TO DATE    0.01                      1.24  -1.23     1.13
  SINCE JUN 1     12.58                      5.64   6.94     4.76
  SINCE JAN 1     24.96                     18.51   6.45    26.34

SNOWFALL (IN)
  YESTERDAY        0.0          MM      MM   0.0    0.0      0.0
  MONTH TO DATE    0.0                       0.0    0.0      0.0
  SINCE JUN 1      0.0                       0.0    0.0      0.0
  SINCE JUL 1      0.0                       0.0    0.0      0.0
  SNOW DEPTH       0

DEGREE DAYS
 HEATING
  YESTERDAY        0                         0      0        0
  MONTH TO DATE   12                         0     12        2
  SINCE JUN 1     22                        40    -18       41
  SINCE JUL 1     12                         0     12        2

 COOLING
  YESTERDAY        1                         7     -6       12
  MONTH TO DATE   26                        63    -37       62
  SINCE JUN 1    180                       202    -22      171
  SINCE JAN 1    234                       239     -5      216
..................................................................


WIND (MPH)
  HIGHEST WIND SPEED    16   HIGHEST WIND DIRECTION     N (340)
  HIGHEST GUST SPEED    27   HIGHEST GUST DIRECTION     N (340)
  AVERAGE WIND SPEED     7.9


SKY COVER
  POSSIBLE SUNSHINE  MM
  AVERAGE SKY COVER 0.2


WEATHER CONDITIONS
 THE FOLLOWING WEATHER WAS RECORDED YESTERDAY.
  NO SIGNIFICANT WEATHER WAS OBSERVED.


RELATIVE HUMIDITY (PERCENT)
 HIGHEST    93           500 AM
 LOWEST     50           400 PM
 AVERAGE    72

..........................................................


THE DUBUQUE IA CLIMATE NORMALS FOR TODAY
                         NORMAL    RECORD    YEAR
 MAXIMUM TEMPERATURE (F)   82       103      1936
                                             1901
 MINIMUM TEMPERATURE (F)   62        49      1997


SUNRISE AND SUNSET
JULY 10 2014..........SUNRISE   535 AM CDT   SUNSET   841 PM CDT
JULY 11 2014..........SUNRISE   536 AM CDT   SUNSET   840 PM CDT


-  INDICATES NEGATIVE NUMBERS.
R  INDICATES RECORD WAS SET OR TIED.
MM INDICATES DATA IS MISSING.
T  INDICATES TRACE AMOUNT.




$$
