000
CDUS43 KDVN 081016
CLIDBQ


CLIMATE REPORT
NATIONAL WEATHER SERVICE QUAD CITIES IA IL
416 AM CST MON FEB 8 2016


...................................

...THE DUBUQUE IA CLIMATE SUMMARY FOR FEBRUARY 7 2016...

CLIMATE NORMAL PERIOD 1981 TO 2010
CLIMATE RECORD PERIOD 1873 TO 2016


WEATHER ITEM   OBSERVED TIME   RECORD YEAR NORMAL DEPARTURE LAST
                VALUE   (LST)  VALUE       VALUE  FROM      YEAR
                                                  NORMAL
..................................................................
TEMPERATURE (F)
 YESTERDAY
  MAXIMUM         38    326 PM  51    1882  29      9       40
  MINIMUM         31   1159 PM -26    1875  13     18       19
  AVERAGE         35                        21     14       30

PRECIPITATION (IN)
  YESTERDAY        0.00          0.42 1881   0.04  -0.04     0.00
  MONTH TO DATE    0.32                      0.30   0.02     1.09
  SINCE DEC 1      4.97                      3.31   1.66     2.95
  SINCE JAN 1      0.78                      1.47  -0.69     2.02

SNOWFALL (IN)
  YESTERDAY        0.0          MM      MM   0.3   -0.3      0.0
  MONTH TO DATE    3.2                       2.5    0.7     10.6
  SINCE DEC 1     15.3                      24.3   -9.0     21.3
  SINCE JUL 1     27.1                      27.1    0.0     24.8
  SNOW DEPTH       3

DEGREE DAYS
 HEATING
  YESTERDAY       30                        44    -14       35
  MONTH TO DATE  265                       311    -46      368
  SINCE DEC 1   2443                      3048   -605     2914
  SINCE JUL 1   3650                      4548   -898     4696

 COOLING
  YESTERDAY        0                         0      0        0
  MONTH TO DATE    0                         0      0        0
  SINCE DEC 1      0                         0      0        0
  SINCE JAN 1      0                         0      0        0
..................................................................


WIND (MPH)
  HIGHEST WIND SPEED    26   HIGHEST WIND DIRECTION    NW (300)
  HIGHEST GUST SPEED    32   HIGHEST GUST DIRECTION    NW (310)
  AVERAGE WIND SPEED    16.8


SKY COVER
  POSSIBLE SUNSHINE  MM
  AVERAGE SKY COVER 0.3


WEATHER CONDITIONS
 THE FOLLOWING WEATHER WAS RECORDED YESTERDAY.
  FOG


RELATIVE HUMIDITY (PERCENT)
 HIGHEST    89          1200 AM
 LOWEST     64           100 PM
 AVERAGE    77

..........................................................


THE DUBUQUE IA CLIMATE NORMALS FOR TODAY
                         NORMAL    RECORD    YEAR
 MAXIMUM TEMPERATURE (F)   30        55      1925
 MINIMUM TEMPERATURE (F)   14       -21      1899


SUNRISE AND SUNSET
FEBRUARY  8 2016......SUNRISE   709 AM CST   SUNSET   525 PM CST
FEBRUARY  9 2016......SUNRISE   708 AM CST   SUNSET   527 PM CST


-  INDICATES NEGATIVE NUMBERS.
R  INDICATES RECORD WAS SET OR TIED.
MM INDICATES DATA IS MISSING.
T  INDICATES TRACE AMOUNT.




$$
