406
CDUS43 KDVN 270909
CLIDBQ


CLIMATE REPORT
NATIONAL WEATHER SERVICE QUAD CITIES IA IL
409 AM CDT SAT MAY 27 2017


...................................

...THE DUBUQUE IA CLIMATE SUMMARY FOR MAY 26 2017...

CLIMATE NORMAL PERIOD 1981 TO 2010
CLIMATE RECORD PERIOD 1873 TO 2017


WEATHER ITEM   OBSERVED TIME   RECORD YEAR NORMAL DEPARTURE LAST
                VALUE   (LST)  VALUE       VALUE  FROM      YEAR
                                                  NORMAL
..................................................................
TEMPERATURE (F)
 YESTERDAY
  MAXIMUM         66    418 PM  91    1914  72     -6       83
  MINIMUM         54    233 AM  33    1961  52      2       61
  AVERAGE         60                        62     -2       72

PRECIPITATION (IN)
  YESTERDAY        0.38          2.25 1965   0.14   0.24     0.03
  MONTH TO DATE    2.62                      3.50  -0.88     3.14
  SINCE MAR 1      9.75                      9.57   0.18     8.68
  SINCE JAN 1     13.56                     12.18   1.38     9.76

SNOWFALL (IN)
  YESTERDAY        0.0          MM      MM   0.0    0.0      0.0
  MONTH TO DATE    0.0                       0.1   -0.1      0.0
  SINCE MAR 1      4.6                       8.4   -3.8      3.3
  SINCE JUL 1     27.2                      42.0  -14.8     34.8
  SNOW DEPTH       0

DEGREE DAYS
 HEATING
  YESTERDAY        5                         5      0        0
  MONTH TO DATE  235                       205     30      229
  SINCE MAR 1   1553                      1633    -80     1490
  SINCE JUL 1   6034                      7026   -992     5967

 COOLING
  YESTERDAY        0                         2     -2        7
  MONTH TO DATE   19                        22     -3       24
  SINCE MAR 1     24                        27     -3       27
  SINCE JAN 1     24                        27     -3       27
..................................................................


WIND (MPH)
  HIGHEST WIND SPEED    14   HIGHEST WIND DIRECTION    SE (120)
  HIGHEST GUST SPEED    18   HIGHEST GUST DIRECTION    SE (130)
  AVERAGE WIND SPEED     6.0


SKY COVER
  POSSIBLE SUNSHINE  MM
  AVERAGE SKY COVER 0.4


WEATHER CONDITIONS
 THE FOLLOWING WEATHER WAS RECORDED YESTERDAY.
  HEAVY RAIN
  RAIN
  LIGHT RAIN
  FOG


RELATIVE HUMIDITY (PERCENT)
 HIGHEST    97           100 PM
 LOWEST     78           800 AM
 AVERAGE    88

..........................................................


THE DUBUQUE IA CLIMATE NORMALS FOR TODAY
                         NORMAL    RECORD    YEAR
 MAXIMUM TEMPERATURE (F)   73        94      1874
 MINIMUM TEMPERATURE (F)   52        35      1961


SUNRISE AND SUNSET
MAY 27 2017...........SUNRISE   531 AM CDT   SUNSET   829 PM CDT
MAY 28 2017...........SUNRISE   530 AM CDT   SUNSET   830 PM CDT


-  INDICATES NEGATIVE NUMBERS.
R  INDICATES RECORD WAS SET OR TIED.
MM INDICATES DATA IS MISSING.
T  INDICATES TRACE AMOUNT.




$$
