000
CDUS41 KLWX 270526
CLIDCA


CLIMATE REPORT
NATIONAL WEATHER SERVICE BALTIMORE MD/WASHINGTON DC
126 AM EDT WED JUL 27 2016


...................................

...THE WASHINGTON NATIONAL DC CLIMATE SUMMARY FOR JULY 26 2016...

CLIMATE NORMAL PERIOD 1981 TO 2010
CLIMATE RECORD PERIOD 1871 TO 2016


WEATHER ITEM   OBSERVED TIME   RECORD YEAR NORMAL DEPARTURE LAST
                VALUE   (LST)  VALUE       VALUE  FROM      YEAR
                                                  NORMAL
..................................................................
TEMPERATURE (F)
 YESTERDAY
  MAXIMUM         98    142 PM 103    1930  88     10       91
  MINIMUM         80    551 AM  54    1920  71      9       74
  AVERAGE         89                        80      9       83

PRECIPITATION (IN)
  YESTERDAY        0.00          3.25 1886   0.12  -0.12     0.00
  MONTH TO DATE    2.43                      3.15  -0.72     3.54
  SINCE JUN 1      6.11                      6.93  -0.82    15.48
  SINCE JAN 1     21.44                     22.89  -1.45    30.26

SNOWFALL (IN)
  YESTERDAY        0.0          MM      MM   0.0    0.0
  MONTH TO DATE    0.0                       0.0    0.0
  SINCE JUL 1      0.0                       0.0    0.0
  SNOW DEPTH       0

DEGREE DAYS
 HEATING
  YESTERDAY        0                         0      0        0
  MONTH TO DATE    0                         0      0        0
  SINCE JUN 1      0                         6     -6        6
  SINCE JUL 1      0                         0      0        0

 COOLING
  YESTERDAY       24                        15      9       18
  MONTH TO DATE  457                       385     72      424
  SINCE JUN 1    802                       699    103      831
  SINCE JAN 1    930                       833     97     1129
..................................................................


WIND (MPH)
  HIGHEST WIND SPEED    17   HIGHEST WIND DIRECTION    NW (310)
  HIGHEST GUST SPEED    28   HIGHEST GUST DIRECTION    NW (320)
  AVERAGE WIND SPEED     6.4


SKY COVER
  POSSIBLE SUNSHINE  MM
  AVERAGE SKY COVER 0.8


WEATHER CONDITIONS
 THE FOLLOWING WEATHER WAS RECORDED YESTERDAY.
  NO SIGNIFICANT WEATHER WAS OBSERVED.


RELATIVE HUMIDITY (PERCENT)
 HIGHEST    79           100 AM
 LOWEST     36           500 PM
 AVERAGE    58

..........................................................


THE WASHINGTON NATIONAL DC CLIMATE NORMALS FOR TODAY
                         NORMAL    RECORD    YEAR
 MAXIMUM TEMPERATURE (F)   88       100      1940
 MINIMUM TEMPERATURE (F)   71        55      1920


SUNRISE AND SUNSET
JULY 27 2016..........SUNRISE   605 AM EDT   SUNSET   823 PM EDT
JULY 28 2016..........SUNRISE   606 AM EDT   SUNSET   823 PM EDT


-  INDICATES NEGATIVE NUMBERS.
R  INDICATES RECORD WAS SET OR TIED.
MM INDICATES DATA IS MISSING.
T  INDICATES TRACE AMOUNT.




$$
