152
CDUS41 KLWX 260524
CLIDCA


CLIMATE REPORT
NATIONAL WEATHER SERVICE BALTIMORE MD/WASHINGTON DC
124 AM EDT THU MAY 26 2016


...................................

...THE WASHINGTON NATIONAL DC CLIMATE SUMMARY FOR MAY 25 2016...

CLIMATE NORMAL PERIOD 1981 TO 2010
CLIMATE RECORD PERIOD 1871 TO 2016


WEATHER ITEM   OBSERVED TIME   RECORD YEAR NORMAL DEPARTURE LAST
                VALUE   (LST)  VALUE       VALUE  FROM      YEAR
                                                  NORMAL
..................................................................
TEMPERATURE (F)
 YESTERDAY
  MAXIMUM         86    354 PM  94    1880  78      8       85
  MINIMUM         60    519 AM  42    1877  59      1       67
  AVERAGE         73                        69      4       76

PRECIPITATION (IN)
  YESTERDAY        0.00          2.17 1997   0.14  -0.14     0.00
  MONTH TO DATE    5.22                      3.21   2.01     1.91
  SINCE MAR 1      8.43                      9.75  -1.32     9.36
  SINCE JAN 1     14.90                     15.18  -0.28    14.77

SNOWFALL (IN)
  YESTERDAY        0.0          MM      MM   0.0    0.0
  MONTH TO DATE    T                         0.0    0.0
  SINCE JUL 1     22.2                      15.4    6.8
  SNOW DEPTH       0

DEGREE DAYS
 HEATING
  YESTERDAY        0                         1     -1        0
  MONTH TO DATE  119                        73     46       16
  SINCE MAR 1    739                       911   -172      800
  SINCE JUL 1   3340                      4019   -679     3924

 COOLING
  YESTERDAY        8                         5      3       11
  MONTH TO DATE   20                        73    -53      178
  SINCE MAR 1     56                        99    -43      198
  SINCE JAN 1     56                        99    -43      198
..................................................................


WIND (MPH)
  HIGHEST WIND SPEED    15   HIGHEST WIND DIRECTION    SW (210)
  HIGHEST GUST SPEED    20   HIGHEST GUST DIRECTION     W (250)
  AVERAGE WIND SPEED     4.9


SKY COVER
  POSSIBLE SUNSHINE  MM
  AVERAGE SKY COVER 0.5


WEATHER CONDITIONS
 THE FOLLOWING WEATHER WAS RECORDED YESTERDAY.
  NO SIGNIFICANT WEATHER WAS OBSERVED.


RELATIVE HUMIDITY (PERCENT)
 HIGHEST    90           300 AM
 LOWEST     30           400 PM
 AVERAGE    60

..........................................................


THE WASHINGTON NATIONAL DC CLIMATE NORMALS FOR TODAY
                         NORMAL    RECORD    YEAR
 MAXIMUM TEMPERATURE (F)   78        96      1880
 MINIMUM TEMPERATURE (F)   60        42      1899


SUNRISE AND SUNSET
MAY 26 2016...........SUNRISE   547 AM EDT   SUNSET   823 PM EDT
MAY 27 2016...........SUNRISE   547 AM EDT   SUNSET   824 PM EDT


-  INDICATES NEGATIVE NUMBERS.
R  INDICATES RECORD WAS SET OR TIED.
MM INDICATES DATA IS MISSING.
T  INDICATES TRACE AMOUNT.




$$
