000
CDUS41 KALY 200622
CLIDDH


CLIMATE REPORT
NATIONAL WEATHER SERVICE ALBANY NY
222 AM EDT FRI OCT 20 2017


...................................

...THE BENNINGTON VT CLIMATE SUMMARY FOR OCTOBER 19 2017...

CLIMATE NORMAL PERIOD 1981 TO 2010
CLIMATE RECORD PERIOD 9999 TO 9999


WEATHER ITEM   OBSERVED TIME   NORMAL DEPARTURE LAST
                VALUE   (LST)  VALUE  FROM      YEAR
                                      NORMAL
......................................................
TEMPERATURE (F)
 YESTERDAY
  MAXIMUM         73    217 PM  58     15       74
  MINIMUM         38    626 AM  35      3       45
  AVERAGE         56            46     10       60

PRECIPITATION (IN)
  YESTERDAY        0.00          0.12  -0.12     0.03
  MONTH TO DATE    0.74          2.37  -1.63     0.71
  SINCE SEP 1      4.24          5.94  -1.70     3.74
  SINCE JAN 1     36.59         33.48   3.11    25.05

DEGREE DAYS
 HEATING
  YESTERDAY        9            19    -10        5
  MONTH TO DATE  175           296   -121      201
  SINCE SEP 1    311           502   -191      324
  SINCE JUL 1    378           574   -196      346

 COOLING
  YESTERDAY        0             0      0        0
  MONTH TO DATE    8             0      8        4
  SINCE SEP 1     84            23     61       49
  SINCE JAN 1    391           311     80      488
......................................................


WIND (MPH)
  HIGHEST WIND SPEED    17   HIGHEST WIND DIRECTION    SW (210)
  HIGHEST GUST SPEED    21   HIGHEST GUST DIRECTION    SW (210)
  AVERAGE WIND SPEED     5.4


SKY COVER
  AVERAGE SKY COVER 0.0



RELATIVE HUMIDITY (PERCENT)
 HIGHEST   100           600 AM
 LOWEST     31          1200 PM
 AVERAGE    66

..........................................................


THE BENNINGTON VT CLIMATE NORMALS FOR TODAY
                         NORMAL
 MAXIMUM TEMPERATURE (F)   57
 MINIMUM TEMPERATURE (F)   35


SUNRISE AND SUNSET
OCTOBER 20 2017.......SUNRISE   713 AM EDT   SUNSET   602 PM EDT
OCTOBER 21 2017.......SUNRISE   714 AM EDT   SUNSET   601 PM EDT


-  INDICATES NEGATIVE NUMBERS.
R  INDICATES RECORD WAS SET OR TIED.
MM INDICATES DATA IS MISSING.
T  INDICATES TRACE AMOUNT.




$$
