000
CDUS41 KALY 242052
CLIDDH


CLIMATE REPORT
NATIONAL WEATHER SERVICE ALBANY NY
452 PM EDT WED MAY 24 2017


...................................

...THE BENNINGTON VT CLIMATE SUMMARY FOR MAY 24 2017...
VALID TODAY AS OF 0400 PM LOCAL TIME.

CLIMATE NORMAL PERIOD 1981 TO 2010
CLIMATE RECORD PERIOD 9999 TO 9999


WEATHER ITEM   OBSERVED TIME   NORMAL DEPARTURE LAST
                VALUE   (LST)  VALUE  FROM      YEAR
                                      NORMAL
......................................................
TEMPERATURE (F)
 TODAY
  MAXIMUM         74    250 PM  69      5       66
  MINIMUM         48    323 AM  46      2       51
  AVERAGE         61            57      4       59

PRECIPITATION (IN)
  TODAY            0.00          0.14  -0.14     0.58
  MONTH TO DATE    5.31          2.67   2.64     2.86
  SINCE MAR 1     10.79          9.09   1.70     7.95
  SINCE JAN 1     14.42         14.08   0.34    12.99

DEGREE DAYS
 HEATING
  TODAY            4             8     -4        6
  MONTH TO DATE  277           266     11      294
  SINCE MAR 1   1821          1838    -17     1702
  SINCE JUL 1   6356          7089   -733     6035

 COOLING
  TODAY            0             0      0        0
  MONTH TO DATE   12             0     12        0
  SINCE MAR 1     15             3     12        1
  SINCE JAN 1     15             3     12        1
......................................................


WIND (MPH)
  HIGHEST WIND SPEED    16   HIGHEST WIND DIRECTION     S (170)
  HIGHEST GUST SPEED    22   HIGHEST GUST DIRECTION     S (170)
  AVERAGE WIND SPEED     2.2


SKY COVER
  AVERAGE SKY COVER 0.2



RELATIVE HUMIDITY (PERCENT)
 HIGHEST    93
 LOWEST     41
 AVERAGE    67

..........................................................


THE BENNINGTON VT CLIMATE NORMALS FOR TOMORROW
                         NORMAL
 MAXIMUM TEMPERATURE (F)   69
 MINIMUM TEMPERATURE (F)   46


SUNRISE AND SUNSET
MAY 24 2017...........SUNRISE   522 AM EDT   SUNSET   818 PM EDT
MAY 25 2017...........SUNRISE   521 AM EDT   SUNSET   819 PM EDT


-  INDICATES NEGATIVE NUMBERS.
R  INDICATES RECORD WAS SET OR TIED.
MM INDICATES DATA IS MISSING.
T  INDICATES TRACE AMOUNT.




$$
