000
CDUS41 KALY 250627
CLIDDH


CLIMATE REPORT
NATIONAL WEATHER SERVICE ALBANY NY
227 AM EDT SUN SEP 25 2016


...................................

...THE BENNINGTON VT CLIMATE SUMMARY FOR SEPTEMBER 24 2016...

CLIMATE NORMAL PERIOD 1981 TO 2010
CLIMATE RECORD PERIOD 9999 TO 9999


WEATHER ITEM   OBSERVED TIME   NORMAL DEPARTURE LAST
                VALUE   (LST)  VALUE  FROM      YEAR
                                      NORMAL
......................................................
TEMPERATURE (F)
 YESTERDAY
  MAXIMUM         64    319 PM  67     -3       76
  MINIMUM         38   1147 PM  44     -6       42
  AVERAGE         51            56     -5       59

PRECIPITATION (IN)
  YESTERDAY        0.00          0.14  -0.14     0.00
  MONTH TO DATE    2.47          2.76  -0.29     3.58
  SINCE SEP 1      2.47          2.76  -0.29     3.58
  SINCE JAN 1     23.78         30.30  -6.52    17.81

DEGREE DAYS
 HEATING
  YESTERDAY       14            10      4        6
  MONTH TO DATE   64           140    -76       56
  SINCE SEP 1     64           140    -76       56
  SINCE JUL 1     86           212   -126       95

 COOLING
  YESTERDAY        0             0      0        0
  MONTH TO DATE   45            22     23       70
  SINCE SEP 1     45            22     23       70
  SINCE JAN 1    484           310    174      438
......................................................


WIND (MPH)
  HIGHEST WIND SPEED    14   HIGHEST WIND DIRECTION     N (350)
  HIGHEST GUST SPEED    20   HIGHEST GUST DIRECTION     N (360)
  AVERAGE WIND SPEED     3.1


SKY COVER
  AVERAGE SKY COVER 0.3



RELATIVE HUMIDITY (PERCENT)
 HIGHEST   100           500 AM
 LOWEST     40           300 PM
 AVERAGE    70

..........................................................


THE BENNINGTON VT CLIMATE NORMALS FOR TODAY
                         NORMAL
 MAXIMUM TEMPERATURE (F)   67
 MINIMUM TEMPERATURE (F)   44


SUNRISE AND SUNSET
SEPTEMBER 25 2016.....SUNRISE   644 AM EDT   SUNSET   644 PM EDT
SEPTEMBER 26 2016.....SUNRISE   645 AM EDT   SUNSET   642 PM EDT


-  INDICATES NEGATIVE NUMBERS.
R  INDICATES RECORD WAS SET OR TIED.
MM INDICATES DATA IS MISSING.
T  INDICATES TRACE AMOUNT.




$$
