000
CDUS43 KILX 290640
CLIDEC


CLIMATE REPORT
NATIONAL WEATHER SERVICE LINCOLN IL
140 AM CDT THU SEP 29 2016


...................................

...THE DECATUR IL AIRPORT CLIMATE SUMMARY FOR SEPTEMBER 28 2016...

CLIMATE NORMAL PERIOD 1981 TO 2010
CLIMATE RECORD PERIOD 9999 TO 9999


WEATHER ITEM   OBSERVED TIME   RECORD YEAR NORMAL DEPARTURE LAST
                VALUE   (LST)  VALUE       VALUE  FROM      YEAR
                                                  NORMAL
..................................................................
TEMPERATURE (F)
 YESTERDAY
  MAXIMUM         64    303 PM  MM      MM  74    -10       81
  MINIMUM         55    652 AM  MM      MM  49      6       59
  AVERAGE         60                        61     -1       70

PRECIPITATION (IN)
  YESTERDAY        T            MM      MM   0.08  -0.08     0.00
  MONTH TO DATE    2.41                      2.75  -0.34     2.14
  SINCE SEP 1      2.41                      2.75  -0.34     2.14
  SINCE JAN 1     25.33                     29.06  -3.73    25.05

DEGREE DAYS
 HEATING
  YESTERDAY        5                         6     -1        0
  MONTH TO DATE    5                        55    -50       19
  SINCE SEP 1      5                        55    -50       19
  SINCE JUL 1     10                        61    -51       21

 COOLING
  YESTERDAY        0                         2     -2        5
  MONTH TO DATE  229                       107    122      206
  SINCE SEP 1    229                       107    122      206
  SINCE JAN 1   1364                      1025    339     1165
..................................................................


WIND (MPH)
  HIGHEST WIND SPEED    23   HIGHEST WIND DIRECTION     N (350)
  HIGHEST GUST SPEED    29   HIGHEST GUST DIRECTION    NW (320)
  AVERAGE WIND SPEED    13.4


SKY COVER
  POSSIBLE SUNSHINE  MM
  AVERAGE SKY COVER 0.8


WEATHER CONDITIONS
 THE FOLLOWING WEATHER WAS RECORDED YESTERDAY.
  LIGHT RAIN


RELATIVE HUMIDITY (PERCENT)
 HIGHEST    77           700 AM
 LOWEST     52           200 PM
 AVERAGE    65

..........................................................


THE DECATUR IL AIRPORT CLIMATE NORMALS FOR TODAY
                         NORMAL    RECORD    YEAR
 MAXIMUM TEMPERATURE (F)   73        MM        MM
 MINIMUM TEMPERATURE (F)   48        MM        MM


SUNRISE AND SUNSET
SEPTEMBER 29 2016.....SUNRISE   650 AM CDT   SUNSET   640 PM CDT
SEPTEMBER 30 2016.....SUNRISE   651 AM CDT   SUNSET   639 PM CDT


-  INDICATES NEGATIVE NUMBERS.
R  INDICATES RECORD WAS SET OR TIED.
MM INDICATES DATA IS MISSING.
T  INDICATES TRACE AMOUNT.




$$
