000
CDUS43 KILX 232232
CLIDEC


CLIMATE REPORT
NATIONAL WEATHER SERVICE LINCOLN IL
432 PM CST TUE JAN 23 2018


...................................

...THE DECATUR IL AIRPORT CLIMATE SUMMARY FOR JANUARY 23 2018...
VALID TODAY AS OF 0400 PM LOCAL TIME.

CLIMATE NORMAL PERIOD 1981 TO 2010
CLIMATE RECORD PERIOD 9999 TO 9999


WEATHER ITEM   OBSERVED TIME   RECORD YEAR NORMAL DEPARTURE LAST
                VALUE   (LST)  VALUE       VALUE  FROM      YEAR
                                                  NORMAL
..................................................................
TEMPERATURE (F)
 TODAY
  MAXIMUM         39   1200 AM  MM      MM  35      4       42
  MINIMUM         32    359 PM  MM      MM  19     13       38
  AVERAGE         36                        27      9       40

PRECIPITATION (IN)
  TODAY            0.05         MM      MM   0.04   0.01     0.00
  MONTH TO DATE    1.03                      1.39  -0.36     1.65
  SINCE DEC 1      1.15                      3.93  -2.78     2.34
  SINCE JAN 1      1.03                      1.39  -0.36     1.65

DEGREE DAYS
 HEATING
  TODAY           29                        38     -9       25
  MONTH TO DATE 1005                       869    136      742
  SINCE DEC 1   2085                      1927    158     1776
  SINCE JUL 1   3027                      3008     19     2472

 COOLING
  TODAY            0                         0      0        0
  MONTH TO DATE    0                         0      0        0
  SINCE DEC 1      0                         0      0        0
  SINCE JAN 1      0                         0      0        0
..................................................................


WIND (MPH)
  HIGHEST WIND SPEED    22   HIGHEST WIND DIRECTION     W (290)
  HIGHEST GUST SPEED    30   HIGHEST GUST DIRECTION     W (280)
  AVERAGE WIND SPEED    14.9


SKY COVER
  POSSIBLE SUNSHINE  MM
  AVERAGE SKY COVER 0.9


WEATHER CONDITIONS
 THE FOLLOWING WEATHER WAS RECORDED TODAY.
  LIGHT SNOW
  FOG


RELATIVE HUMIDITY (PERCENT)
 HIGHEST   100           200 AM
 LOWEST     85           100 PM
 AVERAGE    93

..........................................................


THE DECATUR IL AIRPORT CLIMATE NORMALS FOR TOMORROW
                         NORMAL    RECORD    YEAR
 MAXIMUM TEMPERATURE (F)   35        MM        MM
 MINIMUM TEMPERATURE (F)   19        MM        MM


SUNRISE AND SUNSET
JANUARY 23 2018.......SUNRISE   711 AM CST   SUNSET   504 PM CST
JANUARY 24 2018.......SUNRISE   710 AM CST   SUNSET   505 PM CST


-  INDICATES NEGATIVE NUMBERS.
R  INDICATES RECORD WAS SET OR TIED.
MM INDICATES DATA IS MISSING.
T  INDICATES TRACE AMOUNT.




$$
