000
CDUS43 KILX 242128
CLIDEC


CLIMATE REPORT
NATIONAL WEATHER SERVICE LINCOLN IL
427 PM CDT TUE MAY 24 2016


...................................

...THE DECATUR IL AIRPORT CLIMATE SUMMARY FOR MAY 24 2016...
VALID TODAY AS OF 0400 PM LOCAL TIME.

CLIMATE NORMAL PERIOD 1981 TO 2010
CLIMATE RECORD PERIOD 9999 TO 9999


WEATHER ITEM   OBSERVED TIME   RECORD YEAR NORMAL DEPARTURE LAST
                VALUE   (LST)  VALUE       VALUE  FROM      YEAR
                                                  NORMAL
..................................................................
TEMPERATURE (F)
 TODAY
  MAXIMUM         83    259 PM  MM      MM  76      7       85
  MINIMUM         60    502 AM  MM      MM  54      6       64
  AVERAGE         72                        65      7       75

PRECIPITATION (IN)
  TODAY            0.00         MM      MM   0.14  -0.14     0.10
  MONTH TO DATE    2.23                      3.52  -1.29     3.99
  SINCE MAR 1      8.75                      9.96  -1.21     7.62
  SINCE JAN 1      9.94                     13.68  -3.74     8.87

DEGREE DAYS
 HEATING
  TODAY            0                         3     -3        0
  MONTH TO DATE  138                       123     15       79
  SINCE MAR 1    993                      1229   -236     1169
  SINCE JUL 1   4485                      5486  -1001     5815

 COOLING
  TODAY            7                         3      4       10
  MONTH TO DATE   19                        45    -26      104
  SINCE MAR 1     26                        59    -33      107
  SINCE JAN 1     26                        59    -33      107
..................................................................


WIND (MPH)
  HIGHEST WIND SPEED    22   HIGHEST WIND DIRECTION    SW (210)
  HIGHEST GUST SPEED    28   HIGHEST GUST DIRECTION    SW (210)
  AVERAGE WIND SPEED    10.9


SKY COVER
  POSSIBLE SUNSHINE  MM
  AVERAGE SKY COVER 0.0


WEATHER CONDITIONS
 THE FOLLOWING WEATHER WAS RECORDED TODAY.
  NO SIGNIFICANT WEATHER WAS OBSERVED.


RELATIVE HUMIDITY (PERCENT)
 HIGHEST    69           400 AM
 LOWEST     37          1200 PM
 AVERAGE    53

..........................................................


THE DECATUR IL AIRPORT CLIMATE NORMALS FOR TOMORROW
                         NORMAL    RECORD    YEAR
 MAXIMUM TEMPERATURE (F)   77        MM        MM
 MINIMUM TEMPERATURE (F)   54        MM        MM


SUNRISE AND SUNSET
MAY 24 2016...........SUNRISE   533 AM CDT   SUNSET   812 PM CDT
MAY 25 2016...........SUNRISE   533 AM CDT   SUNSET   813 PM CDT


-  INDICATES NEGATIVE NUMBERS.
R  INDICATES RECORD WAS SET OR TIED.
MM INDICATES DATA IS MISSING.
T  INDICATES TRACE AMOUNT.




$$
