000
CDUS43 KILX 200649
CLIDEC


CLIMATE REPORT
NATIONAL WEATHER SERVICE LINCOLN IL
1249 AM CST MON NOV 20 2017


...................................

...THE DECATUR IL AIRPORT CLIMATE SUMMARY FOR NOVEMBER 19 2017...

CLIMATE NORMAL PERIOD 1981 TO 2010
CLIMATE RECORD PERIOD 9999 TO 9999


WEATHER ITEM   OBSERVED TIME   RECORD YEAR NORMAL DEPARTURE LAST
                VALUE   (LST)  VALUE       VALUE  FROM      YEAR
                                                  NORMAL
..................................................................
TEMPERATURE (F)
 YESTERDAY
  MAXIMUM         37    222 PM  MM      MM  50    -13       41
  MINIMUM         26    724 AM  MM      MM  33     -7       30
  AVERAGE         32                        41     -9       36

PRECIPITATION (IN)
  YESTERDAY        0.00         MM      MM   0.12  -0.12     0.00
  MONTH TO DATE    0.42                      2.15  -1.73     1.38
  SINCE SEP 1      6.20                      8.32  -2.12     6.46
  SINCE JAN 1     32.37                     34.63  -2.26    29.38

DEGREE DAYS
 HEATING
  YESTERDAY       33                        24      9       29
  MONTH TO DATE  411                       372     39      248
  SINCE SEP 1    707                       784    -77      429
  SINCE JUL 1    708                       790    -82      434

 COOLING
  YESTERDAY        0                         0      0        0
  MONTH TO DATE    0                         0      0       13
  SINCE SEP 1    214                       130     84      299
  SINCE JAN 1   1120                      1048     72     1434
..................................................................


WIND (MPH)
  HIGHEST WIND SPEED    23   HIGHEST WIND DIRECTION    NW (310)
  HIGHEST GUST SPEED    30   HIGHEST GUST DIRECTION    NW (320)
  AVERAGE WIND SPEED    11.5


SKY COVER
  POSSIBLE SUNSHINE  MM
  AVERAGE SKY COVER 0.3


WEATHER CONDITIONS
 THE FOLLOWING WEATHER WAS RECORDED YESTERDAY.
  HAZE


RELATIVE HUMIDITY (PERCENT)
 HIGHEST    84           900 PM
 LOWEST     47           200 PM
 AVERAGE    66

..........................................................


THE DECATUR IL AIRPORT CLIMATE NORMALS FOR TODAY
                         NORMAL    RECORD    YEAR
 MAXIMUM TEMPERATURE (F)   49        MM        MM
 MINIMUM TEMPERATURE (F)   32        MM        MM


SUNRISE AND SUNSET
NOVEMBER 20 2017......SUNRISE   646 AM CST   SUNSET   436 PM CST
NOVEMBER 21 2017......SUNRISE   647 AM CST   SUNSET   435 PM CST


-  INDICATES NEGATIVE NUMBERS.
R  INDICATES RECORD WAS SET OR TIED.
MM INDICATES DATA IS MISSING.
T  INDICATES TRACE AMOUNT.




$$
