000
CDUS43 KILX 292149
CLIDEC


CLIMATE REPORT
NATIONAL WEATHER SERVICE LINCOLN IL
448 PM CDT MON MAY 29 2017


...................................

...THE DECATUR IL AIRPORT CLIMATE SUMMARY FOR MAY 29 2017...
VALID TODAY AS OF 0400 PM LOCAL TIME.

CLIMATE NORMAL PERIOD 1981 TO 2010
CLIMATE RECORD PERIOD 9999 TO 9999


WEATHER ITEM   OBSERVED TIME   RECORD YEAR NORMAL DEPARTURE LAST
                VALUE   (LST)  VALUE       VALUE  FROM      YEAR
                                                  NORMAL
..................................................................
TEMPERATURE (F)
 TODAY
  MAXIMUM         82    146 PM  MM      MM  78      4       85
  MINIMUM         59   1231 AM  MM      MM  56      3       65
  AVERAGE         71                        67      4       75

PRECIPITATION (IN)
  TODAY            0.00         MM      MM   0.10  -0.10     0.00
  MONTH TO DATE    8.49                      4.07   4.42     3.04
  SINCE MAR 1     16.77                     10.51   6.26     9.56
  SINCE JAN 1     18.87                     14.23   4.64    10.75

DEGREE DAYS
 HEATING
  TODAY            0                         2     -2        0
  MONTH TO DATE  148                       137     11      138
  SINCE MAR 1   1052                      1243   -191      993
  SINCE JUL 1   4411                      5500  -1089     4485

 COOLING
  TODAY            6                         4      2       10
  MONTH TO DATE   70                        65      5       65
  SINCE MAR 1     93                        79     14       72
  SINCE JAN 1     93                        79     14       72
..................................................................


WIND (MPH)
  HIGHEST WIND SPEED    18   HIGHEST WIND DIRECTION     W (260)
  HIGHEST GUST SPEED    26   HIGHEST GUST DIRECTION     W (270)
  AVERAGE WIND SPEED     9.6


SKY COVER
  POSSIBLE SUNSHINE  MM
  AVERAGE SKY COVER 0.1


WEATHER CONDITIONS
 THE FOLLOWING WEATHER WAS RECORDED TODAY.
  NO SIGNIFICANT WEATHER WAS OBSERVED.


RELATIVE HUMIDITY (PERCENT)
 HIGHEST    78          1200 AM
 LOWEST     32          1100 AM
 AVERAGE    55

..........................................................


THE DECATUR IL AIRPORT CLIMATE NORMALS FOR TOMORROW
                         NORMAL    RECORD    YEAR
 MAXIMUM TEMPERATURE (F)   78        MM        MM
 MINIMUM TEMPERATURE (F)   56        MM        MM


SUNRISE AND SUNSET
MAY 29 2017...........SUNRISE   530 AM CDT   SUNSET   816 PM CDT
MAY 30 2017...........SUNRISE   530 AM CDT   SUNSET   816 PM CDT


-  INDICATES NEGATIVE NUMBERS.
R  INDICATES RECORD WAS SET OR TIED.
MM INDICATES DATA IS MISSING.
T  INDICATES TRACE AMOUNT.




$$
