000
CDUS43 KILX 170634
CLIDEC


CLIMATE REPORT
NATIONAL WEATHER SERVICE LINCOLN IL
130 AM CDT THU APR 17 2014


...................................

...THE DECATUR IL AIRPORT CLIMATE SUMMARY FOR APRIL 16 2014...

CLIMATE NORMAL PERIOD 1981 TO 2010
CLIMATE RECORD PERIOD 9999 TO 9999


WEATHER ITEM   OBSERVED TIME   RECORD YEAR NORMAL DEPARTURE LAST
                VALUE   (LST)  VALUE       VALUE  FROM      YEAR
                                                  NORMAL
..................................................................
TEMPERATURE (F)
 YESTERDAY
  MAXIMUM         54    423 PM  MM      MM  64    -10       50
  MINIMUM         30    213 AM  MM      MM  42    -12       44
  AVERAGE         42                        53    -11       47

PRECIPITATION (IN)
  YESTERDAY        0.00         MM      MM   0.11  -0.11     1.36
  MONTH TO DATE    2.84                      1.73   1.11     3.26
  SINCE MAR 1      4.33                      4.37  -0.04     3.70
  SINCE JAN 1      5.45                      8.09  -2.64     8.34

DEGREE DAYS
 HEATING
  YESTERDAY       23                        12     11       18
  MONTH TO DATE  226                       242    -16      222
  SINCE MAR 1   1112                       969    143     1129
  SINCE JUL 1   5924                      5226    698     5099

 COOLING
  YESTERDAY        0                         0      0        0
  MONTH TO DATE    1                         0      1        4
  SINCE MAR 1      1                         1      0        4
  SINCE JAN 1      1                         1      0        4
..................................................................


WIND (MPH)
  HIGHEST WIND SPEED    25   HIGHEST WIND DIRECTION     S (160)
  HIGHEST GUST SPEED    33   HIGHEST GUST DIRECTION    SE (140)
  AVERAGE WIND SPEED    14.6


SKY COVER
  POSSIBLE SUNSHINE  MM
  AVERAGE SKY COVER 0.0


WEATHER CONDITIONS
 THE FOLLOWING WEATHER WAS RECORDED YESTERDAY.
  NO SIGNIFICANT WEATHER WAS OBSERVED.


RELATIVE HUMIDITY (PERCENT)
 HIGHEST    78           500 AM
 LOWEST     35           200 PM
 AVERAGE    57

..........................................................


THE DECATUR IL AIRPORT CLIMATE NORMALS FOR TODAY
                         NORMAL    RECORD    YEAR
 MAXIMUM TEMPERATURE (F)   64        MM        MM
 MINIMUM TEMPERATURE (F)   42        MM        MM


SUNRISE AND SUNSET
APRIL 17 2014.........SUNRISE   615 AM CDT   SUNSET   736 PM CDT
APRIL 18 2014.........SUNRISE   613 AM CDT   SUNSET   737 PM CDT


-  INDICATES NEGATIVE NUMBERS.
R  INDICATES RECORD WAS SET OR TIED.
MM INDICATES DATA IS MISSING.
T  INDICATES TRACE AMOUNT.




$$
