000
CDUS45 KBOU 130813
CLIDEN


CLIMATE REPORT
NATIONAL WEATHER SERVICE DENVER/BOULDER CO
112 AM MST SAT FEB 13 2016


...................................

...THE DENVER CO CLIMATE SUMMARY FOR FEBRUARY 12 2016...

CLIMATE NORMAL PERIOD 1981 TO 2010
CLIMATE RECORD PERIOD 1872 TO 2016


WEATHER ITEM   OBSERVED TIME   RECORD YEAR NORMAL DEPARTURE LAST
                VALUE   (LST)  VALUE       VALUE  FROM      YEAR
                                                  NORMAL
..................................................................
TEMPERATURE (F)
 YESTERDAY
  MAXIMUM         52    140 PM  72    1954  45      7       62
  MINIMUM         27   1157 PM -21    1905  18      9       28
  AVERAGE         40                        32      8       45

PRECIPITATION (IN)
  YESTERDAY        0.00          0.46 1950   0.01  -0.01     0.00
  MONTH TO DATE    0.48                      0.15   0.33     0.17
  SINCE DEC 1      1.69                      0.91   0.78     1.14
  SINCE JAN 1      0.98                      0.56   0.42     0.55

SNOWFALL (IN)
  YESTERDAY        0.0
  MONTH TO DATE   11.6
  SINCE DEC 1     27.5
  SINCE JUL 1     38.8
  SNOW DEPTH       0


DEGREE DAYS
 HEATING
  YESTERDAY       25                        33     -8       20
  MONTH TO DATE  412                       406      6      253
  SINCE DEC 1   2530                      2555    -25     2248
  SINCE JUL 1   3620                      3937   -317     3502

 COOLING
  YESTERDAY        0                         0      0        0
  MONTH TO DATE    0                         0      0        0
  SINCE DEC 1      0                         0      0        0
  SINCE JAN 1      0                         0      0        0
..................................................................


WIND (MPH)
  HIGHEST WIND SPEED    16   HIGHEST WIND DIRECTION    SE (150)
  HIGHEST GUST SPEED    20   HIGHEST GUST DIRECTION    SE (150)
  AVERAGE WIND SPEED     7.3


SKY COVER **
  POSSIBLE SUNSHINE  MM
  AVERAGE SKY COVER 0.4


WEATHER CONDITIONS
 THE FOLLOWING WEATHER WAS RECORDED YESTERDAY.
  FOG
  FOG W/VISIBILITY <= 1/4 MILE


RELATIVE HUMIDITY (PERCENT)
 HIGHEST    89           800 PM
 LOWEST     42          1200 PM
 AVERAGE    66

..........................................................


THE DENVER CO CLIMATE NORMALS FOR TODAY
                         NORMAL    RECORD    YEAR
 MAXIMUM TEMPERATURE (F)   46        73      1954
 MINIMUM TEMPERATURE (F)   18       -14      1905


SUNRISE AND SUNSET
FEBRUARY 13 2016......SUNRISE   654 AM MST   SUNSET   531 PM MST
FEBRUARY 14 2016......SUNRISE   653 AM MST   SUNSET   533 PM MST


-  INDICATES NEGATIVE NUMBERS.
R  INDICATES RECORD WAS SET OR TIED.
MM INDICATES DATA IS MISSING.
T  INDICATES TRACE AMOUNT.

&&

** SUNSHINE DATA WILL NO LONGER BE AVAILABLE EFFECTIVE OCTOBER 1ST 2009.




$$
