000
CDUS45 KBOU 170812
CLIDEN


CLIMATE REPORT
NATIONAL WEATHER SERVICE DENVER/BOULDER CO
212 AM MDT TUE OCT 17 2017


...................................

...THE DENVER CO CLIMATE SUMMARY FOR OCTOBER 16 2017...

CLIMATE NORMAL PERIOD 1981 TO 2010
CLIMATE RECORD PERIOD 1872 TO 2017


WEATHER ITEM   OBSERVED TIME   RECORD YEAR NORMAL DEPARTURE LAST
                VALUE   (LST)  VALUE       VALUE  FROM      YEAR
                                                  NORMAL
..................................................................
TEMPERATURE (F)
 YESTERDAY
  MAXIMUM         78    241 PM  89    1991  65     13       86
  MINIMUM         39    101 AM  15    1969  37      2       46
  AVERAGE         59                        51      8       66

PRECIPITATION (IN)
  YESTERDAY        0.00          0.59 1928   0.03  -0.03     0.00
  MONTH TO DATE    0.94                      0.57   0.37     0.26
  SINCE SEP 1      2.20                      1.53   0.67     0.54
  SINCE JAN 1     11.17                     12.89  -1.72    10.55

SNOWFALL (IN)
  YESTERDAY        0.0
  MONTH TO DATE    2.8
  SINCE SEP 1      2.8
  SINCE JUL 1      2.8
  SNOW DEPTH       0


DEGREE DAYS
 HEATING
  YESTERDAY        6                        14     -8        0
  MONTH TO DATE  219                       183     36      117
  SINCE SEP 1    341                       308     33      181
  SINCE JUL 1    349                       324     25      196

 COOLING
  YESTERDAY        0                         0      0        1
  MONTH TO DATE    0                         1     -1       13
  SINCE SEP 1    131                        77     54      112
  SINCE JAN 1    880                       765    115      874
..................................................................


WIND (MPH)
  HIGHEST WIND SPEED    21   HIGHEST WIND DIRECTION     W (290)
  HIGHEST GUST SPEED    27   HIGHEST GUST DIRECTION     W (290)
  AVERAGE WIND SPEED    10.4


SKY COVER **
  POSSIBLE SUNSHINE  MM
  AVERAGE SKY COVER 0.4


WEATHER CONDITIONS
 THE FOLLOWING WEATHER WAS RECORDED YESTERDAY.
  NO SIGNIFICANT WEATHER WAS OBSERVED.


RELATIVE HUMIDITY (PERCENT)
 HIGHEST    55          1200 AM
 LOWEST      6           100 PM
 AVERAGE    31

..........................................................


THE DENVER CO CLIMATE NORMALS FOR TODAY
                         NORMAL    RECORD    YEAR
 MAXIMUM TEMPERATURE (F)   65        86      1926
 MINIMUM TEMPERATURE (F)   36        18      1969


SUNRISE AND SUNSET
OCTOBER 17 2017.......SUNRISE   712 AM MDT   SUNSET   616 PM MDT
OCTOBER 18 2017.......SUNRISE   713 AM MDT   SUNSET   615 PM MDT


-  INDICATES NEGATIVE NUMBERS.
R  INDICATES RECORD WAS SET OR TIED.
MM INDICATES DATA IS MISSING.
T  INDICATES TRACE AMOUNT.

&&

** SUNSHINE DATA WILL NO LONGER BE AVAILABLE EFFECTIVE OCTOBER 1ST 2009.




$$
