000
CDUS45 KBOU 301229
CLIDEN


CLIMATE REPORT
NATIONAL WEATHER SERVICE DENVER CO
628 AM MDT SAT MAY 30 2015


...................................

...THE DENVER CO CLIMATE SUMMARY FOR MAY 30 2015...
VALID AS OF 0600 AM LOCAL TIME.

CLIMATE NORMAL PERIOD 1981 TO 2010
CLIMATE RECORD PERIOD 1872 TO 2015


WEATHER ITEM   OBSERVED TIME   RECORD YEAR NORMAL DEPARTURE LAST
                VALUE   (LST)  VALUE       VALUE  FROM      YEAR
                                                  NORMAL
..................................................................
TEMPERATURE (F)
 TODAY
  MAXIMUM         48   1214 AM  91    2002  77    -29       71
                                      1994
  MINIMUM         40    433 AM  32    1883  47     -7       54
  AVERAGE         44                        62    -18       63

PRECIPITATION (IN)
  TODAY            0.00          1.65 1879   0.08  -0.08     0.04
  MONTH TO DATE    3.74                      2.04   1.70     3.50
  SINCE MAR 1      7.18                      4.67   2.51     5.57
  SINCE JAN 1      8.81                      5.45   3.36     6.70

..................................................................


WIND (MPH)
  HIGHEST WIND SPEED    12   HIGHEST WIND DIRECTION    SE (140)
  HIGHEST GUST SPEED    13   HIGHEST GUST DIRECTION    SE (140)
  AVERAGE WIND SPEED     7.3




RELATIVE HUMIDITY (PERCENT)
 HIGHEST    93           100 AM
 LOWEST     86          1200 AM
 AVERAGE    90

..........................................................


THE DENVER CO CLIMATE NORMALS FOR TOMORROW
                         NORMAL    RECORD    YEAR
 MAXIMUM TEMPERATURE (F)   77        93      2002
 MINIMUM TEMPERATURE (F)   48        33      1892


SUNRISE AND SUNSET
MAY 30 2015...........SUNRISE   534 AM MST   SUNSET   819 PM MST
MAY 31 2015...........SUNRISE   533 AM MST   SUNSET   819 PM MST


-  INDICATES NEGATIVE NUMBERS.
R  INDICATES RECORD WAS SET OR TIED.
MM INDICATES DATA IS MISSING.
T  INDICATES TRACE AMOUNT.




$$
