000
CDUS45 KBOU 192324
CLIDEN


CLIMATE REPORT
NATIONAL WEATHER SERVICE DENVER/BOULDER CO
423 PM MST THU JAN 19 2017


...................................

...THE DENVER CO CLIMATE SUMMARY FOR JANUARY 19 2017...
VALID TODAY AS OF 0400 PM LOCAL TIME.

CLIMATE NORMAL PERIOD 1981 TO 2010
CLIMATE RECORD PERIOD 1872 TO 2017


WEATHER ITEM   OBSERVED TIME   RECORD YEAR NORMAL DEPARTURE LAST
                VALUE   (LST)  VALUE       VALUE  FROM      YEAR
                                                  NORMAL
..................................................................
TEMPERATURE (F)
 TODAY
  MAXIMUM         54    157 PM  68    1986  44     10       40
                                      1920
  MINIMUM         22    522 AM -20    1883  17      5       26
  AVERAGE         38                        31      7       33

PRECIPITATION (IN)
  TODAY            0.00          0.63 1990   0.01  -0.01     0.01
  MONTH TO DATE    0.54                      0.25   0.29     0.40
  SINCE DEC 1      1.32                      0.60   0.72     1.11
  SINCE JAN 1      0.54                      0.25   0.29     0.40

DEGREE DAYS
 HEATING
  TODAY           27                        34     -7       32
  MONTH TO DATE  702                       651     51      687
  SINCE DEC 1   1848                      1737    111     1784
  SINCE JUL 1   2744                      3119   -375     2874

 COOLING
  TODAY            0                         0      0        0
  MONTH TO DATE    0                         0      0        0
  SINCE DEC 1      0                         0      0        0
  SINCE JAN 1      0                         0      0        0
..................................................................


WIND (MPH)
  HIGHEST WIND SPEED    13   HIGHEST WIND DIRECTION     E (80)
  HIGHEST GUST SPEED    15   HIGHEST GUST DIRECTION    SW (220)
  AVERAGE WIND SPEED     9.0


SKY COVER **
  POSSIBLE SUNSHINE  MM
  AVERAGE SKY COVER 0.1


WEATHER CONDITIONS
 THE FOLLOWING WEATHER WAS RECORDED TODAY.
  NO SIGNIFICANT WEATHER WAS OBSERVED.


RELATIVE HUMIDITY (PERCENT)
 HIGHEST    68           600 AM
 LOWEST     22           100 PM
 AVERAGE    45

..........................................................


THE DENVER CO CLIMATE NORMALS FOR TOMORROW
                         NORMAL    RECORD    YEAR
 MAXIMUM TEMPERATURE (F)   44        70      2005
 MINIMUM TEMPERATURE (F)   17       -18      1883


SUNRISE AND SUNSET
JANUARY 19 2017.......SUNRISE   716 AM MST   SUNSET   503 PM MST
JANUARY 20 2017.......SUNRISE   716 AM MST   SUNSET   504 PM MST


-  INDICATES NEGATIVE NUMBERS.
R  INDICATES RECORD WAS SET OR TIED.
MM INDICATES DATA IS MISSING.
T  INDICATES TRACE AMOUNT.




$$
