000
CDUS45 KBOU 020753
CLIDEN


CLIMATE REPORT
NATIONAL WEATHER SERVICE DENVER CO
153 AM MDT SAT AUG 2 2014


...................................

...THE DENVER CO CLIMATE SUMMARY FOR AUGUST 1 2014...

CLIMATE NORMAL PERIOD 1981 TO 2010
CLIMATE RECORD PERIOD 1872 TO 2014


WEATHER ITEM   OBSERVED TIME   RECORD YEAR NORMAL DEPARTURE LAST
                VALUE   (LST)  VALUE       VALUE  FROM      YEAR
                                                  NORMAL
..................................................................
TEMPERATURE (F)
 YESTERDAY
  MAXIMUM         80    353 PM 104    2008  90    -10       95
  MINIMUM         55    440 AM  42    1995  60     -5       62
  AVERAGE         68                        75     -7       79

PRECIPITATION (IN)
  YESTERDAY        0.00          1.71 1976   0.07  -0.07     0.00
  MONTH TO DATE    0.00                      0.07  -0.07     0.00
  SINCE JUN 1      5.67                      4.21   1.46     2.73
  SINCE JAN 1     12.38                      9.74   2.64     7.97

SNOWFALL (IN)
  YESTERDAY        0.0
  MONTH TO DATE      0
  SINCE JUN 1        0
  SINCE JUL 1        0
  SNOW DEPTH       0


DEGREE DAYS
 HEATING
  YESTERDAY        0                         0      0        0
  MONTH TO DATE    0                         0      0        0
  SINCE JUN 1     35                        68    -33       29
  SINCE JUL 1      5                         6     -1        0

 COOLING
  YESTERDAY        3                        10     -7       14
  MONTH TO DATE    3                        10     -7       14
  SINCE JUN 1    413                       432    -19      530
  SINCE JAN 1    434                       454    -20      572
..................................................................


WIND (MPH)
  HIGHEST WIND SPEED    17   HIGHEST WIND DIRECTION     S (200)
  HIGHEST GUST SPEED    21   HIGHEST GUST DIRECTION     S (190)
  AVERAGE WIND SPEED     8.5


SKY COVER **
  POSSIBLE SUNSHINE  MM
  AVERAGE SKY COVER 0.5


WEATHER CONDITIONS
 THE FOLLOWING WEATHER WAS RECORDED YESTERDAY.
  NO SIGNIFICANT WEATHER WAS OBSERVED.


RELATIVE HUMIDITY (PERCENT)
 HIGHEST    86           500 AM
 LOWEST     23           300 PM
 AVERAGE    55

..........................................................


THE DENVER CO CLIMATE NORMALS FOR TODAY
                         NORMAL    RECORD    YEAR
 MAXIMUM TEMPERATURE (F)   89       103      2008
 MINIMUM TEMPERATURE (F)   60        50      1891


SUNRISE AND SUNSET
AUGUST  2 2014........SUNRISE   558 AM MDT   SUNSET   812 PM MDT
AUGUST  3 2014........SUNRISE   559 AM MDT   SUNSET   811 PM MDT


-  INDICATES NEGATIVE NUMBERS.
R  INDICATES RECORD WAS SET OR TIED.
MM INDICATES DATA IS MISSING.
T  INDICATES TRACE AMOUNT.

&&

** SUNSHINE DATA WILL NO LONGER BE AVAILABLE EFFECTIVE OCTOBER 1ST 2009.




$$
