000
CDUS45 KBOU 240758
CLIDEN


CLIMATE REPORT
NATIONAL WEATHER SERVICE DENVER CO
157 AM MDT THU APR 24 2014


...................................

...THE DENVER CO CLIMATE SUMMARY FOR APRIL 23 2014...

CLIMATE NORMAL PERIOD 1981 TO 2010
CLIMATE RECORD PERIOD 1872 TO 2014


WEATHER ITEM   OBSERVED TIME   RECORD YEAR NORMAL DEPARTURE LAST
                VALUE   (LST)  VALUE       VALUE  FROM      YEAR
                                                  NORMAL
..................................................................
TEMPERATURE (F)
 YESTERDAY
  MAXIMUM         74   1222 PM  85    1989  63     11       30
  MINIMUM         40   1020 PM  17    1873  35      5       19
  AVERAGE         57                        49      8       25

PRECIPITATION (IN)
  YESTERDAY        0.19          2.26 1885   0.07   0.12     0.14
  MONTH TO DATE    0.95                      1.22  -0.27     1.87
  SINCE MAR 1      1.78                      2.14  -0.36     3.34
  SINCE JAN 1      2.91                      2.92  -0.01     4.42

SNOWFALL (IN)
  YESTERDAY        0.0
  MONTH TO DATE    5.6
  SINCE MAR 1     11.6
  SINCE JUL 1     37.3
  SNOW DEPTH       0


DEGREE DAYS
 HEATING
  YESTERDAY        8                        16     -8       40
  MONTH TO DATE  356                       426    -70      609
  SINCE MAR 1   1095                      1189    -94     1449
  SINCE JUL 1   5614                      5628    -14     5721

 COOLING
  YESTERDAY        0                         0      0        0
  MONTH TO DATE    0                         0      0        0
  SINCE MAR 1      0                         0      0        0
  SINCE JAN 1      0                         0      0        0
..................................................................


WIND (MPH)
  HIGHEST WIND SPEED    37   HIGHEST WIND DIRECTION    NE (60)
  HIGHEST GUST SPEED    43   HIGHEST GUST DIRECTION     E (70)
  AVERAGE WIND SPEED    15.1


SKY COVER **
  POSSIBLE SUNSHINE  MM
  AVERAGE SKY COVER 0.7


WEATHER CONDITIONS
 THE FOLLOWING WEATHER WAS RECORDED YESTERDAY.
  THUNDERSTORM
  RAIN
  LIGHT RAIN
  HAIL
  FOG


RELATIVE HUMIDITY (PERCENT)
 HIGHEST    89           800 PM
 LOWEST     20          1100 AM
 AVERAGE    55

..........................................................


THE DENVER CO CLIMATE NORMALS FOR TODAY
                         NORMAL    RECORD    YEAR
 MAXIMUM TEMPERATURE (F)   64        88      2012
 MINIMUM TEMPERATURE (F)   35        15      1873


SUNRISE AND SUNSET
APRIL 24 2014.........SUNRISE   608 AM MDT   SUNSET   745 PM MDT
APRIL 25 2014.........SUNRISE   607 AM MDT   SUNSET   746 PM MDT


-  INDICATES NEGATIVE NUMBERS.
R  INDICATES RECORD WAS SET OR TIED.
MM INDICATES DATA IS MISSING.
T  INDICATES TRACE AMOUNT.

&&

** SUNSHINE DATA WILL NO LONGER BE AVAILABLE EFFECTIVE OCTOBER 1ST 2009.




$$
