000
CDUS45 KBOU 221240
CLIDEN


CLIMATE REPORT
NATIONAL WEATHER SERVICE DENVER CO
640 AM MDT TUE JUL 22 2014


...................................

...THE DENVER CO CLIMATE SUMMARY FOR JULY 22 2014...
VALID AS OF 0600 AM LOCAL TIME.

CLIMATE NORMAL PERIOD 1981 TO 2010
CLIMATE RECORD PERIOD 1872 TO 2014


WEATHER ITEM   OBSERVED TIME   RECORD YEAR NORMAL DEPARTURE LAST
                VALUE   (LST)  VALUE       VALUE  FROM      YEAR
                                                  NORMAL
..................................................................
TEMPERATURE (F)
 TODAY
  MAXIMUM         72   1202 AM 102    2005  90    -18       94
  MINIMUM         60    429 AM  49    1990  60      0       63
                                      1961
  AVERAGE         66                        75     -9       79

PRECIPITATION (IN)
  TODAY            0.00          1.53 1895   0.09  -0.09     0.00
  MONTH TO DATE    0.92                      1.45  -0.53     1.48
  SINCE JUN 1      2.74                      3.43  -0.69     2.23
  SINCE JAN 1      9.45                      8.96   0.49     7.47

..................................................................


WIND (MPH)
  HIGHEST WIND SPEED    15   HIGHEST WIND DIRECTION    SW (240)
  HIGHEST GUST SPEED    17   HIGHEST GUST DIRECTION    SW (240)
  AVERAGE WIND SPEED     9.0




RELATIVE HUMIDITY (PERCENT)
 HIGHEST    48           200 AM
 LOWEST     41           100 AM
 AVERAGE    45

..........................................................


THE DENVER CO CLIMATE NORMALS FOR TOMORROW
                         NORMAL    RECORD    YEAR
 MAXIMUM TEMPERATURE (F)   90       102      2005
 MINIMUM TEMPERATURE (F)   60        49      1961


SUNRISE AND SUNSET
JULY 22 2014..........SUNRISE   549 AM MDT   SUNSET   822 PM MDT
JULY 23 2014..........SUNRISE   549 AM MDT   SUNSET   821 PM MDT


-  INDICATES NEGATIVE NUMBERS.
R  INDICATES RECORD WAS SET OR TIED.
MM INDICATES DATA IS MISSING.
T  INDICATES TRACE AMOUNT.




$$
