907
CDUS45 KBOU 220737
CLIDEN


CLIMATE REPORT
NATIONAL WEATHER SERVICE DENVER/BOULDER CO
1236 AM MST MON JAN 22 2018


...................................

...THE DENVER CO CLIMATE SUMMARY FOR JANUARY 21 2018...

CLIMATE NORMAL PERIOD 1981 TO 2010
CLIMATE RECORD PERIOD 1872 TO 2018


WEATHER ITEM   OBSERVED TIME   RECORD YEAR NORMAL DEPARTURE LAST
                VALUE   (LST)  VALUE       VALUE  FROM      YEAR
                                                  NORMAL
..................................................................
TEMPERATURE (F)
 YESTERDAY
  MAXIMUM         28   1248 AM  71    2009  44    -16       42
  MINIMUM         23    833 PM -15    1930  17      6       19
  AVERAGE         26                        31     -5       31

PRECIPITATION (IN)
  YESTERDAY        0.30          0.46 1974   0.02   0.28     0.00
  MONTH TO DATE    0.54                      0.28   0.26     0.54
  SINCE DEC 1      0.75                      0.63   0.12     1.32
  SINCE JAN 1      0.54                      0.28   0.26     0.54

SNOWFALL (IN)
  YESTERDAY        5.7
  MONTH TO DATE    6.4
  SINCE DEC 1     10.4
  SINCE JUL 1     13.2
  SNOW DEPTH       1

DEGREE DAYS
 HEATING
  YESTERDAY       39                        34      5       34
  MONTH TO DATE  635                       719    -84      765
  SINCE DEC 1   1614                      1805   -191     1911
  SINCE JUL 1   2785                      3187   -402     2807

 COOLING
  YESTERDAY        0                         0      0        0
  MONTH TO DATE    0                         0      0        0
  SINCE DEC 1      0                         0      0        0
  SINCE JAN 1      0                         0      0        0
..................................................................


WIND (MPH)
  HIGHEST WIND SPEED    32   HIGHEST WIND DIRECTION     N (360)
  HIGHEST GUST SPEED    38   HIGHEST GUST DIRECTION     N (360)
  AVERAGE WIND SPEED    18.8


SKY COVER
  POSSIBLE SUNSHINE  MM
  AVERAGE SKY COVER 1.0


WEATHER CONDITIONS
 THE FOLLOWING WEATHER WAS RECORDED YESTERDAY.
  LT FREEZING RAIN
  HEAVY SNOW
  SNOW
  LIGHT SNOW
  FOG
  FOG W/VISIBILITY <= 1/4 MILE
  HAZE
  BLOWING SNOW


RELATIVE HUMIDITY (PERCENT)
 HIGHEST    92           100 AM
 LOWEST     62           900 PM
 AVERAGE    77

..........................................................


THE DENVER CO CLIMATE NORMALS FOR TODAY
                         NORMAL    RECORD    YEAR
 MAXIMUM TEMPERATURE (F)   44        68      1981
 MINIMUM TEMPERATURE (F)   17       -14      1962


SUNRISE AND SUNSET
JANUARY 22 2018.......SUNRISE   715 AM MST   SUNSET   506 PM MST
JANUARY 23 2018.......SUNRISE   714 AM MST   SUNSET   507 PM MST


-  INDICATES NEGATIVE NUMBERS.
R  INDICATES RECORD WAS SET OR TIED.
MM INDICATES DATA IS MISSING.
T  INDICATES TRACE AMOUNT.




$$
