000
CDUS45 KBOU 220757
CLIDEN


CLIMATE REPORT
NATIONAL WEATHER SERVICE DENVER/BOULDER CO
156 AM MDT TUE AUG 22 2017


...................................

...THE DENVER CO CLIMATE SUMMARY FOR AUGUST 21 2017...

CLIMATE NORMAL PERIOD 1981 TO 2010
CLIMATE RECORD PERIOD 1872 TO 2017


WEATHER ITEM   OBSERVED TIME   RECORD YEAR NORMAL DEPARTURE LAST
                VALUE   (LST)  VALUE       VALUE  FROM      YEAR
                                                  NORMAL
..................................................................
TEMPERATURE (F)
 YESTERDAY
  MAXIMUM         87    324 PM  97    2007  87      0       91
                                      1960
                                      1903
  MINIMUM         61   1109 PM  45    1974  57      4       51
  AVERAGE         74                        72      2       71

PRECIPITATION (IN)
  YESTERDAY        0.00          0.99 1958   0.04  -0.04     0.00
  MONTH TO DATE    1.86                      1.29   0.57     0.05
  SINCE JUN 1      2.66                      5.43  -2.77     2.74
  SINCE JAN 1      8.97                     10.96  -1.99     9.84

SNOWFALL (IN)
  YESTERDAY        0.0
  MONTH TO DATE      0
  SINCE JUN 1        0
  SINCE JUL 1        0
  SNOW DEPTH       0


DEGREE DAYS
 HEATING
  YESTERDAY        0                         0      0        0
  MONTH TO DATE    8                         0      8        3
  SINCE JUN 1     33                        68    -35        7
  SINCE JUL 1      8                         6      2        3

 COOLING
  YESTERDAY        9                         7      2        6
  MONTH TO DATE  121                       183    -62      176
  SINCE JUN 1    648                       605     43      717
  SINCE JAN 1    654                       627     27      720
..................................................................


WIND (MPH)
  HIGHEST WIND SPEED    21   HIGHEST WIND DIRECTION     N (360)
  HIGHEST GUST SPEED    30   HIGHEST GUST DIRECTION     N (10)
  AVERAGE WIND SPEED    10.8


SKY COVER **
  POSSIBLE SUNSHINE  MM
  AVERAGE SKY COVER 0.5


WEATHER CONDITIONS
 THE FOLLOWING WEATHER WAS RECORDED YESTERDAY.
  NO SIGNIFICANT WEATHER WAS OBSERVED.


RELATIVE HUMIDITY (PERCENT)
 HIGHEST    60           900 PM
 LOWEST     18           300 PM
 AVERAGE    39

..........................................................


THE DENVER CO CLIMATE NORMALS FOR TODAY
                         NORMAL    RECORD    YEAR
 MAXIMUM TEMPERATURE (F)   86        98      1960
 MINIMUM TEMPERATURE (F)   57        40      1904


SUNRISE AND SUNSET
AUGUST 22 2017........SUNRISE   618 AM MDT   SUNSET   745 PM MDT
AUGUST 23 2017........SUNRISE   619 AM MDT   SUNSET   744 PM MDT


-  INDICATES NEGATIVE NUMBERS.
R  INDICATES RECORD WAS SET OR TIED.
MM INDICATES DATA IS MISSING.
T  INDICATES TRACE AMOUNT.

&&

** SUNSHINE DATA WILL NO LONGER BE AVAILABLE EFFECTIVE OCTOBER 1ST 2009.




$$
