000
CDUS44 KSHV 220740
CLIDEQ


CLIMATE REPORT
NATIONAL WEATHER SERVICE SHREVEPORT, LA
237 AM CDT MON SEP 22 2014


...................................

...THE DE QUEEN CLIMATE SUMMARY FOR SEPTEMBER 21 2014...

CLIMATE NORMAL PERIOD 1981 TO 2010
CLIMATE RECORD PERIOD 1902 TO 2014


WEATHER ITEM   OBSERVED TIME   RECORD YEAR NORMAL DEPARTURE LAST
                VALUE   (LST)  VALUE       VALUE  FROM      YEAR
                                                  NORMAL
..................................................................
TEMPERATURE (F)
 YESTERDAY
  MAXIMUM         91    126 PM 101    2005  84      7       83
  MINIMUM         65    639 AM  43    1981  59      6       55
  AVERAGE         78                        72      6       69

PRECIPITATION (IN)
  YESTERDAY        0.00          2.17 1979   0.11  -0.11     0.00
  MONTH TO DATE    7.09                      2.53   4.56     4.88
  SINCE DEC 1     35.37                     38.48  -3.11    29.23
  SINCE JAN 1     33.44                     34.12  -0.68    25.18

SNOWFALL (IN)
  YESTERDAY        0.0
  MONTH TO DATE    0.0
  SINCE SEP 1      0.0
  SINCE JUL 1      0.0
  SNOW DEPTH       0

DEGREE DAYS
 HEATING
  YESTERDAY        0                         0      0        0
  MONTH TO DATE    1                         0      1        0
  SINCE SEP 1      1                         0      1        0
  SINCE JUL 1      1                         0      1        0

 COOLING
  YESTERDAY       13                         7      6        4
  MONTH TO DATE  259                       225     34      305
  SINCE SEP 1    259                       225     34      305
  SINCE JAN 1   1589                      1817   -228     1868
..................................................................


WIND (MPH)
  HIGHEST WIND SPEED    12   HIGHEST WIND DIRECTION     N (340)
  HIGHEST GUST SPEED    16   HIGHEST GUST DIRECTION     N (340)
  AVERAGE WIND SPEED     2.3


SKY COVER
  POSSIBLE SUNSHINE  MM
  AVERAGE SKY COVER 0.5


WEATHER CONDITIONS
 THE FOLLOWING WEATHER WAS RECORDED YESTERDAY.
  FOG
  FOG W/VISIBILITY <= 1/4 MILE


RELATIVE HUMIDITY (PERCENT)
 HIGHEST   100          1200 AM
 LOWEST     55          1200 PM
 AVERAGE    78

..........................................................


THE DE QUEEN CLIMATE NORMALS FOR TODAY
                         NORMAL    RECORD    YEAR
 MAXIMUM TEMPERATURE (F)   84        99      2005
 MINIMUM TEMPERATURE (F)   59        38      1983


SUNRISE AND SUNSET
SEPTEMBER 22 2014.....SUNRISE   706 AM CDT   SUNSET   714 PM CDT
SEPTEMBER 23 2014.....SUNRISE   706 AM CDT   SUNSET   713 PM CDT


-  INDICATES NEGATIVE NUMBERS.
R  INDICATES RECORD WAS SET OR TIED.
MM INDICATES DATA IS MISSING.
T  INDICATES TRACE AMOUNT.




$$
