000
CDUS44 KSHV 260748
CLIDEQ


CLIMATE REPORT
NATIONAL WEATHER SERVICE SHREVEPORT, LA
248 AM CDT THU MAY 26 2016


...................................

...THE DE QUEEN CLIMATE SUMMARY FOR MAY 25 2016...

CLIMATE NORMAL PERIOD 1981 TO 2010
CLIMATE RECORD PERIOD 1902 TO 2016


WEATHER ITEM   OBSERVED TIME   RECORD YEAR NORMAL DEPARTURE LAST
                VALUE   (LST)  VALUE       VALUE  FROM      YEAR
                                                  NORMAL
..................................................................
TEMPERATURE (F)
 YESTERDAY
  MAXIMUM         89    341 PM  93    1964  83      6       MM
  MINIMUM         75    648 AM  47    1979  61     14       MM
  AVERAGE         82                        72     10       MM

PRECIPITATION (IN)
  YESTERDAY        0.00          2.96 1969   0.11  -0.11     0.94
  MONTH TO DATE    1.27                      4.76  -3.49    11.79
  SINCE DEC 1     28.75                     24.69   4.06    29.73
  SINCE JAN 1     18.47                     20.33  -1.86    28.01

SNOWFALL (IN)
  YESTERDAY        0.0
  MONTH TO DATE    0.0
  SINCE MAR 1      0.0
  SINCE JUL 1      0.0
  SNOW DEPTH       0

DEGREE DAYS
 HEATING
  YESTERDAY        0                         0      0       MM
  MONTH TO DATE   27                        21      6       10
  SINCE MAR 1    370                       551   -181      455
  SINCE JUL 1   2322                      3042   -720     3107

 COOLING
  YESTERDAY       17                         7     10       MM
  MONTH TO DATE   93                       121    -28      132
  SINCE MAR 1    143                       166    -23      180
  SINCE JAN 1    143                       168    -25      180
..................................................................


WIND (MPH)
  HIGHEST WIND SPEED    15   HIGHEST WIND DIRECTION     S (190)
  HIGHEST GUST SPEED    20   HIGHEST GUST DIRECTION     S (170)
  AVERAGE WIND SPEED     6.2


SKY COVER
  POSSIBLE SUNSHINE  MM
  AVERAGE SKY COVER 0.7


WEATHER CONDITIONS
 THE FOLLOWING WEATHER WAS RECORDED YESTERDAY.
  NO SIGNIFICANT WEATHER WAS OBSERVED.


RELATIVE HUMIDITY (PERCENT)
 HIGHEST    94           500 AM
 LOWEST     59           300 PM
 AVERAGE    77

..........................................................


THE DE QUEEN CLIMATE NORMALS FOR TODAY
                         NORMAL    RECORD    YEAR
 MAXIMUM TEMPERATURE (F)   83        92      1996
 MINIMUM TEMPERATURE (F)   62        45      1988


SUNRISE AND SUNSET
MAY 26 2016...........SUNRISE   609 AM CDT   SUNSET   820 PM CDT
MAY 27 2016...........SUNRISE   609 AM CDT   SUNSET   821 PM CDT


-  INDICATES NEGATIVE NUMBERS.
R  INDICATES RECORD WAS SET OR TIED.
MM INDICATES DATA IS MISSING.
T  INDICATES TRACE AMOUNT.




$$
