117
CDUS44 KSHV 050731
CLIDEQ


CLIMATE REPORT
NATIONAL WEATHER SERVICE SHREVEPORT, LA
231 AM CDT THU MAY 5 2016


...................................

...THE DE QUEEN CLIMATE SUMMARY FOR MAY 4 2016...

CLIMATE NORMAL PERIOD 1981 TO 2010
CLIMATE RECORD PERIOD 1902 TO 2016


WEATHER ITEM   OBSERVED TIME   RECORD YEAR NORMAL DEPARTURE LAST
                VALUE   (LST)  VALUE       VALUE  FROM      YEAR
                                                  NORMAL
..................................................................
TEMPERATURE (F)
 YESTERDAY
  MAXIMUM         81    401 PM  89    2014  78      3       82
                                      1952
  MINIMUM         45    543 AM  33    2013  55    -10       56
  AVERAGE         63                        67     -4       69

PRECIPITATION (IN)
  YESTERDAY        0.00          4.15 1974   0.23  -0.23     0.00
  MONTH TO DATE    0.30                      0.93  -0.63     0.00
  SINCE DEC 1     27.78                     20.86   6.92    17.94
  SINCE JAN 1     17.50                     16.50   1.00    16.22

SNOWFALL (IN)
  YESTERDAY        0.0
  MONTH TO DATE    0.0
  SINCE MAR 1      0.0
  SINCE JUL 1      0.0
  SNOW DEPTH       0

DEGREE DAYS
 HEATING
  YESTERDAY        2                         2      0        0
  MONTH TO DATE   15                         8      7        2
  SINCE MAR 1    358                       538   -180      447
  SINCE JUL 1   2310                      3029   -719     3099

 COOLING
  YESTERDAY        0                         3     -3        4
  MONTH TO DATE    3                        12     -9        7
  SINCE MAR 1     53                        57     -4       55
  SINCE JAN 1     53                        59     -6       55
..................................................................


WIND (MPH)
  HIGHEST WIND SPEED    18   HIGHEST WIND DIRECTION    NW (310)
  HIGHEST GUST SPEED    28   HIGHEST GUST DIRECTION    NW (330)
  AVERAGE WIND SPEED     5.4


SKY COVER
  POSSIBLE SUNSHINE  MM
  AVERAGE SKY COVER 0.0


WEATHER CONDITIONS
 THE FOLLOWING WEATHER WAS RECORDED YESTERDAY.
  FOG


RELATIVE HUMIDITY (PERCENT)
 HIGHEST   100           100 AM
 LOWEST     33           700 PM
 AVERAGE    67

..........................................................


THE DE QUEEN CLIMATE NORMALS FOR TODAY
                         NORMAL    RECORD    YEAR
 MAXIMUM TEMPERATURE (F)   78        92      1955
 MINIMUM TEMPERATURE (F)   55        37      2013


SUNRISE AND SUNSET
MAY  5 2016...........SUNRISE   624 AM CDT   SUNSET   805 PM CDT
MAY  6 2016...........SUNRISE   623 AM CDT   SUNSET   806 PM CDT


-  INDICATES NEGATIVE NUMBERS.
R  INDICATES RECORD WAS SET OR TIED.
MM INDICATES DATA IS MISSING.
T  INDICATES TRACE AMOUNT.




$$
