085
CDUS44 KSHV 180743
CLIDEQ


CLIMATE REPORT
NATIONAL WEATHER SERVICE SHREVEPORT, LA
242 AM CDT FRI AUG 18 2017


...................................

...THE DE QUEEN CLIMATE SUMMARY FOR AUGUST 17 2017...

CLIMATE NORMAL PERIOD 1981 TO 2010
CLIMATE RECORD PERIOD 1902 TO 2017


WEATHER ITEM   OBSERVED TIME   RECORD YEAR NORMAL DEPARTURE LAST
                VALUE   (LST)  VALUE       VALUE  FROM      YEAR
                                                  NORMAL
..................................................................
TEMPERATURE (F)
 YESTERDAY
  MAXIMUM         84    511 PM 106    2011  94    -10       81
                                      1956
  MINIMUM         70    614 AM  54    1992  69      1       73
  AVERAGE         77                        82     -5       77

PRECIPITATION (IN)
  YESTERDAY        0.74          1.97 1961   0.06   0.68     0.02
  MONTH TO DATE    7.47                      1.16   6.31     3.37
  SINCE DEC 1     35.95                     34.94   1.01    37.07
  SINCE JAN 1     33.24                     30.58   2.66    26.79

SNOWFALL (IN)
  YESTERDAY        0.0
  MONTH TO DATE    0.0
  SINCE JUN 1      0.0
  SINCE JUL 1      0.0
  SNOW DEPTH       0

DEGREE DAYS
 HEATING
  YESTERDAY        0                         0      0        0
  MONTH TO DATE    0                         0      0        0
  SINCE JUN 1      0                         0      0        0
  SINCE JUL 1      0                         0      0        0

 COOLING
  YESTERDAY       12                        17     -5       12
  MONTH TO DATE  238                       285    -47      304
  SINCE JUN 1   1149                      1160    -11     1329
  SINCE JAN 1   1429                      1377     52     1526
..................................................................


WIND (MPH)
  HIGHEST WIND SPEED    21   HIGHEST WIND DIRECTION    NW (310)
  HIGHEST GUST SPEED    30   HIGHEST GUST DIRECTION    NW (310)
  AVERAGE WIND SPEED     4.5


SKY COVER
  POSSIBLE SUNSHINE  MM
  AVERAGE SKY COVER 0.7


WEATHER CONDITIONS
 THE FOLLOWING WEATHER WAS RECORDED YESTERDAY.
  THUNDERSTORM
  HEAVY RAIN
  RAIN
  LIGHT RAIN
  FOG


RELATIVE HUMIDITY (PERCENT)
 HIGHEST   100           700 AM
 LOWEST     79           300 PM
 AVERAGE    90

..........................................................


THE DE QUEEN CLIMATE NORMALS FOR TODAY
                         NORMAL    RECORD    YEAR
 MAXIMUM TEMPERATURE (F)   94       105      1954
 MINIMUM TEMPERATURE (F)   69        55      1992


SUNRISE AND SUNSET
AUGUST 18 2017........SUNRISE   641 AM CDT   SUNSET   801 PM CDT
AUGUST 19 2017........SUNRISE   642 AM CDT   SUNSET   759 PM CDT


-  INDICATES NEGATIVE NUMBERS.
R  INDICATES RECORD WAS SET OR TIED.
MM INDICATES DATA IS MISSING.
T  INDICATES TRACE AMOUNT.




$$
