000
CDUS44 KSHV 220732
CLIDEQ


CLIMATE REPORT
NATIONAL WEATHER SERVICE SHREVEPORT, LA
232 AM CDT FRI MAY 22 2015


...................................

...THE DE QUEEN CLIMATE SUMMARY FOR MAY 21 2015...

CLIMATE NORMAL PERIOD 1981 TO 2010
CLIMATE RECORD PERIOD 1902 TO 2015


WEATHER ITEM   OBSERVED TIME   RECORD YEAR NORMAL DEPARTURE LAST
                VALUE   (LST)  VALUE       VALUE  FROM      YEAR
                                                  NORMAL
..................................................................
TEMPERATURE (F)
 YESTERDAY
  MAXIMUM         71    535 PM  91    2005  82    -11       84
                                      1964
  MINIMUM         54   1159 PM  43    1981  60     -6       59
  AVERAGE         63                        71     -8       72

PRECIPITATION (IN)
  YESTERDAY        T             2.05 1985   0.14  -0.14     0.00
  MONTH TO DATE    4.86                      4.21   0.65     5.04
  SINCE DEC 1     22.80                     24.14  -1.34    15.37
  SINCE JAN 1     21.08                     19.78   1.30    13.44

SNOWFALL (IN)
  YESTERDAY        0.0
  MONTH TO DATE    0.0
  SINCE MAR 1      2.6
  SINCE JUL 1      7.9
  SNOW DEPTH       0

DEGREE DAYS
 HEATING
  YESTERDAY        2                         0      2        0
  MONTH TO DATE    6                        21    -15       51
  SINCE MAR 1    451                       551   -100      692
  SINCE JUL 1   3103                      3042     61     3464

 COOLING
  YESTERDAY        0                         6     -6        7
  MONTH TO DATE  115                        93     22       85
  SINCE MAR 1    163                       138     25      123
  SINCE JAN 1    163                       140     23      123
..................................................................


WIND (MPH)
  HIGHEST WIND SPEED    14   HIGHEST WIND DIRECTION    NE (60)
  HIGHEST GUST SPEED    19   HIGHEST GUST DIRECTION    NE (50)
  AVERAGE WIND SPEED     4.3


SKY COVER
  POSSIBLE SUNSHINE  MM
  AVERAGE SKY COVER 0.7


WEATHER CONDITIONS
 THE FOLLOWING WEATHER WAS RECORDED YESTERDAY.
  THUNDERSTORM
  LIGHT RAIN
  FOG


RELATIVE HUMIDITY (PERCENT)
 HIGHEST   100          1100 PM
 LOWEST     61           500 PM
 AVERAGE    81

..........................................................


THE DE QUEEN CLIMATE NORMALS FOR TODAY
                         NORMAL    RECORD    YEAR
 MAXIMUM TEMPERATURE (F)   82        93      2005
 MINIMUM TEMPERATURE (F)   61        44      1981


SUNRISE AND SUNSET
MAY 22 2015...........SUNRISE   612 AM CDT   SUNSET   817 PM CDT
MAY 23 2015...........SUNRISE   611 AM CDT   SUNSET   818 PM CDT


-  INDICATES NEGATIVE NUMBERS.
R  INDICATES RECORD WAS SET OR TIED.
MM INDICATES DATA IS MISSING.
T  INDICATES TRACE AMOUNT.




$$
